002
CDUS42 KCAE 130539
CLICAE


CLIMATE REPORT
NATIONAL WEATHER SERVICE COLUMBIA SC
1238 AM EST SAT FEB 13 2016


...................................

...THE COLUMBIA METRO AIRPORT SC CLIMATE SUMMARY FOR FEBRUARY 12 2016...

CLIMATE NORMAL PERIOD 1981 TO 2010
CLIMATE RECORD PERIOD 1887 TO 2016


WEATHER ITEM   OBSERVED TIME   RECORD YEAR NORMAL DEPARTURE LAST
                VALUE   (LST)  VALUE       VALUE  FROM      YEAR
                                                  NORMAL
..................................................................
TEMPERATURE (F)
 YESTERDAY
  MAXIMUM         52    456 PM  77    1999  60     -8       64
                                      1984
                                      1975
  MINIMUM         33    300 AM   5    1973  36     -3       33
  AVERAGE         43                        48     -5       49

PRECIPITATION (IN)
  YESTERDAY        0.00          1.23 2014   0.12  -0.12     0.00
  MONTH TO DATE    1.73                      1.47   0.26     0.83
  SINCE DEC 1     10.12                      8.27   1.85     7.33
  SINCE JAN 1      3.67                      5.05  -1.38     3.43

SNOWFALL (IN)
  YESTERDAY        0.0          MM      MM   0.0             0.0
  MONTH TO DATE    T                         0.2             0.0
  SINCE DEC 1      T                         1.1             0.0
  SINCE JUL 1      T                         1.1              T

DEGREE DAYS
 HEATING
  YESTERDAY       22                        17      5       16
  MONTH TO DATE  206                       217    -11      211
  SINCE DEC 1   1038                      1412   -374     1289
  SINCE JUL 1   1308                      1853   -545     1794

 COOLING
  YESTERDAY        0                         0      0        0
  MONTH TO DATE    4                         0      4        0
  SINCE DEC 1     63                         4     59        0
  SINCE JAN 1      4                         1      3        0
..................................................................


WIND (MPH)
  HIGHEST WIND SPEED     9   HIGHEST WIND DIRECTION     N (20)
  HIGHEST GUST SPEED    12   HIGHEST GUST DIRECTION     E (70)
  AVERAGE WIND SPEED     3.7


SKY COVER
  AVERAGE SKY COVER 0.5


WEATHER CONDITIONS
 THE FOLLOWING WEATHER WAS RECORDED YESTERDAY.
  NO SIGNIFICANT WEATHER WAS OBSERVED.


RELATIVE HUMIDITY (PERCENT)
 HIGHEST    76           900 PM
 LOWEST     41           400 PM
 AVERAGE    59

..........................................................


THE COLUMBIA METRO AIRPORT SC CLIMATE NORMALS FOR TODAY
                         NORMAL    RECORD    YEAR
 MAXIMUM TEMPERATURE (F)   60        79      1976
 MINIMUM TEMPERATURE (F)   36         7      1899


SUNRISE AND SUNSET
FEBRUARY 13 2016......SUNRISE   712 AM EST   SUNSET   606 PM EST
FEBRUARY 14 2016......SUNRISE   711 AM EST   SUNSET   607 PM EST


-  INDICATES NEGATIVE NUMBERS.
R  INDICATES RECORD WAS SET OR TIED.
MM INDICATES DATA IS MISSING.
T  INDICATES TRACE AMOUNT.




$$
