000
CDUS42 KCAE 230626
CLICAE


CLIMATE REPORT
NATIONAL WEATHER SERVICE COLUMBIA SC
124 AM EST MON JAN 23 2017


...................................

...THE COLUMBIA METRO AIRPORT SC CLIMATE SUMMARY FOR JANUARY 22 2017...

CLIMATE NORMAL PERIOD 1981 TO 2010
CLIMATE RECORD PERIOD 1887 TO 2017


WEATHER ITEM   OBSERVED TIME   RECORD YEAR NORMAL DEPARTURE LAST
                VALUE   (LST)  VALUE       VALUE  FROM      YEAR
                                                  NORMAL
..................................................................
TEMPERATURE (F)
 YESTERDAY
  MAXIMUM         67    247 PM  78    1999  56     11       45
                                      1974
                                      1937
  MINIMUM         60   1159 PM   7    1985  34     26       32
  AVERAGE         64                        45     19       39

PRECIPITATION (IN)
  YESTERDAY        1.82R         1.77 1952   0.12   1.70     0.67
  MONTH TO DATE    6.92                      2.52   4.40     1.79
  SINCE DEC 1     10.27                      5.74   4.53     8.24
  SINCE JAN 1      6.92                      2.52   4.40     1.79

SNOWFALL (IN)
  YESTERDAY        0.0          MM      MM   0.0             0.0
  MONTH TO DATE    0.1                       0.6              T
  SINCE DEC 1      0.1                       0.7              T
  SINCE JUL 1      0.1                       0.7              T

DEGREE DAYS
 HEATING
  YESTERDAY        1                        20    -19       26
  MONTH TO DATE  223                       453   -230      464
  SINCE DEC 1    692                      1022   -330      664
  SINCE JUL 1    994                      1463   -469      934

 COOLING
  YESTERDAY        0                         0      0        0
  MONTH TO DATE    4                         0      4        0
  SINCE DEC 1      7                         3      4       59
  SINCE JAN 1      4                         0      4        0
..................................................................


WIND (MPH)
  HIGHEST WIND SPEED    23   HIGHEST WIND DIRECTION     E (100)
  HIGHEST GUST SPEED    29   HIGHEST GUST DIRECTION     E (100)
  AVERAGE WIND SPEED     8.4


SKY COVER
  AVERAGE SKY COVER 1.0


WEATHER CONDITIONS
 THE FOLLOWING WEATHER WAS RECORDED YESTERDAY.
  THUNDERSTORM
  HEAVY RAIN
  RAIN
  LIGHT RAIN
  FOG
  FOG W/VISIBILITY <= 1/4 MILE


RELATIVE HUMIDITY (PERCENT)
 HIGHEST    93           700 PM
 LOWEST     78          1200 PM
 AVERAGE    86

..........................................................


THE COLUMBIA METRO AIRPORT SC CLIMATE NORMALS FOR TODAY
                         NORMAL    RECORD    YEAR
 MAXIMUM TEMPERATURE (F)   56        79      1974
 MINIMUM TEMPERATURE (F)   34        13      1985


SUNRISE AND SUNSET
JANUARY 23 2017.......SUNRISE   727 AM EST   SUNSET   547 PM EST
JANUARY 24 2017.......SUNRISE   726 AM EST   SUNSET   548 PM EST


-  INDICATES NEGATIVE NUMBERS.
R  INDICATES RECORD WAS SET OR TIED.
MM INDICATES DATA IS MISSING.
T  INDICATES TRACE AMOUNT.




$$
