000
CDUS42 KCAE 252135
CLICAE


CLIMATE REPORT
NATIONAL WEATHER SERVICE COLUMBIA SC
534 PM EDT SUN JUN 25 2017


...................................

...THE COLUMBIA METRO AIRPORT SC CLIMATE SUMMARY FOR JUNE 25 2017...
VALID TODAY AS OF 0500 PM LOCAL TIME.

CLIMATE NORMAL PERIOD 1981 TO 2010
CLIMATE RECORD PERIOD 1887 TO 2017


WEATHER ITEM   OBSERVED TIME   RECORD YEAR NORMAL DEPARTURE LAST
                VALUE   (LST)  VALUE       VALUE  FROM      YEAR
                                                  NORMAL
..................................................................
TEMPERATURE (F)
 TODAY
  MAXIMUM         92    412 PM 103    1952  92      0       99
  MINIMUM         73    706 AM  54    1889  70      3       73
  AVERAGE         83                        81      2       86

PRECIPITATION (IN)
  TODAY            T             2.70 1923   0.16  -0.16     0.00
  MONTH TO DATE    4.28                      3.91   0.37     2.34
  SINCE JUN 1      4.28                      3.91   0.37     2.34
  SINCE JAN 1     28.56                     20.42   8.14    16.26

SNOWFALL (IN)
  TODAY            0.0          MM      MM   0.0             0.0
  MONTH TO DATE    0.0                       0.0             0.0
  SINCE JUN 1      0.0                       0.0             0.0
  SINCE JUL 1      0.1                       1.5              T

DEGREE DAYS
 HEATING
  TODAY            0                         0      0        0
  MONTH TO DATE    0                         0      0        0
  SINCE JUN 1      0                         0      0        0
  SINCE JUL 1   1665                      2551   -886     1791

 COOLING
  TODAY           18                        16      2       21
  MONTH TO DATE  385                       343     42      450
  SINCE JUN 1    385                       343     42      450
  SINCE JAN 1    914                       664    250      889
..................................................................


WIND (MPH)
  HIGHEST WIND SPEED    10   HIGHEST WIND DIRECTION     N (360)
  HIGHEST GUST SPEED    16   HIGHEST GUST DIRECTION     N (360)
  AVERAGE WIND SPEED     4.6


SKY COVER
  AVERAGE SKY COVER 0.7


WEATHER CONDITIONS
 THE FOLLOWING WEATHER WAS RECORDED TODAY.
  LIGHT RAIN


RELATIVE HUMIDITY (PERCENT)
 HIGHEST    87          1200 AM
 LOWEST     47           400 PM
 AVERAGE    67

..........................................................


THE COLUMBIA METRO AIRPORT SC CLIMATE NORMALS FOR TOMORROW
                         NORMAL    RECORD    YEAR
 MAXIMUM TEMPERATURE (F)   92       104      1952
 MINIMUM TEMPERATURE (F)   70        62      1984
                                             1979
                                             1940


SUNRISE AND SUNSET
JUNE 25 2017..........SUNRISE   615 AM EDT   SUNSET   839 PM EDT
JUNE 26 2017..........SUNRISE   615 AM EDT   SUNSET   840 PM EDT


-  INDICATES NEGATIVE NUMBERS.
R  INDICATES RECORD WAS SET OR TIED.
MM INDICATES DATA IS MISSING.
T  INDICATES TRACE AMOUNT.




$$
