000
CDUS42 KCAE 240538
CLICAE


CLIMATE REPORT
NATIONAL WEATHER SERVICE COLUMBIA SC
138 AM EDT SUN MAY 24 2015


...................................

...THE COLUMBIA METRO AIRPORT SC CLIMATE SUMMARY FOR MAY 23 2015...

CLIMATE NORMAL PERIOD 1981 TO 2010
CLIMATE RECORD PERIOD 1887 TO 2015


WEATHER ITEM   OBSERVED TIME   RECORD YEAR NORMAL DEPARTURE LAST
                VALUE   (LST)  VALUE       VALUE  FROM      YEAR
                                                  NORMAL
..................................................................
TEMPERATURE (F)
 YESTERDAY
  MAXIMUM         84    432 PM 100    1941  85     -1       95
                                      1891
  MINIMUM         51    550 AM  42    2002  62    -11       68
  AVERAGE         68                        74     -6       82

PRECIPITATION (IN)
  YESTERDAY        0.00          1.62 1939   0.10  -0.10     0.00
  MONTH TO DATE    1.71                      2.11  -0.40     2.07
  SINCE MAR 1      8.52                      8.46   0.06     8.99
  SINCE JAN 1     15.88                     15.65   0.23    15.31

SNOWFALL (IN)
  YESTERDAY        0.0          MM      MM   0.0             0.0
  MONTH TO DATE    0.0                       0.0             0.0
  SINCE MAR 1      0.0                       0.1             0.0
  SINCE JUL 1      T                         1.5             4.2

DEGREE DAYS
 HEATING
  YESTERDAY        0                         0      0        0
  MONTH TO DATE    6                        18    -12       10
  SINCE MAR 1    274                       450   -176      476
  SINCE JUL 1   2463                      2549    -86     2560

 COOLING
  YESTERDAY        3                         9     -6       17
  MONTH TO DATE  189                       145     44      201
  SINCE MAR 1    332                       236     96      302
  SINCE JAN 1    332                       240     92      309
..................................................................


WIND (MPH)
  HIGHEST WIND SPEED    20   HIGHEST WIND DIRECTION     E (100)
  HIGHEST GUST SPEED    24   HIGHEST GUST DIRECTION     E (90)
  AVERAGE WIND SPEED     5.8


SKY COVER
  AVERAGE SKY COVER 0.0


WEATHER CONDITIONS
 THE FOLLOWING WEATHER WAS RECORDED YESTERDAY.
  NO SIGNIFICANT WEATHER WAS OBSERVED.


RELATIVE HUMIDITY (PERCENT)
 HIGHEST    89           500 AM
 LOWEST     23           400 PM
 AVERAGE    56

..........................................................


THE COLUMBIA METRO AIRPORT SC CLIMATE NORMALS FOR TODAY
                         NORMAL    RECORD    YEAR
 MAXIMUM TEMPERATURE (F)   86        98      1953
 MINIMUM TEMPERATURE (F)   62        46      1931


SUNRISE AND SUNSET
MAY 24 2015...........SUNRISE   618 AM EDT   SUNSET   825 PM EDT
MAY 25 2015...........SUNRISE   617 AM EDT   SUNSET   826 PM EDT


-  INDICATES NEGATIVE NUMBERS.
R  INDICATES RECORD WAS SET OR TIED.
MM INDICATES DATA IS MISSING.
T  INDICATES TRACE AMOUNT.




$$
