000
CDUS42 KCAE 010602
CLICAE


CLIMATE REPORT
NATIONAL WEATHER SERVICE COLUMBIA SC
201 AM EDT SUN MAY 1 2016


...................................

...THE COLUMBIA METRO AIRPORT SC CLIMATE SUMMARY FOR APRIL 30 2016...

CLIMATE NORMAL PERIOD 1981 TO 2010
CLIMATE RECORD PERIOD 1887 TO 2016


WEATHER ITEM   OBSERVED TIME   RECORD YEAR NORMAL DEPARTURE LAST
                VALUE   (LST)  VALUE       VALUE  FROM      YEAR
                                                  NORMAL
..................................................................
TEMPERATURE (F)
 YESTERDAY
  MAXIMUM         89    421 PM  93    1987  80      9       78
                                      1962
  MINIMUM         66    729 AM  39    2008  54     12       46
  AVERAGE         78                        67     11       62

PRECIPITATION (IN)
  YESTERDAY        T             1.88 1953   0.09  -0.09      T
  MONTH TO DATE    2.80                      2.62   0.18     4.03
  SINCE MAR 1      4.68                      6.35  -1.67     6.81
  SINCE JAN 1     11.31                     13.54  -2.23    14.17

SNOWFALL (IN)
  YESTERDAY        0.0          MM      MM   0.0             0.0
  MONTH TO DATE    0.0                       0.0             0.0
  SINCE MAR 1      0.0                       0.1             0.0
  SINCE JUL 1      T                         1.5              T

DEGREE DAYS
 HEATING
  YESTERDAY        0                         2     -2        3
  MONTH TO DATE   75                       122    -47       53
  SINCE MAR 1    222                       432   -210      268
  SINCE JUL 1   1785                      2531   -746     2457

 COOLING
  YESTERDAY       13                         4      9        0
  MONTH TO DATE  110                        73     37      118
  SINCE MAR 1    183                        91     92      143
  SINCE JAN 1    187                        95     92      143
..................................................................


WIND (MPH)
  HIGHEST WIND SPEED    20   HIGHEST WIND DIRECTION    SE (150)
  HIGHEST GUST SPEED    25   HIGHEST GUST DIRECTION    SE (150)
  AVERAGE WIND SPEED     8.0


SKY COVER
  AVERAGE SKY COVER 0.7


WEATHER CONDITIONS
 THE FOLLOWING WEATHER WAS RECORDED YESTERDAY.
  LIGHT RAIN
  FOG
  FOG W/VISIBILITY <= 1/4 MILE
  HAZE


RELATIVE HUMIDITY (PERCENT)
 HIGHEST    93           500 AM
 LOWEST     40           500 PM
 AVERAGE    67

..........................................................


THE COLUMBIA METRO AIRPORT SC CLIMATE NORMALS FOR TODAY
                         NORMAL    RECORD    YEAR
 MAXIMUM TEMPERATURE (F)   80        95      1962
 MINIMUM TEMPERATURE (F)   55        40      1908


SUNRISE AND SUNSET
MAY  1 2016...........SUNRISE   635 AM EDT   SUNSET   809 PM EDT
MAY  2 2016...........SUNRISE   634 AM EDT   SUNSET   809 PM EDT


-  INDICATES NEGATIVE NUMBERS.
R  INDICATES RECORD WAS SET OR TIED.
MM INDICATES DATA IS MISSING.
T  INDICATES TRACE AMOUNT.




$$
