000
CDUS42 KCAE 210608
CLICAE


CLIMATE REPORT
NATIONAL WEATHER SERVICE COLUMBIA SC
206 AM EDT MON AUG 21 2017


...................................

...THE COLUMBIA METRO AIRPORT SC CLIMATE SUMMARY FOR AUGUST 20 2017...

CLIMATE NORMAL PERIOD 1981 TO 2010
CLIMATE RECORD PERIOD 1887 TO 2017


WEATHER ITEM   OBSERVED TIME   RECORD YEAR NORMAL DEPARTURE LAST
                VALUE   (LST)  VALUE       VALUE  FROM      YEAR
                                                  NORMAL
..................................................................
TEMPERATURE (F)
 YESTERDAY
  MAXIMUM         96    424 PM 106    1900  90      6       93
  MINIMUM         73    621 AM  62    1943  71      2       74
  AVERAGE         85                        81      4       84

PRECIPITATION (IN)
  YESTERDAY        0.00          2.13 2006   0.18  -0.18      T
  MONTH TO DATE    1.69                      3.57  -1.88     4.48
  SINCE JUN 1     12.24                     13.72  -1.48     8.66
  SINCE JAN 1     36.52                     30.23   6.29    22.58

SNOWFALL (IN)
  YESTERDAY        0.0          MM      MM   0.0             0.0
  MONTH TO DATE    0.0                       0.0             0.0
  SINCE JUN 1      0.0                       0.0             0.0
  SINCE JUL 1      0.0                       0.0             0.0

DEGREE DAYS
 HEATING
  YESTERDAY        0                         0      0        0
  MONTH TO DATE    0                         0      0        0
  SINCE JUN 1      0                         1     -1        0
  SINCE JUL 1      0                         0      0        0

 COOLING
  YESTERDAY       20                        16      4       19
  MONTH TO DATE  360                       330     30      404
  SINCE JUN 1   1394                      1286    108     1646
  SINCE JAN 1   1923                      1607    316     2085
..................................................................


WIND (MPH)
  HIGHEST WIND SPEED    13   HIGHEST WIND DIRECTION    SE (120)
  HIGHEST GUST SPEED    17   HIGHEST GUST DIRECTION    SE (150)
  AVERAGE WIND SPEED     4.6


SKY COVER
  AVERAGE SKY COVER 0.4


WEATHER CONDITIONS
 THE FOLLOWING WEATHER WAS RECORDED YESTERDAY.
  NO SIGNIFICANT WEATHER WAS OBSERVED.


RELATIVE HUMIDITY (PERCENT)
 HIGHEST    87           500 AM
 LOWEST     35           200 PM
 AVERAGE    61

..........................................................


THE COLUMBIA METRO AIRPORT SC CLIMATE NORMALS FOR TODAY
                         NORMAL    RECORD    YEAR
 MAXIMUM TEMPERATURE (F)   90       107      1983
 MINIMUM TEMPERATURE (F)   71        59      1998


SUNRISE AND SUNSET
AUGUST 21 2017........SUNRISE   651 AM EDT   SUNSET   804 PM EDT
AUGUST 22 2017........SUNRISE   651 AM EDT   SUNSET   803 PM EDT


-  INDICATES NEGATIVE NUMBERS.
R  INDICATES RECORD WAS SET OR TIED.
MM INDICATES DATA IS MISSING.
T  INDICATES TRACE AMOUNT.




$$
