000
CDUS42 KCAE 240642
CLICAE


CLIMATE REPORT
NATIONAL WEATHER SERVICE COLUMBIA SC
142 AM EST FRI NOV 24 2017


...................................

...THE COLUMBIA METRO AIRPORT SC CLIMATE SUMMARY FOR NOVEMBER 23 2017...

CLIMATE NORMAL PERIOD 1981 TO 2010
CLIMATE RECORD PERIOD 1887 TO 2017


WEATHER ITEM   OBSERVED TIME   RECORD YEAR NORMAL DEPARTURE LAST
                VALUE   (LST)  VALUE       VALUE  FROM      YEAR
                                                  NORMAL
..................................................................
TEMPERATURE (F)
 YESTERDAY
  MAXIMUM         56    427 PM  85    1900  65     -9       66
  MINIMUM         36   1159 PM  20    1976  40     -4       31
  AVERAGE         46                        53     -7       49

PRECIPITATION (IN)
  YESTERDAY        0.00          2.12 2014   0.10  -0.10     0.00
  MONTH TO DATE    1.26                      2.06  -0.80     0.85
  SINCE SEP 1      7.38                      8.77  -1.39    12.11
  SINCE JAN 1     44.13                     40.69   3.44    35.04

SNOWFALL (IN)
  YESTERDAY        0.0          MM      MM   0.0             0.0
  MONTH TO DATE    0.0                       0.0             0.0
  SINCE SEP 1      0.0                       0.0             0.0
  SINCE JUL 1      0.0                       0.0             0.0

DEGREE DAYS
 HEATING
  YESTERDAY       19                        13      6       16
  MONTH TO DATE  210                       223    -13      219
  SINCE SEP 1    288                       343    -55      254
  SINCE JUL 1    288                       343    -55      254

 COOLING
  YESTERDAY        0                         0      0        0
  MONTH TO DATE   25                        14     11        4
  SINCE SEP 1    576                       398    178      589
  SINCE JAN 1   2684                      2166    518     2876
..................................................................


WIND (MPH)
  HIGHEST WIND SPEED    13   HIGHEST WIND DIRECTION    NE (60)
  HIGHEST GUST SPEED    17   HIGHEST GUST DIRECTION    NE (60)
  AVERAGE WIND SPEED     4.7


SKY COVER
  AVERAGE SKY COVER 0.5


WEATHER CONDITIONS
 THE FOLLOWING WEATHER WAS RECORDED YESTERDAY.
  NO SIGNIFICANT WEATHER WAS OBSERVED.


RELATIVE HUMIDITY (PERCENT)
 HIGHEST    92          1000 PM
 LOWEST     44           300 AM
 AVERAGE    68

..........................................................


THE COLUMBIA METRO AIRPORT SC CLIMATE NORMALS FOR TODAY
                         NORMAL    RECORD    YEAR
 MAXIMUM TEMPERATURE (F)   65        83      1973
 MINIMUM TEMPERATURE (F)   40        16      1970


SUNRISE AND SUNSET
NOVEMBER 24 2017......SUNRISE   705 AM EST   SUNSET   517 PM EST
NOVEMBER 25 2017......SUNRISE   706 AM EST   SUNSET   516 PM EST


-  INDICATES NEGATIVE NUMBERS.
R  INDICATES RECORD WAS SET OR TIED.
MM INDICATES DATA IS MISSING.
T  INDICATES TRACE AMOUNT.




$$
