000
CDUS42 KCAE 280634
CLICAE


CLIMATE REPORT
NATIONAL WEATHER SERVICE COLUMBIA SC
233 AM EDT TUE JUL 28 2015


...................................

...THE COLUMBIA METRO AIRPORT SC CLIMATE SUMMARY FOR JULY 27 2015...

CLIMATE NORMAL PERIOD 1981 TO 2010
CLIMATE RECORD PERIOD 1887 TO 2015


WEATHER ITEM   OBSERVED TIME   RECORD YEAR NORMAL DEPARTURE LAST
                VALUE   (LST)  VALUE       VALUE  FROM      YEAR
                                                  NORMAL
..................................................................
TEMPERATURE (F)
 YESTERDAY
  MAXIMUM         98    427 PM 103    1949  93      5      100
  MINIMUM         69    546 AM  60    1911  72     -3       74
  AVERAGE         84                        82      2       87

PRECIPITATION (IN)
  YESTERDAY        0.00          2.43 1961   0.20  -0.20     0.00
  MONTH TO DATE    1.48                      4.68  -3.20     2.53
  SINCE JUN 1     10.27                      9.37   0.90     3.94
  SINCE JAN 1     26.15                     25.88   0.27    22.90

SNOWFALL (IN)
  YESTERDAY        0.0          MM      MM   0.0             0.0
  MONTH TO DATE    0.0                       0.0             0.0
  SINCE JUN 1      0.0                       0.0             0.0
  SINCE JUL 1      0.0                       0.0             0.0

DEGREE DAYS
 HEATING
  YESTERDAY        0                         0      0        0
  MONTH TO DATE    0                         0      0        0
  SINCE JUN 1      0                         1     -1        0
  SINCE JUL 1      0                         0      0        0

 COOLING
  YESTERDAY       19                        17      2       22
  MONTH TO DATE  547                       459     88      494
  SINCE JUN 1   1084                       883    201     1014
  SINCE JAN 1   1505                      1204    301     1428
..................................................................


WIND (MPH)
  HIGHEST WIND SPEED    17   HIGHEST WIND DIRECTION    SE (130)
  HIGHEST GUST SPEED    21   HIGHEST GUST DIRECTION    SE (130)
  AVERAGE WIND SPEED     4.8


SKY COVER
  AVERAGE SKY COVER 0.3


WEATHER CONDITIONS
 THE FOLLOWING WEATHER WAS RECORDED YESTERDAY.
  FOG
  HAZE


RELATIVE HUMIDITY (PERCENT)
 HIGHEST    84           500 AM
 LOWEST     30           500 PM
 AVERAGE    57

..........................................................


THE COLUMBIA METRO AIRPORT SC CLIMATE NORMALS FOR TODAY
                         NORMAL    RECORD    YEAR
 MAXIMUM TEMPERATURE (F)   93       106      1952
 MINIMUM TEMPERATURE (F)   72        58      1962


SUNRISE AND SUNSET
JULY 28 2015..........SUNRISE   633 AM EDT   SUNSET   829 PM EDT
JULY 29 2015..........SUNRISE   634 AM EDT   SUNSET   828 PM EDT


-  INDICATES NEGATIVE NUMBERS.
R  INDICATES RECORD WAS SET OR TIED.
MM INDICATES DATA IS MISSING.
T  INDICATES TRACE AMOUNT.




$$
