000
CDUS42 KCAE 280537
CLICAE


CLIMATE REPORT
NATIONAL WEATHER SERVICE COLUMBIA SC
1237 AM EST SAT FEB 28 2015


...................................

...THE COLUMBIA METRO AIRPORT SC CLIMATE SUMMARY FOR FEBRUARY 27 2015...

CLIMATE NORMAL PERIOD 1981 TO 2010
CLIMATE RECORD PERIOD 1887 TO 2015


WEATHER ITEM   OBSERVED TIME   RECORD YEAR NORMAL DEPARTURE LAST
                VALUE   (LST)  VALUE       VALUE  FROM      YEAR
                                                  NORMAL
..................................................................
TEMPERATURE (F)
 YESTERDAY
  MAXIMUM         56    428 PM  84    1997  63     -7       59
  MINIMUM         34    139 AM  17    1968  39     -5       29
  AVERAGE         45                        51     -6       44

PRECIPITATION (IN)
  YESTERDAY        0.00          1.63 1984   0.13  -0.13     0.00
  MONTH TO DATE    4.74                      3.48   1.26     2.92
  SINCE DEC 1     11.24                     10.28   0.96    12.20
  SINCE JAN 1      7.34                      7.06   0.28     6.32

SNOWFALL (IN)
  YESTERDAY        0.0          MM      MM   0.0             0.0
  MONTH TO DATE    T                         0.5             2.1
  SINCE DEC 1      T                         1.4             4.2
  SINCE JUL 1      T                         1.4             4.2

DEGREE DAYS
 HEATING
  YESTERDAY       20                        14      6       21
  MONTH TO DATE  585                       450    135      432
  SINCE DEC 1   1663                      1645     18     1616
  SINCE JUL 1   2168                      2086     82     2063

 COOLING
  YESTERDAY        0                         0      0        0
  MONTH TO DATE    0                         0      0        7
  SINCE DEC 1      0                         4     -4       21
  SINCE JAN 1      0                         1     -1        7
..................................................................


WIND (MPH)
  HIGHEST WIND SPEED    10   HIGHEST WIND DIRECTION     E (70)
  HIGHEST GUST SPEED    14   HIGHEST GUST DIRECTION     E (70)
  AVERAGE WIND SPEED     1.7


SKY COVER
  AVERAGE SKY COVER 0.7


WEATHER CONDITIONS
 THE FOLLOWING WEATHER WAS RECORDED YESTERDAY.
  FOG
  HAZE


RELATIVE HUMIDITY (PERCENT)
 HIGHEST    96           100 AM
 LOWEST     38           400 PM
 AVERAGE    67

..........................................................


THE COLUMBIA METRO AIRPORT SC CLIMATE NORMALS FOR TODAY
                         NORMAL    RECORD    YEAR
 MAXIMUM TEMPERATURE (F)   64        84      2011
                                             1962
 MINIMUM TEMPERATURE (F)   39        17      2002


SUNRISE AND SUNSET
FEBRUARY 28 2015......SUNRISE   655 AM EST   SUNSET   620 PM EST
MARCH  1 2015.........SUNRISE   653 AM EST   SUNSET   621 PM EST


-  INDICATES NEGATIVE NUMBERS.
R  INDICATES RECORD WAS SET OR TIED.
MM INDICATES DATA IS MISSING.
T  INDICATES TRACE AMOUNT.




$$
