000
CDUS42 KCAE 190617
CLICAE


CLIMATE REPORT
NATIONAL WEATHER SERVICE COLUMBIA SC
116 AM EST MON FEB 19 2018


...................................

...THE COLUMBIA METRO AIRPORT SC CLIMATE SUMMARY FOR FEBRUARY 18 2018...

CLIMATE NORMAL PERIOD 1981 TO 2010
CLIMATE RECORD PERIOD 1887 TO 2018


WEATHER ITEM   OBSERVED TIME   RECORD YEAR NORMAL DEPARTURE LAST
                VALUE   (LST)  VALUE       VALUE  FROM      YEAR
                                                  NORMAL
..................................................................
TEMPERATURE (F)
 YESTERDAY
  MAXIMUM         71    321 PM  81    1976  61     10       69
  MINIMUM         53    157 AM  12    1958  37     16       39
                                      1900
  AVERAGE         62                        49     13       54

PRECIPITATION (IN)
  YESTERDAY        T             2.12 1979   0.14  -0.14     0.01
  MONTH TO DATE    1.24                      2.28  -1.04     1.60
  SINCE DEC 1      6.95                      9.08  -2.13    11.99
  SINCE JAN 1      3.66                      5.86  -2.20     8.64

SNOWFALL (IN)
  YESTERDAY        0.0           5.5  1979   0.0             0.0
  MONTH TO DATE    0.0                       0.3             0.0
  SINCE DEC 1      T                         1.2             0.1
  SINCE JUL 1      T                         1.2             0.1

DEGREE DAYS
 HEATING
  YESTERDAY        3                        16    -13       11
  MONTH TO DATE  172                       316   -144      181
  SINCE DEC 1   1321                      1511   -190      995
  SINCE JUL 1   1699                      1952   -253     1297

 COOLING
  YESTERDAY        0                         0      0        0
  MONTH TO DATE   16                         0     16        5
  SINCE DEC 1     18                         4     14       12
  SINCE JAN 1     18                         1     17        9
..................................................................


WIND (MPH)
  HIGHEST WIND SPEED    16   HIGHEST WIND DIRECTION    SE (140)
  HIGHEST GUST SPEED    19   HIGHEST GUST DIRECTION    SE (150)
  AVERAGE WIND SPEED     6.6


SKY COVER
  AVERAGE SKY COVER 0.8


WEATHER CONDITIONS
 THE FOLLOWING WEATHER WAS RECORDED YESTERDAY.
  LIGHT RAIN


RELATIVE HUMIDITY (PERCENT)
 HIGHEST    93           200 AM
 LOWEST     47           300 PM
 AVERAGE    70

..........................................................


THE COLUMBIA METRO AIRPORT SC CLIMATE NORMALS FOR TODAY
                         NORMAL    RECORD    YEAR
 MAXIMUM TEMPERATURE (F)   61        80      1956
                                             1951
 MINIMUM TEMPERATURE (F)   38        15      1958


SUNRISE AND SUNSET
FEBRUARY 19 2018......SUNRISE   705 AM EST   SUNSET   612 PM EST
FEBRUARY 20 2018......SUNRISE   704 AM EST   SUNSET   613 PM EST


-  INDICATES NEGATIVE NUMBERS.
R  INDICATES RECORD WAS SET OR TIED.
MM INDICATES DATA IS MISSING.
T  INDICATES TRACE AMOUNT.




$$
