000
CDUS45 KGJT 302327
CLICAG


CLIMATE REPORT
NATIONAL WEATHER SERVICE GRAND JUNCTION CO
523 PM MDT THU JUL 30 2015


...................................

...THE CRAIG CO CLIMATE SUMMARY FOR JULY 30 2015...
VALID TODAY AS OF 0500 PM LOCAL TIME.

CLIMATE NORMAL PERIOD 1981 TO 2010
CLIMATE RECORD PERIOD 9999 TO 9999


WEATHER ITEM   OBSERVED TIME   RECORD YEAR NORMAL DEPARTURE LAST
                VALUE   (LST)  VALUE       VALUE  FROM      YEAR
                                                  NORMAL
..................................................................
TEMPERATURE (F)
 TODAY
  MAXIMUM         91    349 PM  MM      MM  88      3       69
  MINIMUM         35    531 AM  MM      MM  48    -13       50
  AVERAGE         63                        68     -5       60

PRECIPITATION (IN)
  TODAY            0.00         MM      MM   0.05  -0.05     0.24
  MONTH TO DATE    1.93                      1.10   0.83     1.67
  SINCE JUN 1      2.15                      2.42  -0.27     1.87
  SINCE JAN 1      9.37                      8.61   0.76     6.19

SNOWFALL (IN)
  TODAY           MM            MM      MM  MM     MM       MM
  MONTH TO DATE   MM                        MM     MM       MM
  SINCE JUN 1     MM                        MM     MM       MM
  SINCE JUL 1     MM                        MM     MM       MM
  SNOW DEPTH      MM

DEGREE DAYS
 HEATING
  TODAY            2                         0      2        5
  MONTH TO DATE   25                        20      5       39
  SINCE JUN 1     98                       195    -97      225
  SINCE JUL 1     25                        20      5       39

 COOLING
  TODAY            0                         3     -3        0
  MONTH TO DATE   58                        73    -15       36
  SINCE JUN 1    115                        83     32       41
  SINCE JAN 1    115                        83     32       41
..................................................................


WIND (MPH)
  HIGHEST WIND SPEED    13   HIGHEST WIND DIRECTION    NE (40)
  HIGHEST GUST SPEED    23   HIGHEST GUST DIRECTION     N (360)
  AVERAGE WIND SPEED     2.6


SKY COVER
  POSSIBLE SUNSHINE  MM
  AVERAGE SKY COVER 0.0


WEATHER CONDITIONS
 THE FOLLOWING WEATHER WAS RECORDED TODAY.
  NO SIGNIFICANT WEATHER WAS OBSERVED.


RELATIVE HUMIDITY (PERCENT)
 HIGHEST    70           100 AM
 LOWEST      7          1200 PM
 AVERAGE    39

..........................................................


THE CRAIG CO CLIMATE NORMALS FOR TOMORROW
                         NORMAL    RECORD    YEAR
 MAXIMUM TEMPERATURE (F)   88        MM        MM
 MINIMUM TEMPERATURE (F)   48        MM        MM


SUNRISE AND SUNSET
JULY 30 2015..........SUNRISE   605 AM MDT   SUNSET   827 PM MDT
JULY 31 2015..........SUNRISE   606 AM MDT   SUNSET   826 PM MDT


-  INDICATES NEGATIVE NUMBERS.
R  INDICATES RECORD WAS SET OR TIED.
MM INDICATES DATA IS MISSING.
T  INDICATES TRACE AMOUNT.




$$
