000
CDUS45 KGJT 300732
CLICAG


CLIMATE REPORT
NATIONAL WEATHER SERVICE GRAND JUNCTION CO
124 AM MDT SAT JUL 30 2016


...................................

...THE CRAIG CO CLIMATE SUMMARY FOR JULY 29 2016...

CLIMATE NORMAL PERIOD 1981 TO 2010
CLIMATE RECORD PERIOD 9999 TO 9999


WEATHER ITEM   OBSERVED TIME   RECORD YEAR NORMAL DEPARTURE LAST
                VALUE   (LST)  VALUE       VALUE  FROM      YEAR
                                                  NORMAL
..................................................................
TEMPERATURE (F)
 YESTERDAY
  MAXIMUM         93    337 PM  MM      MM  88      5       87
  MINIMUM         44    504 AM  MM      MM  48     -4       35
  AVERAGE         69                        68      1       61

PRECIPITATION (IN)
  YESTERDAY        0.02         MM      MM   0.05  -0.03     0.00
  MONTH TO DATE    0.35                      1.05  -0.70     1.93
  SINCE JUN 1      0.97                      2.37  -1.40     2.15
  SINCE JAN 1      7.35                      8.56  -1.21     9.37

SNOWFALL (IN)
  YESTERDAY       MM            MM      MM  MM     MM       MM
  MONTH TO DATE   MM                        MM     MM       MM
  SINCE JUN 1     MM                        MM     MM       MM
  SINCE JUL 1     MM                        MM     MM       MM
  SNOW DEPTH      MM

DEGREE DAYS
 HEATING
  YESTERDAY        0                         0      0        4
  MONTH TO DATE   14                        20     -6       23
  SINCE JUN 1     73                       195   -122       96
  SINCE JUL 1     14                        20     -6       23

 COOLING
  YESTERDAY        4                         3      1        0
  MONTH TO DATE   99                        70     29       58
  SINCE JUN 1    140                        80     60      115
  SINCE JAN 1    140                        80     60      115
..................................................................


WIND (MPH)
  HIGHEST WIND SPEED    35   HIGHEST WIND DIRECTION     W (280)
  HIGHEST GUST SPEED    43   HIGHEST GUST DIRECTION    NW (300)
  AVERAGE WIND SPEED     4.3


SKY COVER
  POSSIBLE SUNSHINE  MM
  AVERAGE SKY COVER 0.0


WEATHER CONDITIONS
 THE FOLLOWING WEATHER WAS RECORDED YESTERDAY.
  THUNDERSTORM
  LIGHT RAIN


RELATIVE HUMIDITY (PERCENT)
 HIGHEST    76           500 AM
 LOWEST     10           100 PM
 AVERAGE    43

..........................................................


THE CRAIG CO CLIMATE NORMALS FOR TODAY
                         NORMAL    RECORD    YEAR
 MAXIMUM TEMPERATURE (F)   88        MM        MM
 MINIMUM TEMPERATURE (F)   48        MM        MM


SUNRISE AND SUNSET
JULY 30 2016..........SUNRISE   606 AM MDT   SUNSET   826 PM MDT
JULY 31 2016..........SUNRISE   607 AM MDT   SUNSET   825 PM MDT


-  INDICATES NEGATIVE NUMBERS.
R  INDICATES RECORD WAS SET OR TIED.
MM INDICATES DATA IS MISSING.
T  INDICATES TRACE AMOUNT.




$$
