000
CDUS41 KCLE 192220
CLICAK


CLIMATE REPORT
NATIONAL WEATHER SERVICE CLEVELAND OH
520 PM EST FRI JAN 19 2018


...................................

...THE AKRON CANTON OH CLIMATE SUMMARY FOR JANUARY 19 2018...
VALID TODAY AS OF 0500 PM LOCAL TIME.

CLIMATE NORMAL PERIOD 1981 TO 2010
CLIMATE RECORD PERIOD 1887 TO 2018


WEATHER ITEM   OBSERVED TIME   RECORD YEAR NORMAL DEPARTURE LAST
                VALUE   (LST)  VALUE       VALUE  FROM      YEAR
                                                  NORMAL
..................................................................
TEMPERATURE (F)
 TODAY
  MAXIMUM         35    359 PM  68    1907  33      2       41
  MINIMUM         17    645 AM -25    1994  19     -2       36
  AVERAGE         26                        26      0       39

PRECIPITATION (IN)
  TODAY            0.00                      0.08  -0.08     0.00
  MONTH TO DATE    1.61                      1.63  -0.02     4.18
  SINCE DEC 1      3.51                      4.47  -0.96     7.18
  SINCE JAN 1      1.61                      1.63  -0.02     4.18

SNOWFALL (IN)
  TODAY            0.0                       0.4   -0.4      0.0
  MONTH TO DATE    9.9                       7.6    2.3      3.8
  SINCE DEC 1     23.9                      17.8    6.1     11.3
  SINCE JUL 1     24.0                      21.2    2.8     13.4
  SNOW DEPTH       3

DEGREE DAYS
 HEATING
  TODAY           39                        39      0       26
  MONTH TO DATE  876                       739    137      642
  SINCE DEC 1   2004                      1810    194     1708
  SINCE JUL 1   2994                      3069    -75     2586

 COOLING
  TODAY            0                         0      0        0
  MONTH TO DATE    0                         0      0        0
  SINCE DEC 1      0                         0      0        0
  SINCE JAN 1      0                         0      0        0
..................................................................


WIND (MPH)
  HIGHEST WIND SPEED    23   HIGHEST WIND DIRECTION    SW (210)
  HIGHEST GUST SPEED    29   HIGHEST GUST DIRECTION    SW (210)


SKY COVER
  POSSIBLE SUNSHINE  MM
  AVERAGE SKY COVER 0.1


WEATHER CONDITIONS
 THE FOLLOWING WEATHER WAS RECORDED TODAY.
  NO SIGNIFICANT WEATHER WAS OBSERVED.


RELATIVE HUMIDITY (PERCENT)
 HIGHEST    67           700 AM
 LOWEST     47           500 PM
 AVERAGE    57

..........................................................


THE AKRON CANTON OH CLIMATE NORMALS FOR TOMORROW
                         NORMAL    RECORD    YEAR
 MAXIMUM TEMPERATURE (F)   33        62      1974
 MINIMUM TEMPERATURE (F)   19       -24      1985


SUNRISE AND SUNSET
JANUARY 19 2018.......SUNRISE   746 AM EST   SUNSET   527 PM EST
JANUARY 20 2018.......SUNRISE   746 AM EST   SUNSET   528 PM EST


-  INDICATES NEGATIVE NUMBERS.
R  INDICATES RECORD WAS SET OR TIED.
MM INDICATES DATA IS MISSING.
T  INDICATES TRACE AMOUNT.




$$
