000
CDUS45 KABQ 260844
CLICAO


CLIMATE REPORT
NATIONAL WEATHER SERVICE ALBUQUERQUE NM
244 AM MDT FRI MAY 26 2017


...................................

...THE CLAYTON  NM CLIMATE SUMMARY FOR MAY 25 2017...

CLIMATE NORMAL PERIOD 1981 TO 2010
CLIMATE RECORD PERIOD 1896 TO 2017


WEATHER ITEM   OBSERVED TIME   RECORD YEAR NORMAL DEPARTURE
                VALUE   (LST)  VALUE       VALUE  FROM
                                                  NORMAL
...............................................................
TEMPERATURE (F)
 YESTERDAY
  MAXIMUM         86    310 PM  96    2006  78      8
  MINIMUM         51   1132 PM  28    1924  50      1
  AVERAGE         69                        64      5

PRECIPITATION (IN)
  YESTERDAY        0.00          0.81 1948   0.08  -0.08
  MONTH TO DATE    2.07                      1.46   0.61
  SINCE MAR 1      6.20                      3.35   2.85
  SINCE JAN 1      7.58                      3.97   3.61

SNOWFALL (IN)
  YESTERDAY        0.0
  MONTH TO DATE    0.0
  SINCE MAR 1     13.9
  SINCE JUL 1     25.3

DEGREE DAYS
 HEATING
  YESTERDAY        0                         3     -3
  MONTH TO DATE  194                       139     55
  SINCE MAR 1    973                      1168   -195
  SINCE JUL 1   3993                      4845   -852

 COOLING
  YESTERDAY        4                         2      2
  MONTH TO DATE   12                        31    -19
  SINCE MAR 1     30                        37     -7
  SINCE JAN 1     32                        37     -5
...............................................................


WIND (MPH)
  HIGHEST WIND SPEED    29   HIGHEST WIND DIRECTION     W (250)
  HIGHEST GUST SPEED    39   HIGHEST GUST DIRECTION    SW (240)
  AVERAGE WIND SPEED    15.1


SKY COVER
  AVERAGE SKY COVER 0.0


WEATHER CONDITIONS
 THE FOLLOWING WEATHER WAS RECORDED YESTERDAY.
  NO SIGNIFICANT WEATHER WAS OBSERVED.


RELATIVE HUMIDITY (PERCENT)
 HIGHEST    83          1100 PM
 LOWEST     11          1200 PM
 AVERAGE    47

..........................................................


THE CLAYTON  NM CLIMATE NORMALS FOR TODAY
                         NORMAL    RECORD    YEAR
 MAXIMUM TEMPERATURE (F)   78        96      2006
 MINIMUM TEMPERATURE (F)   50        35      1950
                                             1917


SUNRISE AND SUNSET
MAY 26 2017...........SUNRISE   538 AM MDT   SUNSET   801 PM MDT
MAY 27 2017...........SUNRISE   538 AM MDT   SUNSET   802 PM MDT


-  INDICATES NEGATIVE NUMBERS.
R  INDICATES RECORD WAS SET OR TIED.
MM INDICATES DATA IS MISSING.
T  INDICATES TRACE AMOUNT.




$$
