000
CDUS45 KABQ 231008
CLICAO

CLIMATE REPORT
NATIONAL WEATHER SERVICE ALBUQUERQUE NM
229 AM MDT WED JUL 23 2014


...................................

...THE CLAYTON  NM CLIMATE SUMMARY FOR JULY 22 2014...

CLIMATE NORMAL PERIOD 1981 TO 2010
CLIMATE RECORD PERIOD 1896 TO 2014


WEATHER ITEM   OBSERVED TIME   RECORD YEAR NORMAL DEPARTURE
                VALUE   (LST)  VALUE       VALUE  FROM
                                                  NORMAL
...............................................................
TEMPERATURE (F)
 YESTERDAY
  MAXIMUM         94    247 PM  99    2010  89      5
                                      2001
                                      1981
  MINIMUM         63    131 AM  52    1919  61      2
  AVERAGE         79                        75      4

PRECIPITATION (IN)
  YESTERDAY        0.00          1.15 1966   0.10  -0.10
  MONTH TO DATE    0.48                      1.79  -1.31
  SINCE JUN 1      2.37                      3.92  -1.55
  SINCE JAN 1      4.14                      8.39  -4.25

SNOWFALL (IN)
  YESTERDAY        0.0
  MONTH TO DATE    0.0
  SINCE JUN 1      0.0
  SINCE JUL 1      0.0

DEGREE DAYS
 HEATING
  YESTERDAY        0                         0      0
  MONTH TO DATE    0                         0      0
  SINCE JUN 1     14                        23     -9
  SINCE JUL 1      0                         0      0

 COOLING
  YESTERDAY       14                        10      4
  MONTH TO DATE  245                       216     29
  SINCE JUN 1    490                       399     91
  SINCE JAN 1    585                       450    135
...............................................................


WIND (MPH)
  HIGHEST WIND SPEED    21   HIGHEST WIND DIRECTION     W (260)
  HIGHEST GUST SPEED    26   HIGHEST GUST DIRECTION     W (260)
  AVERAGE WIND SPEED    12.3


SKY COVER
  AVERAGE SKY COVER 0.0


WEATHER CONDITIONS
 THE FOLLOWING WEATHER WAS RECORDED YESTERDAY.
  NO SIGNIFICANT WEATHER WAS OBSERVED.


RELATIVE HUMIDITY (PERCENT)
 HIGHEST    87           100 AM
 LOWEST     23          1000 AM
 AVERAGE    55

..........................................................


THE CLAYTON  NM CLIMATE NORMALS FOR TODAY
                         NORMAL    RECORD    YEAR
 MAXIMUM TEMPERATURE (F)   88       100      2013
                                             1910
 MINIMUM TEMPERATURE (F)   61        50      1943
                                             1919


SUNRISE AND SUNSET
JULY 23 2014..........SUNRISE   552 AM MDT   SUNSET   806 PM MDT
JULY 24 2014..........SUNRISE   553 AM MDT   SUNSET   805 PM MDT


-  INDICATES NEGATIVE NUMBERS.
R  INDICATES RECORD WAS SET OR TIED.
MM INDICATES DATA IS MISSING.
T  INDICATES TRACE AMOUNT.

$$
