000
CDUS45 KABQ 040829
CLICAO


CLIMATE REPORT
NATIONAL WEATHER SERVICE ALBUQUERQUE NM
227 AM MDT TUE AUG 4 2015


...................................

...THE CLAYTON  NM CLIMATE SUMMARY FOR AUGUST 3 2015...

CLIMATE NORMAL PERIOD 1981 TO 2010
CLIMATE RECORD PERIOD 1896 TO 2015


WEATHER ITEM   OBSERVED TIME   RECORD YEAR NORMAL DEPARTURE
                VALUE   (LST)  VALUE       VALUE  FROM
                                                  NORMAL
...............................................................
TEMPERATURE (F)
 YESTERDAY
  MAXIMUM         85    203 PM 102    1944  87     -2
  MINIMUM         62   1013 PM  50    1927  61      1
  AVERAGE         74                        74      0

PRECIPITATION (IN)
  YESTERDAY        1.18          1.83 1957   0.11   1.07
  MONTH TO DATE    1.19                      0.32   0.87
  SINCE JUN 1      9.99                      5.11   4.88
  SINCE JAN 1     21.52                      9.58  11.94

SNOWFALL (IN)
  YESTERDAY        0.0
  MONTH TO DATE    0.0
  SINCE JUN 1      0.0
  SINCE JUL 1      0.0

DEGREE DAYS
 HEATING
  YESTERDAY        0                         0      0
  MONTH TO DATE    0                         0      0
  SINCE JUN 1      2                        25    -23
  SINCE JUL 1      0                         2     -2

 COOLING
  YESTERDAY        9                         9      0
  MONTH TO DATE   32                        27      5
  SINCE JUN 1    617                       513    104
  SINCE JAN 1    622                       564     58
...............................................................


WIND (MPH)
  HIGHEST WIND SPEED    38   HIGHEST WIND DIRECTION     N (10)
  HIGHEST GUST SPEED    52   HIGHEST GUST DIRECTION     W (290)
  AVERAGE WIND SPEED    11.0


SKY COVER
  AVERAGE SKY COVER 0.4


WEATHER CONDITIONS
 THE FOLLOWING WEATHER WAS RECORDED YESTERDAY.
  THUNDERSTORM
  HEAVY RAIN
  RAIN
  LIGHT RAIN
  FOG


RELATIVE HUMIDITY (PERCENT)
 HIGHEST    93           200 AM
 LOWEST     47          1100 AM
 AVERAGE    70

..........................................................


THE CLAYTON  NM CLIMATE NORMALS FOR TODAY
                         NORMAL    RECORD    YEAR
 MAXIMUM TEMPERATURE (F)   87       100      1934
                                             1926
 MINIMUM TEMPERATURE (F)   61        49      1928


SUNRISE AND SUNSET
AUGUST  4 2015........SUNRISE   601 AM MDT   SUNSET   756 PM MDT
AUGUST  5 2015........SUNRISE   602 AM MDT   SUNSET   755 PM MDT


-  INDICATES NEGATIVE NUMBERS.
R  INDICATES RECORD WAS SET OR TIED.
MM INDICATES DATA IS MISSING.
T  INDICATES TRACE AMOUNT.

$$
