000
CDUS45 KABQ 040846
CLICAO


CLIMATE REPORT
NATIONAL WEATHER SERVICE ALBUQUERQUE NM
245 AM MDT FRI SEP 4 2015


...................................

...THE CLAYTON  NM CLIMATE SUMMARY FOR SEPTEMBER 3 2015...

CLIMATE NORMAL PERIOD 1981 TO 2010
CLIMATE RECORD PERIOD 1896 TO 2015


WEATHER ITEM   OBSERVED TIME   RECORD YEAR NORMAL DEPARTURE
                VALUE   (LST)  VALUE       VALUE  FROM
                                                  NORMAL
...............................................................
TEMPERATURE (F)
 YESTERDAY
  MAXIMUM         90    217 PM  99    1947  84      6
  MINIMUM         62    415 AM  37    1961  57      5
  AVERAGE         76                        70      6

PRECIPITATION (IN)
  YESTERDAY        0.00          1.03 1938   0.07  -0.07
  MONTH TO DATE    0.04                      0.20  -0.16
  SINCE SEP 1      0.04                      0.20  -0.16
  SINCE JAN 1     24.32                     12.40  11.92

SNOWFALL (IN)
  YESTERDAY        0.0
  MONTH TO DATE    0.0
  SINCE SEP 1      0.0
  SINCE JUL 1      0.0

DEGREE DAYS
 HEATING
  YESTERDAY        0                         1     -1
  MONTH TO DATE    0                         1     -1
  SINCE SEP 1      0                         1     -1
  SINCE JUL 1      5                         7     -2

 COOLING
  YESTERDAY       11                         6      5
  MONTH TO DATE   35                        18     17
  SINCE SEP 1     35                        18     17
  SINCE JAN 1    917                       815    102
...............................................................


WIND (MPH)
  HIGHEST WIND SPEED    26   HIGHEST WIND DIRECTION     S (190)
  HIGHEST GUST SPEED    33   HIGHEST GUST DIRECTION     S (200)
  AVERAGE WIND SPEED    12.8


SKY COVER
  AVERAGE SKY COVER 0.1


WEATHER CONDITIONS
 THE FOLLOWING WEATHER WAS RECORDED YESTERDAY.
  NO SIGNIFICANT WEATHER WAS OBSERVED.


RELATIVE HUMIDITY (PERCENT)
 HIGHEST    72           400 AM
 LOWEST     24           200 PM
 AVERAGE    48

..........................................................


THE CLAYTON  NM CLIMATE NORMALS FOR TODAY
                         NORMAL    RECORD    YEAR
 MAXIMUM TEMPERATURE (F)   83        97      2000
                                             1983
 MINIMUM TEMPERATURE (F)   57        33      1961


SUNRISE AND SUNSET
SEPTEMBER  4 2015.....SUNRISE   626 AM MDT   SUNSET   717 PM MDT
SEPTEMBER  5 2015.....SUNRISE   627 AM MDT   SUNSET   715 PM MDT


-  INDICATES NEGATIVE NUMBERS.
R  INDICATES RECORD WAS SET OR TIED.
MM INDICATES DATA IS MISSING.
T  INDICATES TRACE AMOUNT.




$$
