389
CDUS45 KABQ 200832
CLICAO


CLIMATE REPORT
NATIONAL WEATHER SERVICE ALBUQUERQUE NM
131 AM MST MON NOV 20 2017


...................................

...THE CLAYTON  NM CLIMATE SUMMARY FOR NOVEMBER 19 2017...

CLIMATE NORMAL PERIOD 1981 TO 2010
CLIMATE RECORD PERIOD 1896 TO 2017


WEATHER ITEM   OBSERVED TIME   RECORD YEAR NORMAL DEPARTURE
                VALUE   (LST)  VALUE       VALUE  FROM
                                                  NORMAL
...............................................................
TEMPERATURE (F)
 YESTERDAY
  MAXIMUM         58   1259 PM  81    1996  56      2
  MINIMUM         21    156 AM   4    1928  28     -7
  AVERAGE         40                        42     -2

PRECIPITATION (IN)
  YESTERDAY        0.00          0.25 1899   0.01  -0.01
  MONTH TO DATE    0.04                      0.33  -0.29
  SINCE SEP 1      5.45                      3.11   2.34
  SINCE JAN 1     20.37                     15.31   5.06

SNOWFALL (IN)
  YESTERDAY        0.0
  MONTH TO DATE    0.5
  SINCE SEP 1      0.5
  SINCE JUL 1      0.5

DEGREE DAYS
 HEATING
  YESTERDAY       25                        23      2
  MONTH TO DATE  295                       361    -66
  SINCE SEP 1    707                       765    -58
  SINCE JUL 1    711                       771    -60

 COOLING
  YESTERDAY        0                         0      0
  MONTH TO DATE    0                         0      0
  SINCE SEP 1    117                       112      5
  SINCE JAN 1    827                       909    -82
...............................................................


WIND (MPH)
  HIGHEST WIND SPEED    24   HIGHEST WIND DIRECTION     S (200)
  HIGHEST GUST SPEED    29   HIGHEST GUST DIRECTION     S (190)
  AVERAGE WIND SPEED    12.6


SKY COVER
  AVERAGE SKY COVER 0.0


WEATHER CONDITIONS
 THE FOLLOWING WEATHER WAS RECORDED YESTERDAY.
  NO SIGNIFICANT WEATHER WAS OBSERVED.


RELATIVE HUMIDITY (PERCENT)
 HIGHEST    68           200 AM
 LOWEST     16          1200 PM
 AVERAGE    42

..........................................................


THE CLAYTON  NM CLIMATE NORMALS FOR TODAY
                         NORMAL    RECORD    YEAR
 MAXIMUM TEMPERATURE (F)   55        83      1897
 MINIMUM TEMPERATURE (F)   28         6      1961


SUNRISE AND SUNSET
NOVEMBER 20 2017......SUNRISE   635 AM MST   SUNSET   441 PM MST
NOVEMBER 21 2017......SUNRISE   636 AM MST   SUNSET   440 PM MST


-  INDICATES NEGATIVE NUMBERS.
R  INDICATES RECORD WAS SET OR TIED.
MM INDICATES DATA IS MISSING.
T  INDICATES TRACE AMOUNT.




$$
