000
CDUS45 KABQ 300832
CLICAO


CLIMATE REPORT
NATIONAL WEATHER SERVICE ALBUQUERQUE NM
232 AM MDT THU MAR 30 2017


...................................

...THE CLAYTON  NM CLIMATE SUMMARY FOR MARCH 29 2017...

CLIMATE NORMAL PERIOD 1981 TO 2010
CLIMATE RECORD PERIOD 1896 TO 2017


WEATHER ITEM   OBSERVED TIME   RECORD YEAR NORMAL DEPARTURE
                VALUE   (LST)  VALUE       VALUE  FROM
                                                  NORMAL
...............................................................
TEMPERATURE (F)
 YESTERDAY
  MAXIMUM         48    355 PM  81    2012  62    -14
                                      1943
  MINIMUM         36   1053 PM   9    1987  33      3
  AVERAGE         42                        48     -6

PRECIPITATION (IN)
  YESTERDAY        0.09          0.57 1918   0.03   0.06
  MONTH TO DATE    0.36                      0.89  -0.53
  SINCE MAR 1      0.36                      0.89  -0.53
  SINCE JAN 1      1.74                      1.51   0.23

SNOWFALL (IN)
  YESTERDAY       MM
  MONTH TO DATE    0.0
  SINCE MAR 1      0.0
  SINCE JUL 1     11.4

DEGREE DAYS
 HEATING
  YESTERDAY       23                        18      5
  MONTH TO DATE  383                       610   -227
  SINCE MAR 1    383                       610   -227
  SINCE JUL 1   3403                      4287   -884

 COOLING
  YESTERDAY        0                         0      0
  MONTH TO DATE    6                         0      6
  SINCE MAR 1      6                         0      6
  SINCE JAN 1      8                         0      8
...............................................................


WIND (MPH)
  HIGHEST WIND SPEED    37   HIGHEST WIND DIRECTION     N (350)
  HIGHEST GUST SPEED    49   HIGHEST GUST DIRECTION     N (350)
  AVERAGE WIND SPEED    20.0


SKY COVER
  AVERAGE SKY COVER 0.7


WEATHER CONDITIONS
 THE FOLLOWING WEATHER WAS RECORDED YESTERDAY.
  LIGHT RAIN
  LIGHT SNOW
  FOG


RELATIVE HUMIDITY (PERCENT)
 HIGHEST   100           200 AM
 LOWEST     61           400 PM
 AVERAGE    81

..........................................................


THE CLAYTON  NM CLIMATE NORMALS FOR TODAY
                         NORMAL    RECORD    YEAR
 MAXIMUM TEMPERATURE (F)   62        87      2010
 MINIMUM TEMPERATURE (F)   33         9      1987


SUNRISE AND SUNSET
MARCH 30 2017.........SUNRISE   641 AM MDT   SUNSET   713 PM MDT
MARCH 31 2017.........SUNRISE   640 AM MDT   SUNSET   714 PM MDT


-  INDICATES NEGATIVE NUMBERS.
R  INDICATES RECORD WAS SET OR TIED.
MM INDICATES DATA IS MISSING.
T  INDICATES TRACE AMOUNT.




$$
