000
CDUS45 KABQ 270828
CLICAO


CLIMATE REPORT
NATIONAL WEATHER SERVICE ALBUQUERQUE NM
227 AM MDT WED JUL 27 2016


...................................

...THE CLAYTON  NM CLIMATE SUMMARY FOR JULY 26 2016...

CLIMATE NORMAL PERIOD 1981 TO 2010
CLIMATE RECORD PERIOD 1896 TO 2016


WEATHER ITEM   OBSERVED TIME   RECORD YEAR NORMAL DEPARTURE
                VALUE   (LST)  VALUE       VALUE  FROM
                                                  NORMAL
...............................................................
TEMPERATURE (F)
 YESTERDAY
  MAXIMUM         92    351 PM 101    2014  88      4
  MINIMUM         62    511 AM  51    1938  61      1
                                      1926
                                      1913
  AVERAGE         77                        75      2

PRECIPITATION (IN)
  YESTERDAY        0.00          0.80 1911   0.09  -0.09
  MONTH TO DATE    1.14                      2.17  -1.03
  SINCE JUN 1      5.15                      4.30   0.85
  SINCE JAN 1      8.79                      8.77   0.02

SNOWFALL (IN)
  YESTERDAY        0.0
  MONTH TO DATE    0.0
  SINCE JUN 1      0.0
  SINCE JUL 1      0.0

DEGREE DAYS
 HEATING
  YESTERDAY        0                         0      0
  MONTH TO DATE    0                         0      0
  SINCE JUN 1      7                        23    -16
  SINCE JUL 1      0                         0      0

 COOLING
  YESTERDAY       12                        10      2
  MONTH TO DATE  385                       256    129
  SINCE JUN 1    646                       439    207
  SINCE JAN 1    665                       490    175
...............................................................


WIND (MPH)
  HIGHEST WIND SPEED    15   HIGHEST WIND DIRECTION     S (170)
  HIGHEST GUST SPEED    20   HIGHEST GUST DIRECTION     S (180)
  AVERAGE WIND SPEED     7.8


SKY COVER
  AVERAGE SKY COVER 0.0


WEATHER CONDITIONS
 THE FOLLOWING WEATHER WAS RECORDED YESTERDAY.
  NO SIGNIFICANT WEATHER WAS OBSERVED.


RELATIVE HUMIDITY (PERCENT)
 HIGHEST    84           300 AM
 LOWEST     21           400 PM
 AVERAGE    53

..........................................................


THE CLAYTON  NM CLIMATE NORMALS FOR TODAY
                         NORMAL    RECORD    YEAR
 MAXIMUM TEMPERATURE (F)   88        99      2011
                                             1946
                                             1910
 MINIMUM TEMPERATURE (F)   61        49      2005


SUNRISE AND SUNSET
JULY 27 2016..........SUNRISE   555 AM MDT   SUNSET   802 PM MDT
JULY 28 2016..........SUNRISE   556 AM MDT   SUNSET   801 PM MDT


-  INDICATES NEGATIVE NUMBERS.
R  INDICATES RECORD WAS SET OR TIED.
MM INDICATES DATA IS MISSING.
T  INDICATES TRACE AMOUNT.




$$
