026
CDUS45 KABQ 290839
CLICAO


CLIMATE REPORT
NATIONAL WEATHER SERVICE ALBUQUERQUE NM
238 AM MDT MON AUG 29 2016


...................................

...THE CLAYTON  NM CLIMATE SUMMARY FOR AUGUST 28 2016...

CLIMATE NORMAL PERIOD 1981 TO 2010
CLIMATE RECORD PERIOD 1896 TO 2016


WEATHER ITEM   OBSERVED TIME   RECORD YEAR NORMAL DEPARTURE
                VALUE   (LST)  VALUE       VALUE  FROM
                                                  NORMAL
...............................................................
TEMPERATURE (F)
 YESTERDAY
  MAXIMUM         84    355 PM 101    1922  85     -1
  MINIMUM         58    611 AM  44    1917  59     -1
  AVERAGE         71                        72     -1

PRECIPITATION (IN)
  YESTERDAY        0.00          0.81 1911   0.08  -0.08
  MONTH TO DATE    6.49                      2.72   3.77
  SINCE JUN 1     12.11                      7.51   4.60
  SINCE JAN 1     15.75                     11.98   3.77

SNOWFALL (IN)
  YESTERDAY        0.0
  MONTH TO DATE    0.0
  SINCE JUN 1      0.0
  SINCE JUL 1      0.0

DEGREE DAYS
 HEATING
  YESTERDAY        0                         0      0
  MONTH TO DATE    1                         0      1
  SINCE JUN 1      8                        25    -17
  SINCE JUL 1      1                         2     -1

 COOLING
  YESTERDAY        6                         7     -1
  MONTH TO DATE  211                       238    -27
  SINCE JUN 1    916                       724    192
  SINCE JAN 1    935                       775    160
...............................................................


WIND (MPH)
  HIGHEST WIND SPEED    23   HIGHEST WIND DIRECTION    SE (140)
  HIGHEST GUST SPEED    28   HIGHEST GUST DIRECTION    SE (150)
  AVERAGE WIND SPEED     9.7


SKY COVER
  AVERAGE SKY COVER 0.2


WEATHER CONDITIONS
 THE FOLLOWING WEATHER WAS RECORDED YESTERDAY.
  FOG


RELATIVE HUMIDITY (PERCENT)
 HIGHEST   100          1200 AM
 LOWEST     29           400 PM
 AVERAGE    65

..........................................................


THE CLAYTON  NM CLIMATE NORMALS FOR TODAY
                         NORMAL    RECORD    YEAR
 MAXIMUM TEMPERATURE (F)   85        98      1922
 MINIMUM TEMPERATURE (F)   59        43      1928


SUNRISE AND SUNSET
AUGUST 29 2016........SUNRISE   622 AM MDT   SUNSET   724 PM MDT
AUGUST 30 2016........SUNRISE   623 AM MDT   SUNSET   723 PM MDT


-  INDICATES NEGATIVE NUMBERS.
R  INDICATES RECORD WAS SET OR TIED.
MM INDICATES DATA IS MISSING.
T  INDICATES TRACE AMOUNT.




$$
