000
CDUS45 KABQ 200828
CLICAO


CLIMATE REPORT
NATIONAL WEATHER SERVICE ALBUQUERQUE NM
127 AM MST SAT DEC 20 2014


...................................

...THE CLAYTON  NM CLIMATE SUMMARY FOR DECEMBER 19 2014...

CLIMATE NORMAL PERIOD 1981 TO 2010
CLIMATE RECORD PERIOD 1896 TO 2014


WEATHER ITEM   OBSERVED TIME   RECORD YEAR NORMAL DEPARTURE
                VALUE   (LST)  VALUE       VALUE  FROM
                                                  NORMAL
...............................................................
TEMPERATURE (F)
 YESTERDAY
  MAXIMUM         50    346 PM  72    1917  47      3
  MINIMUM         25    600 AM  -8    1924  21      4
  AVERAGE         38                        34      4

PRECIPITATION (IN)
  YESTERDAY        0.00          0.60 1918   0.01  -0.01
  MONTH TO DATE    0.24                      0.22   0.02
  SINCE DEC 1      0.24                      0.22   0.02
  SINCE JAN 1     13.13                     15.65  -2.52

SNOWFALL (IN)
  YESTERDAY        0.0
  MONTH TO DATE    T
  SINCE DEC 1      T
  SINCE JUL 1      2.6

DEGREE DAYS
 HEATING
  YESTERDAY       27                        31     -4
  MONTH TO DATE  451                       569   -118
  SINCE DEC 1    451                       569   -118
  SINCE JUL 1   1403                      1621   -218

 COOLING
  YESTERDAY        0                         0      0
  MONTH TO DATE    0                         0      0
  SINCE DEC 1      0                         0      0
  SINCE JAN 1   1130                       909    221
...............................................................


WIND (MPH)
  HIGHEST WIND SPEED    13   HIGHEST WIND DIRECTION     S (170)
  HIGHEST GUST SPEED    17   HIGHEST GUST DIRECTION     S (170)
  AVERAGE WIND SPEED     4.6


SKY COVER
  AVERAGE SKY COVER 0.3


WEATHER CONDITIONS
 THE FOLLOWING WEATHER WAS RECORDED YESTERDAY.
  NO SIGNIFICANT WEATHER WAS OBSERVED.


RELATIVE HUMIDITY (PERCENT)
 HIGHEST    92          1200 AM
 LOWEST     36           300 PM
 AVERAGE    64

..........................................................


THE CLAYTON  NM CLIMATE NORMALS FOR TODAY
                         NORMAL    RECORD    YEAR
 MAXIMUM TEMPERATURE (F)   47        75      1917
 MINIMUM TEMPERATURE (F)   21        -6      1924


SUNRISE AND SUNSET
DECEMBER 20 2014......SUNRISE   700 AM MST   SUNSET   440 PM MST
DECEMBER 21 2014......SUNRISE   701 AM MST   SUNSET   441 PM MST


-  INDICATES NEGATIVE NUMBERS.
R  INDICATES RECORD WAS SET OR TIED.
MM INDICATES DATA IS MISSING.
T  INDICATES TRACE AMOUNT.




$$
