000
CDUS45 KABQ 250827
CLICAO


CLIMATE REPORT
NATIONAL WEATHER SERVICE ALBUQUERQUE NM
226 AM MDT MON SEP 25 2017


...................................

...THE CLAYTON  NM CLIMATE SUMMARY FOR SEPTEMBER 24 2017...

CLIMATE NORMAL PERIOD 1981 TO 2010
CLIMATE RECORD PERIOD 1896 TO 2017


WEATHER ITEM   OBSERVED TIME   RECORD YEAR NORMAL DEPARTURE
                VALUE   (LST)  VALUE       VALUE  FROM
                                                  NORMAL
...............................................................
TEMPERATURE (F)
 YESTERDAY
  MAXIMUM         76    327 PM  92    1998  76      0
  MINIMUM         55    735 PM  35    1928  49      6
                                      1926
  AVERAGE         66                        62      4

PRECIPITATION (IN)
  YESTERDAY        0.46          1.21 1955   0.05   0.41
  MONTH TO DATE    2.09                      1.39   0.70
  SINCE SEP 1      2.09                      1.39   0.70
  SINCE JAN 1     17.01                     13.59   3.42

SNOWFALL (IN)
  YESTERDAY        0.0
  MONTH TO DATE    0.0
  SINCE SEP 1      0.0
  SINCE JUL 1      0.0

DEGREE DAYS
 HEATING
  YESTERDAY        0                         4     -4
  MONTH TO DATE   12                        47    -35
  SINCE SEP 1     12                        47    -35
  SINCE JUL 1     16                        53    -37

 COOLING
  YESTERDAY        1                         2     -1
  MONTH TO DATE  112                        95     17
  SINCE SEP 1    112                        95     17
  SINCE JAN 1    822                       892    -70
...............................................................


WIND (MPH)
  HIGHEST WIND SPEED    25   HIGHEST WIND DIRECTION     S (170)
  HIGHEST GUST SPEED    30   HIGHEST GUST DIRECTION    SE (140)
  AVERAGE WIND SPEED    13.8


SKY COVER
  AVERAGE SKY COVER 0.8


WEATHER CONDITIONS
 THE FOLLOWING WEATHER WAS RECORDED YESTERDAY.
  THUNDERSTORM
  HEAVY RAIN
  LIGHT RAIN
  FOG


RELATIVE HUMIDITY (PERCENT)
 HIGHEST   100          1200 AM
 LOWEST     43           400 PM
 AVERAGE    72

..........................................................


THE CLAYTON  NM CLIMATE NORMALS FOR TODAY
                         NORMAL    RECORD    YEAR
 MAXIMUM TEMPERATURE (F)   76        93      1898
 MINIMUM TEMPERATURE (F)   48        31      1926


SUNRISE AND SUNSET
SEPTEMBER 25 2017.....SUNRISE   643 AM MDT   SUNSET   645 PM MDT
SEPTEMBER 26 2017.....SUNRISE   644 AM MDT   SUNSET   643 PM MDT


-  INDICATES NEGATIVE NUMBERS.
R  INDICATES RECORD WAS SET OR TIED.
MM INDICATES DATA IS MISSING.
T  INDICATES TRACE AMOUNT.




$$
