415
CDUS41 KCAR 252028
CLICAR

CLIMATE REPORT
NATIONAL WEATHER SERVICE CARIBOU, ME
427 PM EDT MON SEP 25 2017


...................................

...THE CARIBOU ME CLIMATE SUMMARY FOR SEPTEMBER 25 2017...
VALID TODAY AS OF 0400 PM LOCAL TIME.

CLIMATE NORMAL PERIOD 1981 TO 2010
CLIMATE RECORD PERIOD 1939 TO 2017


WEATHER ITEM   OBSERVED TIME   RECORD YEAR NORMAL DEPARTURE LAST
                VALUE   (LST)  VALUE       VALUE  FROM      YEAR
                                                  NORMAL
..................................................................
TEMPERATURE (F)
 TODAY
  MAXIMUM         88R   236 PM  83    2007  61     27       55
  MINIMUM         58    520 AM  24    1939  41     17       39
  AVERAGE         73                        51     22       47

PRECIPITATION (IN)
  TODAY            0.00          1.97 1970   0.11  -0.11      T
  MONTH TO DATE    2.84                      2.75   0.09     2.47
  SINCE SEP 1      2.84                      2.75   0.09     2.47
  SINCE JAN 1     28.70                     27.49   1.21    33.58

SNOWFALL (IN)
  TODAY            0.0           0.0  2002   0.1   -0.1      0.0
                                      2001
  MONTH TO DATE    0.0                       0.1   -0.1      0.0
  SINCE SEP 1      0.0                       0.1   -0.1      0.0
  SINCE JUL 1      0.0                       0.1   -0.1      0.0
  SNOW DEPTH       0

DEGREE DAYS
 HEATING
  TODAY            0                        14    -14       18
  MONTH TO DATE   93                       237   -144      124
  SINCE SEP 1     93                       237   -144      124
  SINCE JUL 1    217                       391   -174      204

 COOLING
  TODAY            8                         0      8        0
  MONTH TO DATE   25                        10     15       22
  SINCE SEP 1     25                        10     15       22
  SINCE JAN 1    212                       179     33      275
..................................................................


WIND (MPH)
  HIGHEST WIND SPEED    13   HIGHEST WIND DIRECTION    SW (210)
  HIGHEST GUST SPEED    18   HIGHEST GUST DIRECTION    SW (230)
  AVERAGE WIND SPEED     5.6


SKY COVER
  POSSIBLE SUNSHINE  MM
  AVERAGE SKY COVER 0.3


WEATHER CONDITIONS
 THE FOLLOWING WEATHER WAS RECORDED TODAY.
  NO SIGNIFICANT WEATHER WAS OBSERVED.


RELATIVE HUMIDITY (PERCENT)
 HIGHEST    93           400 AM
 LOWEST     50           300 PM
 AVERAGE    72

..........................................................


THE CARIBOU ME CLIMATE NORMALS FOR TOMORROW
                         NORMAL    RECORD    YEAR
 MAXIMUM TEMPERATURE (F)   61        81      2007
 MINIMUM TEMPERATURE (F)   41        26      2009


SUNRISE AND SUNSET
SEPTEMBER 25 2017.....SUNRISE   623 AM EDT   SUNSET   623 PM EDT
SEPTEMBER 26 2017.....SUNRISE   624 AM EDT   SUNSET   621 PM EDT


-  INDICATES NEGATIVE NUMBERS.
R  INDICATES RECORD WAS SET OR TIED.
MM INDICATES DATA IS MISSING.
T  INDICATES TRACE AMOUNT.

..................................................................
THE CARIBOU ME 4 INCH UNDER SOD SOIL TEMPERATURE FOR SEPT 25, 2017

MAXIMUM 70F
MINIMUM 65F


$$
