000
CDUS41 KCAR 312034
CLICAR

CLIMATE REPORT
NATIONAL WEATHER SERVICE CARIBOU, ME
431 PM EDT WED AUG 31 2016


...................................

...THE CARIBOU ME CLIMATE SUMMARY FOR AUGUST 31 2016...
VALID TODAY AS OF 0400 PM LOCAL TIME.

CLIMATE NORMAL PERIOD 1981 TO 2010
CLIMATE RECORD PERIOD 1939 TO 2016


WEATHER ITEM   OBSERVED TIME   RECORD YEAR NORMAL DEPARTURE LAST
                VALUE   (LST)  VALUE       VALUE  FROM      YEAR
                                                  NORMAL
..................................................................
TEMPERATURE (F)
 TODAY
  MAXIMUM         79    254 PM  93    2010  71      8       78
  MINIMUM         58    347 AM  34    2002  50      8       60
                                      1965
  AVERAGE         69                        60      9       69

PRECIPITATION (IN)
  TODAY            0.00          1.55 2005   0.11  -0.11     0.00
  MONTH TO DATE    5.89                      3.76   2.13     4.18
  SINCE JUN 1     15.18                     11.32   3.86    11.62
  SINCE JAN 1     31.11                     24.74   6.37    22.47

SNOWFALL (IN)
  TODAY            0.0           0.0  2002   0.0    0.0      0.0
                                      2001
  MONTH TO DATE    0.0                       0.0    0.0      0.0
  SINCE JUN 1      0.0                       0.0    0.0      0.0
  SINCE JUL 1      0.0                       0.0    0.0      0.0
  SNOW DEPTH       0

DEGREE DAYS
 HEATING
  TODAY            0                         6     -6        0
  MONTH TO DATE   32                        96    -64       12
  SINCE JUN 1    224                       319    -95      289
  SINCE JUL 1     80                       154    -74       77

 COOLING
  TODAY            4                         1      3        4
  MONTH TO DATE   91                        53     38      120
  SINCE JUN 1    245                       164     81      182
  SINCE JAN 1    253                       169     84      203
..................................................................


WIND (MPH)
  HIGHEST WIND SPEED    14   HIGHEST WIND DIRECTION    SW (230)
  HIGHEST GUST SPEED    17   HIGHEST GUST DIRECTION    SW (230)
  AVERAGE WIND SPEED     4.2


SKY COVER
  POSSIBLE SUNSHINE  MM
  AVERAGE SKY COVER 0.8


WEATHER CONDITIONS
 THE FOLLOWING WEATHER WAS RECORDED TODAY.
  NO SIGNIFICANT WEATHER WAS OBSERVED.


RELATIVE HUMIDITY (PERCENT)
 HIGHEST    93          1200 AM
 LOWEST     52           200 PM
 AVERAGE    73

..........................................................


THE CARIBOU ME CLIMATE NORMALS FOR TOMORROW
                         NORMAL    RECORD    YEAR
 MAXIMUM TEMPERATURE (F)   71        92      2010
 MINIMUM TEMPERATURE (F)   49        37      1979


SUNRISE AND SUNSET
AUGUST 31 2016........SUNRISE   551 AM EDT   SUNSET   713 PM EDT
SEPTEMBER  1 2016.....SUNRISE   552 AM EDT   SUNSET   711 PM EDT


-  INDICATES NEGATIVE NUMBERS.
R  INDICATES RECORD WAS SET OR TIED.
MM INDICATES DATA IS MISSING.
T  INDICATES TRACE AMOUNT.

..........................................................

THE CARIBOU ME 4-INCH UNDER SOD SOIL TEMPERATURE FOR AUG 31 2016:

MAXIMUM TEMPERATURE: 71 F
MINIMUM TEMPERATURE: 67 F


$$
