000
CDUS41 KCAR 180531
CLICAR


CLIMATE REPORT
NATIONAL WEATHER SERVICE CARIBOU, ME
1231 AM EST SAT NOV 18 2017


...................................

...THE CARIBOU ME CLIMATE SUMMARY FOR NOVEMBER 17 2017...

CLIMATE NORMAL PERIOD 1981 TO 2010
CLIMATE RECORD PERIOD 1939 TO 2017


WEATHER ITEM   OBSERVED TIME   RECORD YEAR NORMAL DEPARTURE LAST
                VALUE   (LST)  VALUE       VALUE  FROM      YEAR
                                                  NORMAL
..................................................................
TEMPERATURE (F)
 YESTERDAY
  MAXIMUM         36   1257 AM  64    2006  38     -2       51
  MINIMUM         24   1159 PM   4    1943  24      0       43
  AVERAGE         30                        31     -1       47

PRECIPITATION (IN)
  YESTERDAY        0.48          0.83 1965   0.12   0.36     0.03
  MONTH TO DATE    2.39                      2.05   0.34     1.20
  SINCE SEP 1     11.75                      8.90   2.85     6.22
  SINCE JAN 1     37.61                     33.64   3.97    37.33

SNOWFALL (IN)
  YESTERDAY        0.8           5.9  2002   0.3    0.5      0.0
  MONTH TO DATE    0.8                       4.3   -3.5       T
  SINCE SEP 1      0.8                       6.0   -5.2       T
  SINCE JUL 1      0.8                       6.0   -5.2       T
  SNOW DEPTH       1

DEGREE DAYS
 HEATING
  YESTERDAY       35                        34      1       18
  MONTH TO DATE  540                       523     17      434
  SINCE SEP 1   1100                      1509   -409     1205
  SINCE JUL 1   1224                      1663   -439     1285

 COOLING
  YESTERDAY        0                         0      0        0
  MONTH TO DATE    0                         0      0        0
  SINCE SEP 1     35                        11     24       22
  SINCE JAN 1    222                       180     42      275
..................................................................


WIND (MPH)
  HIGHEST WIND SPEED    29   HIGHEST WIND DIRECTION    NW (310)
  HIGHEST GUST SPEED    39   HIGHEST GUST DIRECTION    NW (310)
  AVERAGE WIND SPEED    16.3


SKY COVER
  POSSIBLE SUNSHINE  MM
  AVERAGE SKY COVER 1.0


WEATHER CONDITIONS
 THE FOLLOWING WEATHER WAS RECORDED YESTERDAY.
  RAIN
  LIGHT RAIN
  LIGHT SNOW
  FOG


RELATIVE HUMIDITY (PERCENT)
 HIGHEST    96           400 AM
 LOWEST     68           800 PM
 AVERAGE    82

..........................................................


THE CARIBOU ME CLIMATE NORMALS FOR TODAY
                         NORMAL    RECORD    YEAR
 MAXIMUM TEMPERATURE (F)   37        61      1987
 MINIMUM TEMPERATURE (F)   24         3      1943


SUNRISE AND SUNSET
NOVEMBER 18 2017......SUNRISE   640 AM EST   SUNSET   355 PM EST
NOVEMBER 19 2017......SUNRISE   641 AM EST   SUNSET   354 PM EST


-  INDICATES NEGATIVE NUMBERS.
R  INDICATES RECORD WAS SET OR TIED.
MM INDICATES DATA IS MISSING.
T  INDICATES TRACE AMOUNT.




$$
