000
CDUS41 KCAR 200529
CLICAR


CLIMATE REPORT
NATIONAL WEATHER SERVICE CARIBOU, ME
127 AM EDT THU JUL 20 2017


...................................

...THE CARIBOU ME CLIMATE SUMMARY FOR JULY 19 2017...

CLIMATE NORMAL PERIOD 1981 TO 2010
CLIMATE RECORD PERIOD 1939 TO 2017


WEATHER ITEM   OBSERVED TIME   RECORD YEAR NORMAL DEPARTURE LAST
                VALUE   (LST)  VALUE       VALUE  FROM      YEAR
                                                  NORMAL
..................................................................
TEMPERATURE (F)
 YESTERDAY
  MAXIMUM         86    308 PM  95    1991  76     10       68
  MINIMUM         62    332 AM  42    1944  56      6       52
                                      1943
  AVERAGE         74                        66      8       60

PRECIPITATION (IN)
  YESTERDAY        0.01          1.20 2013   0.13  -0.12      T
  MONTH TO DATE    1.87                      2.57  -0.70     4.24
  SINCE JUN 1      6.26                      6.05   0.21     7.89
  SINCE JAN 1     22.83                     19.47   3.36    23.82

SNOWFALL (IN)
  YESTERDAY        0.0           0.0  2002   0.0    0.0      0.0
                                      2001
  MONTH TO DATE    0.0                       0.0    0.0      0.0
  SINCE JUN 1      0.0                       0.0    0.0      0.0
  SINCE JUL 1      0.0                       0.0    0.0      0.0
  SNOW DEPTH       0

DEGREE DAYS
 HEATING
  YESTERDAY        0                         1     -1        5
  MONTH TO DATE    6                        40    -34       47
  SINCE JUN 1    138                       205    -67      191
  SINCE JUL 1      6                        40    -34       47

 COOLING
  YESTERDAY        9                         2      7        0
  MONTH TO DATE   61                        43     18       50
  SINCE JUN 1    106                        77     29       95
  SINCE JAN 1    112                        82     30      103
..................................................................


WIND (MPH)
  HIGHEST WIND SPEED    16   HIGHEST WIND DIRECTION    SW (230)
  HIGHEST GUST SPEED    21   HIGHEST GUST DIRECTION    SW (240)
  AVERAGE WIND SPEED     6.9


SKY COVER
  POSSIBLE SUNSHINE  MM
  AVERAGE SKY COVER 0.6


WEATHER CONDITIONS
 THE FOLLOWING WEATHER WAS RECORDED YESTERDAY.
  LIGHT RAIN
  FOG


RELATIVE HUMIDITY (PERCENT)
 HIGHEST   100           200 AM
 LOWEST     44           300 PM
 AVERAGE    72

..........................................................


THE CARIBOU ME CLIMATE NORMALS FOR TODAY
                         NORMAL    RECORD    YEAR
 MAXIMUM TEMPERATURE (F)   76        95      1991
 MINIMUM TEMPERATURE (F)   56        40      1943


SUNRISE AND SUNSET
JULY 20 2017..........SUNRISE   458 AM EDT   SUNSET   818 PM EDT
JULY 21 2017..........SUNRISE   459 AM EDT   SUNSET   817 PM EDT


-  INDICATES NEGATIVE NUMBERS.
R  INDICATES RECORD WAS SET OR TIED.
MM INDICATES DATA IS MISSING.
T  INDICATES TRACE AMOUNT.

-------------------------------------------------------------------
THE CARIBOU ME 4 INCH UNDER SOD SOIL TEMPERATURES FOR JULY 19 2017

MAXIMUM 81F
MINIMUM 71F



$$
