000
CDUS41 KCAR 270537
CLICAR

CLIMATE REPORT
NATIONAL WEATHER SERVICE CARIBOU, ME
134 AM EDT SAT MAY 27 2017

...................................

...THE CARIBOU ME CLIMATE SUMMARY FOR MAY 26 2017...

CLIMATE NORMAL PERIOD 1981 TO 2010
CLIMATE RECORD PERIOD 1939 TO 2017


WEATHER ITEM   OBSERVED TIME   RECORD YEAR NORMAL DEPARTURE LAST
                VALUE   (LST)  VALUE       VALUE  FROM      YEAR
                                                  NORMAL
..................................................................
TEMPERATURE (F)
 YESTERDAY
  MAXIMUM         53    913 AM  88    1950  66    -13       63
  MINIMUM         47   1159 PM  32    1972  44      3       50
                                      1969
                                      1956
  AVERAGE         50                        55     -5       57

PRECIPITATION (IN)
  YESTERDAY        0.32          1.17 1947   0.11   0.21      T
  MONTH TO DATE    4.06                      2.76   1.30     2.36
  SINCE MAR 1     10.64                      7.93   2.71     9.86
  SINCE JAN 1     16.26                     12.85   3.41    15.33

SNOWFALL (IN)
  YESTERDAY        0.0           0.0  2002   0.0    0.0      0.0
                                      2001
  MONTH TO DATE    T                         0.5   -0.5      4.8
  SINCE MAR 1     33.0                      26.2    6.8     34.8
  SINCE JUL 1    129.6                     108.7   20.9     94.8
  SNOW DEPTH       0

DEGREE DAYS
 HEATING
  YESTERDAY       15                        10      5        8
  MONTH TO DATE  338                       375    -37      312
  SINCE MAR 1   2425                      2420      5     2442
  SINCE JUL 1   8406                      9141   -735     8184

 COOLING
  YESTERDAY        0                         0      0        0
  MONTH TO DATE    6                         0      6        7
  SINCE MAR 1      6                         0      6        7
  SINCE JAN 1      6                         0      6        7
..................................................................


WIND (MPH)
  HIGHEST WIND SPEED    18   HIGHEST WIND DIRECTION    NE (30)
  HIGHEST GUST SPEED    25   HIGHEST GUST DIRECTION    NE (50)
  AVERAGE WIND SPEED     8.8


SKY COVER
  POSSIBLE SUNSHINE  MM
  AVERAGE SKY COVER 1.0


WEATHER CONDITIONS
 THE FOLLOWING WEATHER WAS RECORDED YESTERDAY.
  LIGHT RAIN
  FOG


RELATIVE HUMIDITY (PERCENT)
 HIGHEST    89           400 PM
 LOWEST     59           800 AM
 AVERAGE    74

..........................................................


THE CARIBOU ME CLIMATE NORMALS FOR TODAY
                         NORMAL    RECORD    YEAR
 MAXIMUM TEMPERATURE (F)   66        92      1978
 MINIMUM TEMPERATURE (F)   44        30      1969


SUNRISE AND SUNSET
MAY 27 2017...........SUNRISE   445 AM EDT   SUNSET   814 PM EDT
MAY 28 2017...........SUNRISE   444 AM EDT   SUNSET   815 PM EDT


-  INDICATES NEGATIVE NUMBERS.
R  INDICATES RECORD WAS SET OR TIED.
MM INDICATES DATA IS MISSING.
T  INDICATES TRACE AMOUNT.

..........................................................
THE CARIBOU ME 4 INCH UNDER SOD SOIL TEMPERATURE FOR MAY 26 2017

MAXIMUM 60F
MINIMUM 55F

$$
