139
CDUS41 KCAR 160530
CLICAR


CLIMATE REPORT
NATIONAL WEATHER SERVICE CARIBOU, ME
1230 AM EST MON JAN 16 2017


...................................

...THE CARIBOU ME CLIMATE SUMMARY FOR JANUARY 15 2017...

CLIMATE NORMAL PERIOD 1981 TO 2010
CLIMATE RECORD PERIOD 1939 TO 2017


WEATHER ITEM   OBSERVED TIME   RECORD YEAR NORMAL DEPARTURE LAST
                VALUE   (LST)  VALUE       VALUE  FROM      YEAR
                                                  NORMAL
..................................................................
TEMPERATURE (F)
 YESTERDAY
  MAXIMUM          9    212 PM  53    1995  19    -10       16
  MINIMUM         -9   1140 PM -28    2009   0     -9       -5
                                      1957
  AVERAGE          0                        10    -10        6

PRECIPITATION (IN)
  YESTERDAY        0.00          0.98 1999   0.08  -0.08     0.00
  MONTH TO DATE    1.46                      1.33   0.13     1.21
  SINCE DEC 1      5.66                      4.60   1.06     6.09
  SINCE JAN 1      1.46                      1.33   0.13     1.21

SNOWFALL (IN)
  YESTERDAY        0.0           9.2  1958   0.8   -0.8      0.0
  MONTH TO DATE   10.2                      12.2   -2.0      8.6
  SINCE DEC 1     51.4                      35.1   16.3     36.4
  SINCE JUL 1     71.6                      47.3   24.3     40.5
  SNOW DEPTH      21

DEGREE DAYS
 HEATING
  YESTERDAY       65                        55     10       59
  MONTH TO DATE  761                       814    -53      707
  SINCE DEC 1   2254                      2263     -9     1829
  SINCE JUL 1   3941                      4408   -467     3647

 COOLING
  YESTERDAY        0                         0      0        0
  MONTH TO DATE    0                         0      0        0
  SINCE DEC 1      0                         0      0        0
  SINCE JAN 1      0                         0      0        0
..................................................................


WIND (MPH)
  HIGHEST WIND SPEED    21   HIGHEST WIND DIRECTION    NW (320)
  HIGHEST GUST SPEED    28   HIGHEST GUST DIRECTION    NW (330)
  AVERAGE WIND SPEED     6.1


SKY COVER
  POSSIBLE SUNSHINE  MM
  AVERAGE SKY COVER 0.3


WEATHER CONDITIONS
 THE FOLLOWING WEATHER WAS RECORDED YESTERDAY.
  NO SIGNIFICANT WEATHER WAS OBSERVED.


RELATIVE HUMIDITY (PERCENT)
 HIGHEST    83          1000 PM
 LOWEST     50          1000 AM
 AVERAGE    67

..........................................................


THE CARIBOU ME CLIMATE NORMALS FOR TODAY
                         NORMAL    RECORD    YEAR
 MAXIMUM TEMPERATURE (F)   19        48      1995
 MINIMUM TEMPERATURE (F)    0       -37      2009


SUNRISE AND SUNSET
JANUARY 16 2017.......SUNRISE   712 AM EST   SUNSET   412 PM EST
JANUARY 17 2017.......SUNRISE   711 AM EST   SUNSET   414 PM EST


-  INDICATES NEGATIVE NUMBERS.
R  INDICATES RECORD WAS SET OR TIED.
MM INDICATES DATA IS MISSING.
T  INDICATES TRACE AMOUNT.




$$
