000
CDAK48 PACD 011109
CLICDB

CLIMATE REPORT
NATIONAL WEATHER SERVICE COLD BAY, AK
209 AM AKST SUN MAR 1 2015

...................................
...THE COLD BAY AP CLIMATE SUMMARY FOR FEBRUARY 28 2015...

CLIMATE NORMAL PERIOD  1981 TO  2010
CLIMATE RECORD PERIOD  1942 TO  2015

WEATHER ITEM   OBSERVED TIME    RECORD YEAR NORMAL DEPARTURE LAST
               VALUE    (LST)   VALUE       VALUE  FROM      YEAR
                                                   NORMAL
...................................................................
TEMPERATURE
YESTERDAY
 MAXIMUM            45  0355 PM    50  1991     35      10     42
 MINIMUM            31  1035 PM     1  1956     25       6     33
 AVERAGE            38                          30       8     38

PRECIPITATION
(INCHES)
 YESTERDAY        0.00           0.96  1985   0.10   -0.10      T
 MONTH TO DATE    1.10                        2.98   -1.88   4.12
 SINCE DEC 1      5.43                       10.60   -5.17  12.76
 SINCE JAN 1      2.51                        6.14   -3.63   8.45

SNOWFALL
(INCHES)
 YESTERDAY         0.0           16.5  1984    0.5    -0.5      T
 MONTH TO DATE     1.0                        12.9   -11.9   13.2
 SINCE DEC 1       4.8                        39.6   -34.8   25.5
 SINCE JUL 1       8.7                        52.2   -43.5   29.1
 SNOW DEPTH (IN)     0                                          0

DEGREE DAYS
 HEATING
  YESTERDAY         27                          35      -8     27
  MONTH TO DATE    850                        1008    -158    955
  SINCE DEC 1     2861                        3198    -337   2628
  SINCE JUL 1     5373                        6224    -851   5144

 COOLING
  YESTERDAY          0                           0       0      0
  MONTH TO DATE      0                           0       0      0
  SINCE DEC 1        0                           0       0      0
  SINCE JAN 1        0                           0       0      0
...................................................................

WIND (MPH)
 HIGHEST WIND SPEED    23     HIGHEST WIND DIRECTION    360
 HIGHEST GUST SPEED    28     HIGHEST GUST DIRECTION     20
 AVERAGE WIND SPEED   9.7


WEATHER CONDITIONS
 THE FOLLOWING WEATHER WAS RECORDED YESTERDAY.
  FOG

...................................................................

THE COLD BAY CLIMATE NORMALS FOR TODAY
                           NORMAL    RECORD   YEAR
 MAXIMUM TEMPERATURE (F)     35        51     1967
 MINIMUM TEMPERATURE (F)     25        -3     1956

SUNRISE AND SUNSET
 MAR 1 2015..........SUNRISE  8:42 AM      SUNSET  7:27 PM
 MAR 2 2015..........SUNRISE  8:39 AM      SUNSET  7:29 PM

-  INDICATES NEGATIVE NUMBERS.
R  INDICATES RECORD HAS BEEN SET OR TIED.
MM INDICATES DATA IS MISSING.
T  INDICATES TRACE OF PRECIPITATION.

&&
-------------------------------------------------------------------

AMOUNT OF DAYLIGHT TODAY  (HOUR:MIN)........10 HOURS 45 MINUTES
GAIN SINCE YESTERDAY (HOUR:MIN:SEC).........+0:04:30

$$

RCS MAR 15
