480
CDAK48 PAFC 301244 RRA
CLICDB

CLIMATE REPORT
NATIONAL WEATHER SERVICE ANCHORAGE, AK
443 AM AKDT FRI SEP 30 2016


...................................

...THE COLD BAY CLIMATE SUMMARY FOR SEPTEMBER 29 2016...

CLIMATE NORMAL PERIOD 1981 TO 2010
CLIMATE RECORD PERIOD 1942 TO 2016


WEATHER ITEM   OBSERVED TIME   RECORD YEAR NORMAL DEPARTURE LAST
                VALUE   (LST)  VALUE       VALUE  FROM      YEAR
                                                  NORMAL
..................................................................
TEMPERATURE (F)
 YESTERDAY
  MAXIMUM         54    402 PM  60    1954  50      4       MM
  MINIMUM         50    748 AM  30    1951  40     10       MM
  AVERAGE         52                        45      7       MM

PRECIPITATION (IN)
  YESTERDAY        0.17          1.50 2004   0.16   0.01     0.11
  MONTH TO DATE    4.01                      4.56  -0.55     3.81
  SINCE SEP 1      4.01                      4.56  -0.55     3.81
  SINCE JAN 1     23.30                     27.30  -4.00    21.69

SNOWFALL (IN)
  YESTERDAY        0.0          MM      MM   0.0    0.0     MM
  MONTH TO DATE    0.0                       0.0    0.0      0.0
  SINCE SEP 1      0.0                       0.0    0.0      0.0
  SINCE JUL 1      0.0                       0.0    0.0      0.0
  SNOW DEPTH       0

DEGREE DAYS
 HEATING
  YESTERDAY       13                        20     -7       MM
  MONTH TO DATE  371                       487   -116      320
  SINCE SEP 1    371                       487   -116      320
  SINCE JUL 1    842                      1326   -484     1044

 COOLING
  YESTERDAY        0                         0      0       MM
  MONTH TO DATE    0                         0      0        0
  SINCE SEP 1      0                         0      0        0
  SINCE JAN 1      0                         0      0        0
..................................................................


WIND (MPH)
  RESULTANT WIND SPEED  25   RESULTANT WIND DIRECTION  SE (140)
  HIGHEST WIND SPEED    41   HIGHEST WIND DIRECTION    SE (140)
  HIGHEST GUST SPEED    51   HIGHEST GUST DIRECTION    SE (140)
  AVERAGE WIND SPEED    26.5



WEATHER CONDITIONS
 THE FOLLOWING WEATHER WAS RECORDED YESTERDAY.
  RAIN
  LIGHT RAIN
  FOG


RELATIVE HUMIDITY (PERCENT)
 HIGHEST    96
 LOWEST     66
 AVERAGE    81

..........................................................


THE COLD BAY CLIMATE NORMALS FOR TODAY
                         NORMAL    RECORD    YEAR
 MAXIMUM TEMPERATURE (F)   50        58      2006
 MINIMUM TEMPERATURE (F)   40        30      1972
                                             1965
                                             1953


SUNRISE AND SUNSET
SEPTEMBER 30 2016.....SUNRISE   853 AM AKDT  SUNSET   827 PM AKDT
OCTOBER  1 2016.......SUNRISE   855 AM AKDT  SUNSET   825 PM AKDT

CIVIL TWILIGHT
SEPTEMBER 30 2016       START   723 AM AKDT     END   816 PM AKDT
OCTOBER 1 2016          START   726 AM AKDT     END   812 PM AKDT



-  INDICATES NEGATIVE NUMBERS.
R  INDICATES RECORD WAS SET OR TIED.
MM INDICATES DATA IS MISSING.
T  INDICATES TRACE AMOUNT.




$$
&&
------------------------------------------------------
AMOUNT OF DAYLIGHT TODAY  (HOUR:MIN)........11:27
GAIN/LOSS SINCE YESTERDAY (HOUR:MIN:SEC)....-0:05:39
