000
CDAK48 PACD 270142
CLICDB


CLIMATE REPORT
NATIONAL WEATHER SERVICE ANCHORAGE, AK
542 PM AKDT WED JUL 26 2017


...................................

...THE COLD BAY CLIMATE SUMMARY FOR JULY 26 2017...
VALID TODAY AS OF 0500 PM LOCAL TIME.

CLIMATE NORMAL PERIOD 1981 TO 2010
CLIMATE RECORD PERIOD 1942 TO 2017


WEATHER ITEM   OBSERVED TIME   RECORD YEAR NORMAL DEPARTURE LAST
                VALUE   (LST)  VALUE       VALUE  FROM      YEAR
                                                  NORMAL
..................................................................
TEMPERATURE (F)
 TODAY
  MAXIMUM         53        MM  69    1987  56     -3       58
  MINIMUM         48        MM  39    1974  47      1       50
                                      1964
  AVERAGE         51                        52     -1       54

PRECIPITATION (IN)
  TODAY            0.02          1.07 1982   0.09  -0.07      T
  MONTH TO DATE    1.31                      2.03  -0.72     1.56
  SINCE JUN 1      3.25                      4.75  -1.50     3.29
  SINCE JAN 1     13.22                     18.61  -5.39    15.70

SNOWFALL (IN)
  TODAY            0.0          MM      MM   0.0    0.0      0.0
  MONTH TO DATE    0.0                       0.0    0.0      0.0
  SINCE JUN 1      0.0                       T      0.0      0.0
  SINCE JUL 1      0.0                       0.0    0.0      0.0
  SNOW DEPTH       0

DEGREE DAYS
 HEATING
  TODAY           14                        13      1       11
  MONTH TO DATE  323                       373    -50      192
  SINCE JUN 1    824                       934   -110      626
  SINCE JUL 1    323                       373    -50      192

 COOLING
  TODAY            0                         0      0        0
  MONTH TO DATE    0                         0      0        0
  SINCE JUN 1      0                         0      0        0
  SINCE JAN 1      0                         0      0        0
..................................................................


WIND (MPH)
  RESULTANT WIND SPEED  18   RESULTANT WIND DIRECTION   W (280)
  HIGHEST WIND SPEED    21   HIGHEST WIND DIRECTION     W (280)
  HIGHEST GUST SPEED    MM   HIGHEST GUST DIRECTION    MM
  AVERAGE WIND SPEED    17.8



WEATHER CONDITIONS
 THE FOLLOWING WEATHER WAS RECORDED TODAY.
  LIGHT RAIN
  FOG


RELATIVE HUMIDITY (PERCENT)
 HIGHEST   100
 LOWEST    100
 AVERAGE   100

..........................................................


THE COLD BAY CLIMATE NORMALS FOR TOMORROW
                         NORMAL    RECORD    YEAR
 MAXIMUM TEMPERATURE (F)   56        69      1969
 MINIMUM TEMPERATURE (F)   47        39      1972


SUNRISE AND SUNSET
JULY 26 2017..........SUNRISE   649 AM AKDT  SUNSET  1105 PM AKDT
JULY 27 2017..........SUNRISE   651 AM AKDT  SUNSET  1103 PM AKDT


-  INDICATES NEGATIVE NUMBERS.
R  INDICATES RECORD WAS SET OR TIED.
MM INDICATES DATA IS MISSING.
T  INDICATES TRACE AMOUNT.




$$
