000
CDAK48 PACD 241301
CLICDB


CLIMATE REPORT
NATIONAL WEATHER SERVICE ANCHORAGE, AK
501 AM AKDT MON APR 24 2017


...................................

...THE COLD BAY CLIMATE SUMMARY FOR APRIL 23 2017...

CLIMATE NORMAL PERIOD 1981 TO 2010
CLIMATE RECORD PERIOD 1942 TO 2017


WEATHER ITEM   OBSERVED TIME   RECORD YEAR NORMAL DEPARTURE LAST
                VALUE   (LST)  VALUE       VALUE  FROM      YEAR
                                                  NORMAL
..................................................................
TEMPERATURE (F)
 YESTERDAY
  MAXIMUM         46    225 PM  54    2013  41      5       49
  MINIMUM         37    452 AM  15    1976  31      6       34
  AVERAGE         42                        36      6       42

PRECIPITATION (IN)
  YESTERDAY        0.04          0.62 1979   0.09  -0.05     0.04
  MONTH TO DATE    0.91                      1.88  -0.97     2.56
  SINCE MAR 1      0.95                      4.58  -3.63     3.75
  SINCE JAN 1      7.93                     10.72  -2.79    10.23

SNOWFALL (IN)
  YESTERDAY        T             2.0  2011   0.2   -0.2     MM
  MONTH TO DATE    2.6                       5.7   -3.1     MM
  SINCE MAR 1      2.9                      18.7  -15.8      0.0
  SINCE JUL 1     39.5                      70.9  -31.4     38.3
  SNOW DEPTH       0

DEGREE DAYS
 HEATING
  YESTERDAY       23                        29     -6       23
  MONTH TO DATE  692                       730    -38      532
  SINCE MAR 1   1888                      1812     76     1449
  SINCE JUL 1   7448                      8030   -582     6665

 COOLING
  YESTERDAY        0                         0      0        0
  MONTH TO DATE    0                         0      0        0
  SINCE MAR 1      0                         0      0        0
  SINCE JAN 1      0                         0      0        0
..................................................................


WIND (MPH)
  RESULTANT WIND SPEED  17   RESULTANT WIND DIRECTION  SE (140)
  HIGHEST WIND SPEED    25   HIGHEST WIND DIRECTION    SE (130)
  HIGHEST GUST SPEED    30   HIGHEST GUST DIRECTION    SE (140)
  AVERAGE WIND SPEED    17.2



WEATHER CONDITIONS
 THE FOLLOWING WEATHER WAS RECORDED YESTERDAY.
  LIGHT RAIN
  FOG


RELATIVE HUMIDITY (PERCENT)
 HIGHEST   100
 LOWEST     76
 AVERAGE    88

..........................................................


THE COLD BAY CLIMATE NORMALS FOR TODAY
                         NORMAL    RECORD    YEAR
 MAXIMUM TEMPERATURE (F)   41        54      2013
 MINIMUM TEMPERATURE (F)   31        14      1976


SUNRISE AND SUNSET
APRIL 24 2017.........SUNRISE   725 AM AKDT  SUNSET  1015 PM AKDT
APRIL 25 2017.........SUNRISE   722 AM AKDT  SUNSET  1017 PM AKDT


-  INDICATES NEGATIVE NUMBERS.
R  INDICATES RECORD WAS SET OR TIED.
MM INDICATES DATA IS MISSING.
T  INDICATES TRACE AMOUNT.




$$
