154
CDAK48 PAFC 171251
CLICDB


CLIMATE REPORT
NATIONAL WEATHER SERVICE ANCHORAGE, AK
351 AM AKST WED JAN 17 2018


...................................

...THE COLD BAY CLIMATE SUMMARY FOR JANUARY 16 2018...

CLIMATE NORMAL PERIOD 1981 TO 2010
CLIMATE RECORD PERIOD 1942 TO 2018


WEATHER ITEM   OBSERVED TIME   RECORD YEAR NORMAL DEPARTURE LAST
                VALUE   (LST)  VALUE       VALUE  FROM      YEAR
                                                  NORMAL
..................................................................
TEMPERATURE (F)
 YESTERDAY
  MAXIMUM         38        MM  46    2014  33      5       24
                                      1963
  MINIMUM         26        MM   4    2012  23      3       10
  AVERAGE         32                        28      4       17

PRECIPITATION (IN)
  YESTERDAY        0.02          0.74 2009   0.10  -0.08     0.19
  MONTH TO DATE    2.34                      1.67   0.67     2.28
  SINCE SEP 1     19.90                     20.60  -0.70    24.65
  SINCE JAN 1      2.34                      1.67   0.67     2.28

SNOWFALL (IN)
  YESTERDAY        T             6.3  2009   0.4   -0.4      2.9
  MONTH TO DATE    3.4                       7.2   -3.8      3.9
  SINCE SEP 1     26.4                      32.4   -6.0     20.7
  SINCE JUL 1     26.4                      32.4   -6.0     20.7
  SNOW DEPTH       0

DEGREE DAYS
 HEATING
  YESTERDAY       33                        37     -4       48
  MONTH TO DATE  468                       584   -116      607
  SINCE DEC 1   1438                      1635   -197     1587
  SINCE JUL 1   4161                      4655   -494     3937

 COOLING
  YESTERDAY        0                         0      0        0
  MONTH TO DATE    0                         0      0        0
  SINCE DEC 1      0                         0      0        0
  SINCE JAN 1      0                         0      0        0
..................................................................


WIND (MPH)
  RESULTANT WIND SPEED   4   RESULTANT WIND DIRECTION   W (280)
  HIGHEST WIND SPEED    25   HIGHEST WIND DIRECTION    NW (330)
  HIGHEST GUST SPEED    35   HIGHEST GUST DIRECTION    NW (320)
  AVERAGE WIND SPEED     7.7



WEATHER CONDITIONS
 THE FOLLOWING WEATHER WAS RECORDED YESTERDAY.
  LIGHT RAIN
  LIGHT SNOW
  FOG


RELATIVE HUMIDITY (PERCENT)
 HIGHEST   100
 LOWEST     82
 AVERAGE    91

..........................................................


THE COLD BAY CLIMATE NORMALS FOR TODAY
                         NORMAL    RECORD    YEAR
 MAXIMUM TEMPERATURE (F)   33        45      2014
 MINIMUM TEMPERATURE (F)   23         1      2011


SUNRISE AND SUNSET
JANUARY 17 2018.......SUNRISE  1005 AM AKST  SUNSET   558 PM AKST
JANUARY 18 2018.......SUNRISE  1004 AM AKST  SUNSET   600 PM AKST


-  INDICATES NEGATIVE NUMBERS.
R  INDICATES RECORD WAS SET OR TIED.
MM INDICATES DATA IS MISSING.
T  INDICATES TRACE AMOUNT.




$$
