000
CDAK48 PAFC 180118
CLICDB


CLIMATE REPORT
NATIONAL WEATHER SERVICE ANCHORAGE, AK
417 PM AKST FRI NOV 17 2017


...................................

...THE COLD BAY CLIMATE SUMMARY FOR NOVEMBER 17 2017...
VALID TODAY AS OF 0400 PM LOCAL TIME.

CLIMATE NORMAL PERIOD 1981 TO 2010
CLIMATE RECORD PERIOD 1942 TO 2017


WEATHER ITEM   OBSERVED TIME   RECORD YEAR NORMAL DEPARTURE LAST
                VALUE   (LST)  VALUE       VALUE  FROM      YEAR
                                                  NORMAL
..................................................................
TEMPERATURE (F)
 TODAY
  MAXIMUM         43    259 PM  56    1990  39      4       39
  MINIMUM         38   1009 AM  10    1995  30      8       19
  AVERAGE         41                        34      7       29

PRECIPITATION (IN)
  TODAY            0.00          2.19 2004   0.17  -0.17      T
  MONTH TO DATE    0.92                      2.72  -1.80     1.92
  SINCE SEP 1      9.41                     12.21  -2.80    14.84
  SINCE JAN 1     28.97                     34.95  -5.98    34.14

SNOWFALL (IN)
  TODAY            0.0           2.3  1974   0.3   -0.3      0.0
  MONTH TO DATE    T                         4.9   -4.9       T
  SINCE SEP 1      2.1                       7.3   -5.2      1.5
  SINCE JUL 1      2.1                       7.3   -5.2      1.5
  SNOW DEPTH       0

DEGREE DAYS
 HEATING
  TODAY           24                        31     -7       36
  MONTH TO DATE  427                       503    -76      486
  SINCE SEP 1   1623                      1771   -148     1497
  SINCE JUL 1   2374                      2610   -236     1968

 COOLING
  TODAY            0                         0      0        0
  MONTH TO DATE    0                         0      0        0
  SINCE SEP 1      0                         0      0        0
  SINCE JAN 1      0                         0      0        0
..................................................................


WIND (MPH)
  RESULTANT WIND SPEED  23   RESULTANT WIND DIRECTION  NW (320)
  HIGHEST WIND SPEED    31   HIGHEST WIND DIRECTION    NW (310)
  HIGHEST GUST SPEED    39   HIGHEST GUST DIRECTION    NW (320)
  AVERAGE WIND SPEED    23.2



WEATHER CONDITIONS
 THE FOLLOWING WEATHER WAS RECORDED TODAY.
  NO SIGNIFICANT WEATHER WAS OBSERVED.


RELATIVE HUMIDITY (PERCENT)
 HIGHEST    85
 LOWEST     70
 AVERAGE    78

..........................................................


THE COLD BAY CLIMATE NORMALS FOR TOMORROW
                         NORMAL    RECORD    YEAR
 MAXIMUM TEMPERATURE (F)   39        49      1965
 MINIMUM TEMPERATURE (F)   30        13      1975


SUNRISE AND SUNSET
NOVEMBER 17 2017......SUNRISE   929 AM AKST  SUNSET   543 PM AKST
NOVEMBER 18 2017......SUNRISE   931 AM AKST  SUNSET   541 PM AKST


-  INDICATES NEGATIVE NUMBERS.
R  INDICATES RECORD WAS SET OR TIED.
MM INDICATES DATA IS MISSING.
T  INDICATES TRACE AMOUNT.




$$
