000
CDAK48 PACD 242317
CLICDB

CLIMATE REPORT
NATIONAL WEATHER SERVICE COLD BAY, AK
317 PM AKDT SUN MAY 24 2015

...................................
...THE COLD BAY AP CLIMATE SUMMARY FOR MAY 24 2015...
VALID TODAY AS OF 2:00 PM LOCAL TIME

CLIMATE NORMAL PERIOD  1981 TO  2010
CLIMATE RECORD PERIOD  1942 TO  2015

WEATHER ITEM   OBSERVED TIME    RECORD YEAR NORMAL DEPARTURE LAST
               VALUE    (LST)   VALUE       VALUE  FROM      YEAR
                                                   NORMAL
...................................................................
TEMPERATURE
TODAY
 MAXIMUM            51  1201 AM    59  2006     47       4     50
 MINIMUM            38  0658 AM    28  1985     37       1     35
 AVERAGE            45                          42       3     43

PRECIPITATION
(INCHES)
 TODAY            0.09           0.75  1971   0.10   -0.01   0.00
 MONTH TO DATE    3.17                        1.95    1.22   0.13
 SINCE MAR 1      8.28                        7.07    1.21   3.39
 SINCE JAN 1     10.79                       13.21   -2.42  11.84

SNOWFALL
(INCHES)
 TODAY             0.0            0.5  1975    0.0     0.0    0.0
 MONTH TO DATE       T                         1.2    -1.2      T
 SINCE MAR 1      13.6                        20.8    -7.2    8.2
 SINCE JUL 1      22.3                        73.0   -50.7   37.3
 SNOW DEPTH (IN)     0                                          0

DEGREE DAYS
 HEATING
  TODAY             20                          23      -3     22
  MONTH TO DATE    531                         608     -77    498
  SINCE MAR 1     2379                        2617    -238   2235
  SINCE JUL 1     7752                        8841   -1089   7379

 COOLING
  TODAY              0                           0       0      0
  MONTH TO DATE      0                           0       0      0
  SINCE MAR 1        0                           0       0      0
  SINCE JAN 1        0                           0       0      0
...................................................................

WIND (MPH)
 HIGHEST WIND SPEED    30     HIGHEST WIND DIRECTION    160
 HIGHEST GUST SPEED    35     HIGHEST GUST DIRECTION    170
 AVERAGE WIND SPEED    MM

WEATHER CONDITIONS
 THE FOLLOWING WEATHER WAS RECORDED TODAY.
  FOG
  RAIN

...................................................................

THE COLD BAY CLIMATE NORMALS FOR TOMORROW
                        NORMAL    RECORD   YEAR
 MAXIMUM TEMPERATURE      47        60     1997
 MINIMUM TEMPERATURE      37        26     2001

SUNRISE AND SUNSET
 MAY 24 2015..........SUNRISE  6:28 AM      SUNSET 11:09 PM
 MAY 25 2015..........SUNRISE  6:27 AM      SUNSET 11:11 PM

-  INDICATES NEGATIVE NUMBERS.
R  INDICATES RECORD HAS BEEN SET OR TIED.
MM INDICATES DATA IS MISSING.
T  INDICATES TRACE OF PRECIPITATION.

&&
-------------------------------------------------------------------

AMOUNT OF DAYLIGHT TODAY  (HOUR:MIN)........16 HOURS 41 MINUTES
GAIN SINCE YESTERDAY  (HOUR:MIN:SEC)........+0:03:00

$$

RCS MAY 15
