000
CDAK48 PACD 251714 CCA
CLICDB

CLIMATE REPORT...CORRECTED
NATIONAL WEATHER SERVICE COLD BAY, AK
814 AM AKST THU DEC 25 2014

...................................
...THE COLD BAY AP CLIMATE SUMMARY FOR DECEMBER 24 2014...

CLIMATE NORMAL PERIOD  1981 TO  2010
CLIMATE RECORD PERIOD  1955 TO  2014

WEATHER ITEM   OBSERVED TIME    RECORD YEAR NORMAL DEPARTURE LAST
               VALUE    (LST)   VALUE       VALUE  FROM      YEAR
                                                   NORMAL
...................................................................
TEMPERATURE
YESTERDAY
 MAXIMUM            40  0645 PM    54  1973     35       5     42
 MINIMUM            31  0826 AM     4  2006     26       5     38
 AVERAGE            36                          30       6     40

PRECIPITATION
(INCHES)
 YESTERDAY        0.02           0.65  1971   0.12   -0.10   0.05
 MONTH TO DATE    1.98                        3.60   -1.62   3.54
 SINCE DEC 1      1.98                        3.60   -1.62   3.54
 SINCE JAN 1     32.87                       40.81   -7.94  45.66

SNOWFALL
(INCHES)
 YESTERDAY         0.1            2.5  1957    0.4    -0.3    0.0
 MONTH TO DATE     2.3                         9.5    -7.2    7.0
 SINCE DEC 1       2.3                         9.5    -7.2    7.0
 SINCE JUL 1       6.2                        22.1   -15.9   10.6
 SNOW DEPTH (IN)     0                                          0

DEGREE DAYS
 HEATING
  YESTERDAY         29                          35      -6     25
  MONTH TO DATE    758                         804     -46    652
  SINCE DEC 1      758                         804     -46    652
  SINCE JUL 1     3270                        3830    -560   3168

 COOLING
  YESTERDAY          0                           0       0      0
  MONTH TO DATE      0                           0       0      0
  SINCE DEC 1        0                           0       0      0
  SINCE JAN 1        0                           0       0      0
...................................................................

WIND (MPH)
 HIGHEST WIND SPEED    32     HIGHEST WIND DIRECTION    160
 HIGHEST GUST SPEED    39     HIGHEST GUST DIRECTION    160
 AVERAGE WIND SPEED  18.3


WEATHER CONDITIONS
 THE FOLLOWING WEATHER WAS RECORDED YESTERDAY.
  FOG
  RAIN
  SNOW

...................................................................

THE COLD BAY CLIMATE NORMALS FOR TODAY
                           NORMAL    RECORD   YEAR
 MAXIMUM TEMPERATURE (F)     35        45     1971
 MINIMUM TEMPERATURE (F)     26         5     2006

SUNRISE AND SUNSET
 DEC 25 2014..........SUNRISE 10:18 AM      SUNSET  5:26 PM
 DEC 26 2014..........SUNRISE 10:18 AM      SUNSET  5:27 PM

-  INDICATES NEGATIVE NUMBERS.
R  INDICATES RECORD HAS BEEN SET OR TIED.
MM INDICATES DATA IS MISSING.
T  INDICATES TRACE OF PRECIPITATION.

&&
-------------------------------------------------------------------

AMOUNT OF DAYLIGHT TODAY  (HOUR:MIN)........7 HOURS 8 MINUTES
GAIN SINCE YESTERDAY (HOUR:MIN:SEC).........+0:00:27

$$
