000
CDAK48 PACD 250041
CLICDB


CLIMATE REPORT
NATIONAL WEATHER SERVICE ANCHORAGE, AK
441 PM AKDT WED MAY 24 2017


...................................

...THE COLD BAY CLIMATE SUMMARY FOR MAY 24 2017...
VALID TODAY AS OF 0400 PM LOCAL TIME.

CLIMATE NORMAL PERIOD 1981 TO 2010
CLIMATE RECORD PERIOD 1942 TO 2017


WEATHER ITEM   OBSERVED TIME   RECORD YEAR NORMAL DEPARTURE LAST
                VALUE   (LST)  VALUE       VALUE  FROM      YEAR
                                                  NORMAL
..................................................................
TEMPERATURE (F)
 TODAY
  MAXIMUM         48        MM  59    2006  47      1       52
  MINIMUM         37        MM  28    1985  37      0       41
  AVERAGE         43                        42      1       47

PRECIPITATION (IN)
  TODAY            0.11          0.75 1971   0.10   0.01     0.00
  MONTH TO DATE    1.55                      1.95  -0.40     1.57
  SINCE MAR 1      2.60                      7.07  -4.47     5.81
  SINCE JAN 1      9.58                     13.21  -3.63    12.29

SNOWFALL (IN)
  TODAY            0.0           0.5  1975   0.0    0.0      0.0
  MONTH TO DATE    0.0                       1.2   -1.2      0.0
  SINCE MAR 1      2.9                      20.8  -17.9      0.0
  SINCE JUL 1     39.5                      73.0  -33.5     38.3
  SNOW DEPTH       0

DEGREE DAYS
 HEATING
  TODAY           22                        23     -1       18
  MONTH TO DATE  555                       608    -53      465
  SINCE MAR 1   2610                      2620    -10     2078
  SINCE JUL 1   8170                      8838   -668     7294

 COOLING
  TODAY            0                         0      0        0
  MONTH TO DATE    0                         0      0        0
  SINCE MAR 1      0                         0      0        0
  SINCE JAN 1      0                         0      0        0
..................................................................


WIND (MPH)
  RESULTANT WIND SPEED  17   RESULTANT WIND DIRECTION   W (250)
  HIGHEST WIND SPEED    24   HIGHEST WIND DIRECTION     W (250)
  HIGHEST GUST SPEED    36   HIGHEST GUST DIRECTION     W (250)
  AVERAGE WIND SPEED    18.4



WEATHER CONDITIONS
 THE FOLLOWING WEATHER WAS RECORDED TODAY.
  RAIN
  LIGHT RAIN


RELATIVE HUMIDITY (PERCENT)
 HIGHEST   100
 LOWEST     65
 AVERAGE    83

..........................................................


THE COLD BAY CLIMATE NORMALS FOR TOMORROW
                         NORMAL    RECORD    YEAR
 MAXIMUM TEMPERATURE (F)   47        60      1997
 MINIMUM TEMPERATURE (F)   37        26      2001


SUNRISE AND SUNSET
MAY 24 2017...........SUNRISE   627 AM AKDT  SUNSET  1110 PM AKDT
MAY 25 2017...........SUNRISE   626 AM AKDT  SUNSET  1111 PM AKDT


-  INDICATES NEGATIVE NUMBERS.
R  INDICATES RECORD WAS SET OR TIED.
MM INDICATES DATA IS MISSING.
T  INDICATES TRACE AMOUNT.




$$
