000
CDUS45 KSLC 021220
CLICDC


CLIMATE REPORT
NATIONAL WEATHER SERVICE SALT LAKE CITY UT
619 AM MDT THU JUL 2 2015


...................................

...THE CEDAR CITY UT CLIMATE SUMMARY FOR JULY 1 2015...

CLIMATE NORMAL PERIOD 1981 TO 2010
CLIMATE RECORD PERIOD 1928 TO 2015


WEATHER ITEM   OBSERVED TIME   RECORD YEAR NORMAL DEPARTURE LAST
                VALUE   (LST)  VALUE       VALUE  FROM      YEAR
                                                  NORMAL
..................................................................
TEMPERATURE (F)
 YESTERDAY
  MAXIMUM         96    144 PM  99    1990  88      8       95
  MINIMUM         60    333 AM  40    1997  53      7       53
  AVERAGE         78                        71      7       74

PRECIPITATION (IN)
  YESTERDAY        0.00          0.13 1980   0.01  -0.01     0.00
  MONTH TO DATE    0.00                      0.01  -0.01     0.00
  SINCE OCT 1      9.66                      8.69   0.97     5.37
  SINCE JAN 1      7.53                      5.58   1.95     3.43

DEGREE DAYS
 HEATING
  YESTERDAY        0                         0      0        0
  MONTH TO DATE    0                         0      0        0
  SINCE JUN 1     25                        76    -51       27
  SINCE JUL 1      0                         0      0        0

 COOLING
  YESTERDAY       13                         6      7        9
  MONTH TO DATE   13                         6      7        9
  SINCE JUN 1    200                        99    101      109
  SINCE JAN 1    202                       107     95      134
..................................................................


WIND (MPH)
  RESULTANT WIND SPEED   2   RESULTANT WIND DIRECTION   E (80)
  HIGHEST WIND SPEED    13   HIGHEST WIND DIRECTION    SE (130)
  HIGHEST GUST SPEED    16   HIGHEST GUST DIRECTION     E (110)
  AVERAGE WIND SPEED     4.9



WEATHER CONDITIONS
 THE FOLLOWING WEATHER WAS RECORDED YESTERDAY.
  HAZE


RELATIVE HUMIDITY (PERCENT)
 HIGHEST    52           200 AM
 LOWEST     16           200 PM
 AVERAGE    34

..........................................................


THE CEDAR CITY UT CLIMATE NORMALS FOR TODAY
                         NORMAL    RECORD    YEAR
 MAXIMUM TEMPERATURE (F)   88       100      2013
 MINIMUM TEMPERATURE (F)   54        40      1992


SUNRISE AND SUNSET
JULY  2 2015..........SUNRISE   615 AM MDT   SUNSET   858 PM MDT
JULY  3 2015..........SUNRISE   615 AM MDT   SUNSET   858 PM MDT


-  INDICATES NEGATIVE NUMBERS.
R  INDICATES RECORD WAS SET OR TIED.
MM INDICATES DATA IS MISSING.
T  INDICATES TRACE AMOUNT.




$$
