000
CDUS45 KSLC 271216
CLICDC


CLIMATE REPORT
NATIONAL WEATHER SERVICE SALT LAKE CITY UT
615 AM MDT WED MAY 27 2015


...................................

...THE CEDAR CITY UT CLIMATE SUMMARY FOR MAY 26 2015...

CLIMATE NORMAL PERIOD 1981 TO 2010
CLIMATE RECORD PERIOD 1928 TO 2015


WEATHER ITEM   OBSERVED TIME   RECORD YEAR NORMAL DEPARTURE LAST
                VALUE   (LST)  VALUE       VALUE  FROM      YEAR
                                                  NORMAL
..................................................................
TEMPERATURE (F)
 YESTERDAY
  MAXIMUM         65    134 PM  91    1951  76    -11       85
  MINIMUM         49    834 PM  28    1980  42      7       41
  AVERAGE         57                        59     -2       63

PRECIPITATION (IN)
  YESTERDAY        0.36R         0.19 1992   0.02   0.34     0.00
  MONTH TO DATE    3.12                      0.64   2.48     1.38
  SINCE OCT 1      8.94                      8.02   0.92     5.37
  SINCE JAN 1      6.81                      4.91   1.90     3.43

DEGREE DAYS
 HEATING
  YESTERDAY        8                         7      1        2
  MONTH TO DATE  319                       262     57      268
  SINCE MAR 1   1487                      1586    -99     1502
  SINCE JUL 1   5325                      6148   -823     6089

 COOLING
  YESTERDAY        0                         0      0        0
  MONTH TO DATE    0                         0      0        7
  SINCE MAR 1      0                         0      0        7
  SINCE JAN 1      0                         0      0        7
..................................................................


WIND (MPH)
  RESULTANT WIND SPEED   3   RESULTANT WIND DIRECTION   E (100)
  HIGHEST WIND SPEED    25   HIGHEST WIND DIRECTION     N (350)
  HIGHEST GUST SPEED    33   HIGHEST GUST DIRECTION     W (290)
  AVERAGE WIND SPEED     5.8



WEATHER CONDITIONS
 THE FOLLOWING WEATHER WAS RECORDED YESTERDAY.
  THUNDERSTORM
  RAIN
  LIGHT RAIN
  FOG


RELATIVE HUMIDITY (PERCENT)
 HIGHEST    93           400 AM
 LOWEST     52          1100 AM
 AVERAGE    73

..........................................................


THE CEDAR CITY UT CLIMATE NORMALS FOR TODAY
                         NORMAL    RECORD    YEAR
 MAXIMUM TEMPERATURE (F)   76        90      2003
                                             1986
 MINIMUM TEMPERATURE (F)   42        33      2008
                                             1995


SUNRISE AND SUNSET
MAY 27 2015...........SUNRISE   615 AM MDT   SUNSET   845 PM MDT
MAY 28 2015...........SUNRISE   614 AM MDT   SUNSET   846 PM MDT


-  INDICATES NEGATIVE NUMBERS.
R  INDICATES RECORD WAS SET OR TIED.
MM INDICATES DATA IS MISSING.
T  INDICATES TRACE AMOUNT.




$$
