000
CDUS45 KSLC 221256
CLICDC


CLIMATE REPORT
NATIONAL WEATHER SERVICE SALT LAKE CITY UT
546 AM MST WED FEB 22 2017


...................................

...THE CEDAR CITY UT CLIMATE SUMMARY FOR FEBRUARY 21 2017...

CLIMATE NORMAL PERIOD 1981 TO 2010
CLIMATE RECORD PERIOD 1928 TO 2017


WEATHER ITEM   OBSERVED TIME   RECORD YEAR NORMAL DEPARTURE LAST
                VALUE   (LST)  VALUE       VALUE  FROM      YEAR
                                                  NORMAL
..................................................................
TEMPERATURE (F)
 YESTERDAY
  MAXIMUM         56   1144 AM  70    1995  48      8       58
  MINIMUM         41    457 AM  -9    1955  22     19       25
  AVERAGE         49                        35     14       42

PRECIPITATION (IN)
  YESTERDAY        0.00          0.39 2000   0.04  -0.04     0.00
  MONTH TO DATE    0.42                      0.72  -0.30     0.37
  SINCE OCT 1      4.33                      4.69  -0.36     5.03
  SINCE JAN 1      1.50                      1.58  -0.08     1.47

DEGREE DAYS
 HEATING
  YESTERDAY       16                        30    -14       23
  MONTH TO DATE  461                       681   -220      752
  SINCE DEC 1   2688                      2914   -226     3004
  SINCE JUL 1   3785                      4356   -571     4236

 COOLING
  YESTERDAY        0                         0      0        0
  MONTH TO DATE    0                         0      0        0
  SINCE DEC 1      0                         0      0        0
  SINCE JAN 1      0                         0      0        0
..................................................................


WIND (MPH)
  RESULTANT WIND SPEED  20   RESULTANT WIND DIRECTION  SW (210)
  HIGHEST WIND SPEED    35   HIGHEST WIND DIRECTION     S (200)
  HIGHEST GUST SPEED    46   HIGHEST GUST DIRECTION     S (190)
  AVERAGE WIND SPEED    20.3



WEATHER CONDITIONS
 THE FOLLOWING WEATHER WAS RECORDED YESTERDAY.
  NO SIGNIFICANT WEATHER WAS OBSERVED.


RELATIVE HUMIDITY (PERCENT)
 HIGHEST    82           100 AM
 LOWEST     38           500 PM
 AVERAGE    60

..........................................................


THE CEDAR CITY UT CLIMATE NORMALS FOR TODAY
                         NORMAL    RECORD    YEAR
 MAXIMUM TEMPERATURE (F)   48        67      1958
 MINIMUM TEMPERATURE (F)   22         1      1955


SUNRISE AND SUNSET
FEBRUARY 22 2017......SUNRISE   713 AM MST   SUNSET   619 PM MST
FEBRUARY 23 2017......SUNRISE   711 AM MST   SUNSET   620 PM MST


-  INDICATES NEGATIVE NUMBERS.
R  INDICATES RECORD WAS SET OR TIED.
MM INDICATES DATA IS MISSING.
T  INDICATES TRACE AMOUNT.




$$
