000
CDUS45 KSLC 210045
CLICDC


CLIMATE REPORT
NATIONAL WEATHER SERVICE SALT LAKE CITY UT
545 PM MST MON NOV 20 2017


...................................

...THE CEDAR CITY UT CLIMATE SUMMARY FOR NOVEMBER 20 2017...
VALID TODAY AS OF 0500 PM LOCAL TIME.

CLIMATE NORMAL PERIOD 1981 TO 2010
CLIMATE RECORD PERIOD 1928 TO 2017


WEATHER ITEM   OBSERVED TIME   RECORD YEAR NORMAL DEPARTURE LAST
                VALUE   (LST)  VALUE       VALUE  FROM      YEAR
                                                  NORMAL
..................................................................
TEMPERATURE (F)
 TODAY
  MAXIMUM         63    227 PM  67    2006  50     13       65
  MINIMUM         32    540 AM  -7    1956  22     10       41
  AVERAGE         48                        36     12       53

PRECIPITATION (IN)
  TODAY            0.00          0.18 1990   0.03  -0.03      T
  MONTH TO DATE    0.07                      0.65  -0.58     0.03
  SINCE OCT 1      0.10                      1.99  -1.89     0.67
  SINCE JAN 1      9.10                     10.19  -1.09     8.59

DEGREE DAYS
 HEATING
  TODAY           17                        29    -12       12
  MONTH TO DATE  383                       507   -124      365
  SINCE SEP 1   1014                      1117   -103      785
  SINCE JUL 1   1014                      1126   -112      789

 COOLING
  TODAY            0                         0      0        0
  MONTH TO DATE    0                         0      0        0
  SINCE SEP 1     73                        39     34       33
  SINCE JAN 1    865                       588    277      826
..................................................................


WIND (MPH)
  RESULTANT WIND SPEED   7   RESULTANT WIND DIRECTION   S (200)
  HIGHEST WIND SPEED    18   HIGHEST WIND DIRECTION    SW (210)
  HIGHEST GUST SPEED    23   HIGHEST GUST DIRECTION     S (200)
  AVERAGE WIND SPEED     7.8



WEATHER CONDITIONS
 THE FOLLOWING WEATHER WAS RECORDED TODAY.
  NO SIGNIFICANT WEATHER WAS OBSERVED.


RELATIVE HUMIDITY (PERCENT)
 HIGHEST    54           500 AM
 LOWEST     10           200 PM
 AVERAGE    32

..........................................................


THE CEDAR CITY UT CLIMATE NORMALS FOR TOMORROW
                         NORMAL    RECORD    YEAR
 MAXIMUM TEMPERATURE (F)   49        67      1995
 MINIMUM TEMPERATURE (F)   21         3      1956


SUNRISE AND SUNSET
NOVEMBER 20 2017......SUNRISE   718 AM MST   SUNSET   518 PM MST
NOVEMBER 21 2017......SUNRISE   719 AM MST   SUNSET   517 PM MST


-  INDICATES NEGATIVE NUMBERS.
R  INDICATES RECORD WAS SET OR TIED.
MM INDICATES DATA IS MISSING.
T  INDICATES TRACE AMOUNT.




$$
