000
CDUS45 KSLC 211227
CLICDC


CLIMATE REPORT
NATIONAL WEATHER SERVICE SALT LAKE CITY UT
627 AM MDT TUE OCT 21 2014


...................................

...THE CEDAR CITY UT CLIMATE SUMMARY FOR OCTOBER 20 2014...

CLIMATE NORMAL PERIOD 1981 TO 2010
CLIMATE RECORD PERIOD 1928 TO 2014


WEATHER ITEM   OBSERVED TIME   RECORD YEAR NORMAL DEPARTURE LAST
                VALUE   (LST)  VALUE       VALUE  FROM      YEAR
                                                  NORMAL
..................................................................
TEMPERATURE (F)
 YESTERDAY
  MAXIMUM         74    323 PM  80    2003  64     10       69
  MINIMUM         40    536 AM  21    1996  32      8       24
  AVERAGE         57                        48      9       47

PRECIPITATION (IN)
  YESTERDAY        0.00          1.28 2004   0.05  -0.05     0.00
  MONTH TO DATE    0.22                      0.85  -0.63     0.27
  SINCE OCT 1      0.22                      0.85  -0.63     0.27
  SINCE JAN 1      7.90                      9.05  -1.15    13.31

DEGREE DAYS
 HEATING
  YESTERDAY        8                        17     -9       18
  MONTH TO DATE  217                       266    -49      378
  SINCE SEP 1    274                       400   -126      543
  SINCE JUL 1    280                       409   -129      546

 COOLING
  YESTERDAY        0                         0      0        0
  MONTH TO DATE    0                         0      0        0
  SINCE SEP 1     61                        39     22       35
  SINCE JAN 1    607                       588     19      667
..................................................................


WIND (MPH)
  RESULTANT WIND SPEED   4   RESULTANT WIND DIRECTION   S (200)
  HIGHEST WIND SPEED    18   HIGHEST WIND DIRECTION    SW (230)
  HIGHEST GUST SPEED    25   HIGHEST GUST DIRECTION    SW (230)
  AVERAGE WIND SPEED     6.9



WEATHER CONDITIONS
 THE FOLLOWING WEATHER WAS RECORDED YESTERDAY.
  NO SIGNIFICANT WEATHER WAS OBSERVED.


RELATIVE HUMIDITY (PERCENT)
 HIGHEST    76           500 AM
 LOWEST     27           200 PM
 AVERAGE    52

..........................................................


THE CEDAR CITY UT CLIMATE NORMALS FOR TODAY
                         NORMAL    RECORD    YEAR
 MAXIMUM TEMPERATURE (F)   64        82      2003
 MINIMUM TEMPERATURE (F)   32        17      2007


SUNRISE AND SUNSET
OCTOBER 21 2014.......SUNRISE   747 AM MDT   SUNSET   647 PM MDT
OCTOBER 22 2014.......SUNRISE   748 AM MDT   SUNSET   646 PM MDT


-  INDICATES NEGATIVE NUMBERS.
R  INDICATES RECORD WAS SET OR TIED.
MM INDICATES DATA IS MISSING.
T  INDICATES TRACE AMOUNT.




$$
