838
CDUS45 KSLC 221233
CLICDC


CLIMATE REPORT
NATIONAL WEATHER SERVICE SALT LAKE CITY UT
632 AM MDT SAT JUL 22 2017


...................................

...THE CEDAR CITY UT CLIMATE SUMMARY FOR JULY 21 2017...

CLIMATE NORMAL PERIOD 1981 TO 2010
CLIMATE RECORD PERIOD 1928 TO 2017


WEATHER ITEM   OBSERVED TIME   RECORD YEAR NORMAL DEPARTURE LAST
                VALUE   (LST)  VALUE       VALUE  FROM      YEAR
                                                  NORMAL
..................................................................
TEMPERATURE (F)
 YESTERDAY
  MAXIMUM         94    313 PM 100    2003  91      3       96
  MINIMUM         60    532 AM  47    1973  57      3       61
  AVERAGE         77                        74      3       79

PRECIPITATION (IN)
  YESTERDAY        0.01          1.10 1970   0.03  -0.02     0.00
  MONTH TO DATE    0.28                      0.48  -0.20     0.65
  SINCE OCT 1      8.53                      9.16  -0.63     8.88
  SINCE JAN 1      5.70                      6.05  -0.35     5.32

DEGREE DAYS
 HEATING
  YESTERDAY        0                         0      0        0
  MONTH TO DATE    0                         0      0        0
  SINCE JUN 1     23                        76    -53        4
  SINCE JUL 1      0                         0      0        0

 COOLING
  YESTERDAY       12                         9      3       14
  MONTH TO DATE  248                       165     83      184
  SINCE JUN 1    443                       258    185      420
  SINCE JAN 1    448                       266    182      423
..................................................................


WIND (MPH)
  RESULTANT WIND SPEED   5   RESULTANT WIND DIRECTION   S (170)
  HIGHEST WIND SPEED    26   HIGHEST WIND DIRECTION    SE (130)
  HIGHEST GUST SPEED    34   HIGHEST GUST DIRECTION    SE (130)
  AVERAGE WIND SPEED     9.2



WEATHER CONDITIONS
 THE FOLLOWING WEATHER WAS RECORDED YESTERDAY.
  THUNDERSTORM
  LIGHT RAIN


RELATIVE HUMIDITY (PERCENT)
 HIGHEST    57           900 PM
 LOWEST     21           500 PM
 AVERAGE    39

..........................................................


THE CEDAR CITY UT CLIMATE NORMALS FOR TODAY
                         NORMAL    RECORD    YEAR
 MAXIMUM TEMPERATURE (F)   91        98      1996
 MINIMUM TEMPERATURE (F)   57        47      1972


SUNRISE AND SUNSET
JULY 22 2017..........SUNRISE   628 AM MDT   SUNSET   849 PM MDT
JULY 23 2017..........SUNRISE   629 AM MDT   SUNSET   848 PM MDT


-  INDICATES NEGATIVE NUMBERS.
R  INDICATES RECORD WAS SET OR TIED.
MM INDICATES DATA IS MISSING.
T  INDICATES TRACE AMOUNT.




$$
