000
CDUS45 KSLC 121228
CLICDC


CLIMATE REPORT
NATIONAL WEATHER SERVICE SALT LAKE CITY UT
627 AM MDT SAT JUL 12 2014


...................................

...THE CEDAR CITY UT CLIMATE SUMMARY FOR JULY 11 2014...

CLIMATE NORMAL PERIOD 1981 TO 2010
CLIMATE RECORD PERIOD 1928 TO 2014


WEATHER ITEM   OBSERVED TIME   RECORD YEAR NORMAL DEPARTURE LAST
                VALUE   (LST)  VALUE       VALUE  FROM      YEAR
                                                  NORMAL
..................................................................
TEMPERATURE (F)
 YESTERDAY
  MAXIMUM         86    458 PM 102    2003  90     -4       84
  MINIMUM         52    529 AM  42    1983  56     -4       62
  AVERAGE         69                        73     -4       73

PRECIPITATION (IN)
  YESTERDAY        0.00          0.21 1957   0.02  -0.02     0.06
  MONTH TO DATE    0.19                      0.19   0.00     0.65
  SINCE OCT 1      5.56                      8.87  -3.31     7.43
  SINCE JAN 1      3.62                      5.76  -2.14     4.72

DEGREE DAYS
 HEATING
  YESTERDAY        0                         0      0        0
  MONTH TO DATE    0                         0      0        0
  SINCE JUN 1     27                        76    -49       11
  SINCE JUL 1      0                         0      0        0

 COOLING
  YESTERDAY        4                         8     -4        8
  MONTH TO DATE   98                        79     19      126
  SINCE JUN 1    198                       172     26      277
  SINCE JAN 1    223                       180     43      279
..................................................................


WIND (MPH)
  RESULTANT WIND SPEED   5   RESULTANT WIND DIRECTION   W (250)
  HIGHEST WIND SPEED    23   HIGHEST WIND DIRECTION     W (290)
  HIGHEST GUST SPEED    27   HIGHEST GUST DIRECTION     W (280)
  AVERAGE WIND SPEED     7.3



WEATHER CONDITIONS
 THE FOLLOWING WEATHER WAS RECORDED YESTERDAY.
  FOG


RELATIVE HUMIDITY (PERCENT)
 HIGHEST   100           600 AM
 LOWEST     23           600 PM
 AVERAGE    62

..........................................................


THE CEDAR CITY UT CLIMATE NORMALS FOR TODAY
                         NORMAL    RECORD    YEAR
 MAXIMUM TEMPERATURE (F)   90       100      2003
 MINIMUM TEMPERATURE (F)   56        47      1955


SUNRISE AND SUNSET
JULY 12 2014..........SUNRISE   621 AM MDT   SUNSET   855 PM MDT
JULY 13 2014..........SUNRISE   621 AM MDT   SUNSET   855 PM MDT


-  INDICATES NEGATIVE NUMBERS.
R  INDICATES RECORD WAS SET OR TIED.
MM INDICATES DATA IS MISSING.
T  INDICATES TRACE AMOUNT.




$$
