000
CDUS45 KSLC 250026
CLICDC


CLIMATE REPORT
NATIONAL WEATHER SERVICE SALT LAKE CITY UT
526 PM MST TUE JAN 24 2017


...................................

...THE CEDAR CITY UT CLIMATE SUMMARY FOR JANUARY 24 2017...
VALID TODAY AS OF 0500 PM LOCAL TIME.

CLIMATE NORMAL PERIOD 1981 TO 2010
CLIMATE RECORD PERIOD 1928 TO 2017


WEATHER ITEM   OBSERVED TIME   RECORD YEAR NORMAL DEPARTURE LAST
                VALUE   (LST)  VALUE       VALUE  FROM      YEAR
                                                  NORMAL
..................................................................
TEMPERATURE (F)
 TODAY
  MAXIMUM         31    303 PM  59    1998  42    -11       41
  MINIMUM         12    739 AM -13    1962  17     -5       26
  AVERAGE         22                        30     -8       34

PRECIPITATION (IN)
  TODAY            0.00          0.19 1983   0.03  -0.03     0.05
  MONTH TO DATE    1.08                      0.67   0.41     0.16
  SINCE OCT 1      3.91                      3.78   0.13     3.72
  SINCE JAN 1      1.08                      0.67   0.41     0.16

DEGREE DAYS
 HEATING
  TODAY           43                        35      8       31
  MONTH TO DATE  818                       869    -51      866
  SINCE DEC 1   1931                      1989    -58     2029
  SINCE JUL 1   3028                      3431   -403     3261

 COOLING
  TODAY            0                         0      0        0
  MONTH TO DATE    0                         0      0        0
  SINCE DEC 1      0                         0      0        0
  SINCE JAN 1      0                         0      0        0
..................................................................


WIND (MPH)
  RESULTANT WIND SPEED   2   RESULTANT WIND DIRECTION  SE (140)
  HIGHEST WIND SPEED    10   HIGHEST WIND DIRECTION    SE (150)
  HIGHEST GUST SPEED    11   HIGHEST GUST DIRECTION    SE (150)
  AVERAGE WIND SPEED     2.7



WEATHER CONDITIONS
 THE FOLLOWING WEATHER WAS RECORDED TODAY.
  LIGHT SNOW
  FOG
  FOG W/VISIBILITY <= 1/4 MILE


RELATIVE HUMIDITY (PERCENT)
 HIGHEST    96          1200 AM
 LOWEST     53           100 PM
 AVERAGE    75

..........................................................


THE CEDAR CITY UT CLIMATE NORMALS FOR TOMORROW
                         NORMAL    RECORD    YEAR
 MAXIMUM TEMPERATURE (F)   42        64      1975
 MINIMUM TEMPERATURE (F)   17       -10      1962


SUNRISE AND SUNSET
JANUARY 24 2017.......SUNRISE   742 AM MST   SUNSET   548 PM MST
JANUARY 25 2017.......SUNRISE   741 AM MST   SUNSET   549 PM MST


-  INDICATES NEGATIVE NUMBERS.
R  INDICATES RECORD WAS SET OR TIED.
MM INDICATES DATA IS MISSING.
T  INDICATES TRACE AMOUNT.




$$
