000
CDUS45 KCYS 280730
CLICDR


CLIMATE REPORT
NATIONAL WEATHER SERVICE CHEYENNE WY
129 AM MDT THU JUL 28 2016


...................................

...THE CHADRON NE AIRPORT CLIMATE SUMMARY FOR JULY 27 2016...

CLIMATE NORMAL PERIOD 1981 TO 2010
CLIMATE RECORD PERIOD 1895 TO 2016


WEATHER ITEM   OBSERVED TIME   RECORD YEAR NORMAL DEPARTURE LAST
                VALUE   (LST)  VALUE       VALUE  FROM      YEAR
                                                  NORMAL
..................................................................
TEMPERATURE (F)
 YESTERDAY
  MAXIMUM         85    226 PM 106    1931  91     -6       96
  MINIMUM         60    104 AM  43    2005  59      1       62
  AVERAGE         73                        75     -2       79

PRECIPITATION (IN)
  YESTERDAY        0.16          1.15 1966   0.06   0.10     0.00
  MONTH TO DATE    1.14                      1.88  -0.74     2.34
  SINCE JAN 1     10.09                     12.06  -1.97    15.29

DEGREE DAYS
 HEATING
  YESTERDAY        0                         0      0        0
  MONTH TO DATE    0                         5     -5        3
  SINCE JUN 1     13                        86    -73       12
  SINCE JUL 1      0                         5     -5        3

 COOLING
  YESTERDAY        8                        10     -2       14
  MONTH TO DATE  300                       236     64      209
  SINCE JUN 1    549                       344    205      342
  SINCE JAN 1    557                       364    193      342
..................................................................


WIND (MPH)
  HIGHEST WIND SPEED    25   HIGHEST WIND DIRECTION    NE (40)
  HIGHEST GUST SPEED    32   HIGHEST GUST DIRECTION    NE (40)
  AVERAGE WIND SPEED    10.9


SKY COVER
  AVERAGE SKY COVER 0.1


WEATHER CONDITIONS
 THE FOLLOWING WEATHER WAS RECORDED YESTERDAY.
  THUNDERSTORM
  RAIN
  LIGHT RAIN
  FOG
  HAZE


RELATIVE HUMIDITY (PERCENT)
 HIGHEST    90          1200 AM
 LOWEST     37           100 PM
 AVERAGE    64

..........................................................


THE CHADRON NE AIRPORT CLIMATE NORMALS FOR TODAY
                         NORMAL    RECORD    YEAR
 MAXIMUM TEMPERATURE (F)   91       106      2006
 MINIMUM TEMPERATURE (F)   59        44      1971


SUNRISE AND SUNSET
JULY 28 2016..........SUNRISE   540 AM MDT   SUNSET   817 PM MDT
JULY 29 2016..........SUNRISE   541 AM MDT   SUNSET   816 PM MDT


-  INDICATES NEGATIVE NUMBERS.
R  INDICATES RECORD WAS SET OR TIED.
MM INDICATES DATA IS MISSING.
T  INDICATES TRACE AMOUNT.




$$
