000
CDUS45 KCYS 260755
CLICDR


CLIMATE REPORT
NATIONAL WEATHER SERVICE CHEYENNE WY
155 AM MDT THU MAR 26 2015


...................................

...THE CHADRON NE AIRPORT CLIMATE SUMMARY FOR MARCH 25 2015...

CLIMATE NORMAL PERIOD 1981 TO 2010
CLIMATE RECORD PERIOD 1895 TO 2015


WEATHER ITEM   OBSERVED TIME   RECORD YEAR NORMAL DEPARTURE LAST
                VALUE   (LST)  VALUE       VALUE  FROM      YEAR
                                                  NORMAL
..................................................................
TEMPERATURE (F)
 YESTERDAY
  MAXIMUM         52    253 PM  79    1993  53     -1       58
                                      1989
  MINIMUM         21   1126 PM -13    1965  23     -2       15
  AVERAGE         37                        38     -1       37

PRECIPITATION (IN)
  YESTERDAY        0.00          1.04 1919   0.05  -0.05     0.00
  MONTH TO DATE    0.02                      0.97  -0.95     0.35
  SINCE JAN 1      0.93                      1.94  -1.01     1.37

DEGREE DAYS
 HEATING
  YESTERDAY       28                        27      1       28
  MONTH TO DATE  590                       752   -162      755
  SINCE MAR 1    590                       752   -162      755
  SINCE JUL 1   5535                      6004   -469     6229

 COOLING
  YESTERDAY        0                         0      0        0
  MONTH TO DATE    0                         0      0        0
  SINCE MAR 1      0                         0      0        0
  SINCE JAN 1      0                         0      0        0
..................................................................


WIND (MPH)
  HIGHEST WIND SPEED    17   HIGHEST WIND DIRECTION    NE (40)
  HIGHEST GUST SPEED    21   HIGHEST GUST DIRECTION    NE (30)
  AVERAGE WIND SPEED     6.7


SKY COVER
  AVERAGE SKY COVER 0.6


WEATHER CONDITIONS
 THE FOLLOWING WEATHER WAS RECORDED YESTERDAY.
  HAZE


RELATIVE HUMIDITY (PERCENT)
 HIGHEST    85           700 AM
 LOWEST     41           300 PM
 AVERAGE    63

..........................................................


THE CHADRON NE AIRPORT CLIMATE NORMALS FOR TODAY
                         NORMAL    RECORD    YEAR
 MAXIMUM TEMPERATURE (F)   54        82      2012
                                             1895
 MINIMUM TEMPERATURE (F)   24        -5      1965


SUNRISE AND SUNSET
MARCH 26 2015.........SUNRISE   645 AM MDT   SUNSET   711 PM MDT
MARCH 27 2015.........SUNRISE   644 AM MDT   SUNSET   713 PM MDT


-  INDICATES NEGATIVE NUMBERS.
R  INDICATES RECORD WAS SET OR TIED.
MM INDICATES DATA IS MISSING.
T  INDICATES TRACE AMOUNT.




$$
