175
CDUS44 KLUB 240627
CLICDS


CLIMATE REPORT
NATIONAL WEATHER SERVICE LUBBOCK, TX
1226 AM CST FRI FEB 24 2017


...................................

...THE CHILDRESS CLIMATE SUMMARY FOR FEBRUARY 23 2017...

CLIMATE NORMAL PERIOD 1981 TO 2010
CLIMATE RECORD PERIOD 1893 TO 2017


WEATHER ITEM   OBSERVED TIME   RECORD YEAR NORMAL DEPARTURE LAST
                VALUE   (LST)  VALUE       VALUE  FROM      YEAR
                                                  NORMAL
..................................................................
TEMPERATURE (F)
 YESTERDAY
  MAXIMUM         87    255 PM  91    1904  60     27       49
  MINIMUM         49    639 AM  13    1960  34     15       38
  AVERAGE         68                        47     21       44

PRECIPITATION (IN)
  YESTERDAY        0.00          0.62 2016   0.04  -0.04     0.62
  MONTH TO DATE    2.50                      0.85   1.65     0.74
  SINCE DEC 1      5.51                      2.49   3.02     2.10
  SINCE JAN 1      4.22                      1.58   2.64     1.25

SNOWFALL (IN)
  YESTERDAY        0.0          MM      MM   0.0    0.0      0.0
  MONTH TO DATE    T                         1.0   -1.0      0.0
  SINCE DEC 1      1.5                       5.4   -3.9      6.2
  SINCE JUL 1      1.5                       6.3   -4.8      7.0
  SNOW DEPTH       0

DEGREE DAYS
 HEATING
  YESTERDAY        0                        18    -18       21
  MONTH TO DATE  285                       471   -186      350
  SINCE DEC 1   1610                      1914   -304     1643
  SINCE JUL 1   1877                      2474   -597     2096

 COOLING
  YESTERDAY        3                         0      3        0
  MONTH TO DATE   15                         0     15        2
  SINCE DEC 1     15                         0     15        2
  SINCE JAN 1     15                         0     15        2
..................................................................


WIND (MPH)
  RESULTANT WIND SPEED  13   RESULTANT WIND DIRECTION   W (250)
  HIGHEST WIND SPEED    37   HIGHEST WIND DIRECTION     W (250)
  HIGHEST GUST SPEED    48   HIGHEST GUST DIRECTION    SW (240)
  AVERAGE WIND SPEED    13.8


SKY COVER
  AVERAGE SKY COVER 0.0


WEATHER CONDITIONS
 THE FOLLOWING WEATHER WAS RECORDED YESTERDAY.
  NO SIGNIFICANT WEATHER WAS OBSERVED.


RELATIVE HUMIDITY (PERCENT)
 HIGHEST    61           500 AM
 LOWEST      9           400 PM
 AVERAGE    35

..........................................................


THE CHILDRESS CLIMATE NORMALS FOR TODAY
                         NORMAL    RECORD    YEAR
 MAXIMUM TEMPERATURE (F)   60        86      2002
 MINIMUM TEMPERATURE (F)   34        10      1965


SUNRISE AND SUNSET
FEBRUARY 24 2017......SUNRISE   716 AM CST   SUNSET   633 PM CST
FEBRUARY 25 2017......SUNRISE   715 AM CST   SUNSET   634 PM CST


-  INDICATES NEGATIVE NUMBERS.
R  INDICATES RECORD WAS SET OR TIED.
MM INDICATES DATA IS MISSING.
T  INDICATES TRACE AMOUNT.




$$
