000
CDUS44 KLUB 280626
CLICDS


CLIMATE REPORT
NATIONAL WEATHER SERVICE LUBBOCK, TX
126 AM CDT THU MAY 28 2015


...................................

...THE CHILDRESS CLIMATE SUMMARY FOR MAY 27 2015...

CLIMATE NORMAL PERIOD 1981 TO 2010
CLIMATE RECORD PERIOD 1893 TO 2015


WEATHER ITEM   OBSERVED TIME   RECORD YEAR NORMAL DEPARTURE LAST
                VALUE   (LST)  VALUE       VALUE  FROM      YEAR
                                                  NORMAL
..................................................................
TEMPERATURE (F)
 YESTERDAY
  MAXIMUM         85    318 PM 105    2011  87     -2       81
                                      1945
  MINIMUM         60    337 AM  41    1907  62     -2       59
  AVERAGE         73                        74     -1       70

PRECIPITATION (IN)
  YESTERDAY        0.00          5.00 1902   0.13  -0.13     0.00
  MONTH TO DATE   11.98                      2.63   9.35     3.88
  SINCE MAR 1     17.20                      6.28  10.92     5.87
  SINCE JAN 1     18.37                      8.06  10.31     6.23

SNOWFALL (IN)
  YESTERDAY        0.0          MM      MM   0.0    0.0      0.0
  MONTH TO DATE    0.0                       0.0    0.0      0.0
  SINCE MAR 1      0.0                       0.6   -0.6       T
  SINCE JUL 1      2.0                       7.0   -5.0      9.5
  SNOW DEPTH       0

DEGREE DAYS
 HEATING
  YESTERDAY        0                         0      0        0
  MONTH TO DATE   42                        27     15       30
  SINCE MAR 1    476                       555    -79      640
  SINCE JUL 1   2973                      3115   -142     3456

 COOLING
  YESTERDAY        8                        10     -2        5
  MONTH TO DATE   90                       180    -90      225
  SINCE MAR 1    186                       270    -84      319
  SINCE JAN 1    186                       271    -85      319
..................................................................


WIND (MPH)
  RESULTANT WIND SPEED   8   RESULTANT WIND DIRECTION  SE (150)
  HIGHEST WIND SPEED    24   HIGHEST WIND DIRECTION    SE (140)
  HIGHEST GUST SPEED    30   HIGHEST GUST DIRECTION    SE (140)
  AVERAGE WIND SPEED     9.4


SKY COVER
  AVERAGE SKY COVER 0.2


WEATHER CONDITIONS
 THE FOLLOWING WEATHER WAS RECORDED YESTERDAY.
  THUNDERSTORM


RELATIVE HUMIDITY (PERCENT)
 HIGHEST    97           400 AM
 LOWEST     61           300 PM
 AVERAGE    79

..........................................................


THE CHILDRESS CLIMATE NORMALS FOR TODAY
                         NORMAL    RECORD    YEAR
 MAXIMUM TEMPERATURE (F)   87       101      2011
                                             1974
 MINIMUM TEMPERATURE (F)   62        43      1907


SUNRISE AND SUNSET
MAY 28 2015...........SUNRISE   631 AM CDT   SUNSET   846 PM CDT
MAY 29 2015...........SUNRISE   631 AM CDT   SUNSET   846 PM CDT


-  INDICATES NEGATIVE NUMBERS.
R  INDICATES RECORD WAS SET OR TIED.
MM INDICATES DATA IS MISSING.
T  INDICATES TRACE AMOUNT.




$$
