000
CDUS44 KLUB 220636
CLICDS


CLIMATE REPORT
NATIONAL WEATHER SERVICE LUBBOCK, TX
1235 AM CST WED NOV 22 2017


...................................

...THE CHILDRESS CLIMATE SUMMARY FOR NOVEMBER 21 2017...

CLIMATE NORMAL PERIOD 1981 TO 2010
CLIMATE RECORD PERIOD 1893 TO 2017


WEATHER ITEM   OBSERVED TIME   RECORD YEAR NORMAL DEPARTURE LAST
                VALUE   (LST)  VALUE       VALUE  FROM      YEAR
                                                  NORMAL
..................................................................
TEMPERATURE (F)
 YESTERDAY
  MAXIMUM         72    111 PM  85    1966  62     10       78
  MINIMUM         35    740 AM   6    1906  36     -1       39
  AVERAGE         54                        49      5       59

PRECIPITATION (IN)
  YESTERDAY        0.00          2.38 2011   0.04  -0.04     0.00
  MONTH TO DATE    0.05                      0.92  -0.87     2.18
  SINCE SEP 1      5.83                      5.59   0.24     5.97
  SINCE JAN 1     23.51                     22.68   0.83    28.75

SNOWFALL (IN)
  YESTERDAY        0.0                       0.0    0.0      0.0
  MONTH TO DATE    0.0                       0.4   -0.4      0.0
  SINCE SEP 1      0.0                       0.6   -0.6      0.0
  SINCE JUL 1      0.0                       0.6   -0.6      0.0
  SNOW DEPTH       0

DEGREE DAYS
 HEATING
  YESTERDAY       11                        16     -5        6
  MONTH TO DATE  196                       247    -51      130
  SINCE SEP 1    344                       399    -55      164
  SINCE JUL 1    344                       399    -55      164

 COOLING
  YESTERDAY        0                         0      0        0
  MONTH TO DATE   10                         7      3       17
  SINCE SEP 1    412                       376     36      497
  SINCE JAN 1   2306                      2207     99     2370
..................................................................


WIND (MPH)
  RESULTANT WIND SPEED  11   RESULTANT WIND DIRECTION   N (20)
  HIGHEST WIND SPEED    33   HIGHEST WIND DIRECTION     N (10)
  HIGHEST GUST SPEED    41   HIGHEST GUST DIRECTION    NE (30)
  AVERAGE WIND SPEED    13.0


SKY COVER
  AVERAGE SKY COVER 0.0


WEATHER CONDITIONS
 THE FOLLOWING WEATHER WAS RECORDED YESTERDAY.
  NO SIGNIFICANT WEATHER WAS OBSERVED.


RELATIVE HUMIDITY (PERCENT)
 HIGHEST    76           700 AM
 LOWEST     17          1200 PM
 AVERAGE    47

..........................................................


THE CHILDRESS CLIMATE NORMALS FOR TODAY
                         NORMAL    RECORD    YEAR
 MAXIMUM TEMPERATURE (F)   62        85      1974
                                             1966
 MINIMUM TEMPERATURE (F)   36        10      1906


SUNRISE AND SUNSET
NOVEMBER 22 2017......SUNRISE   721 AM CST   SUNSET   533 PM CST
NOVEMBER 23 2017......SUNRISE   722 AM CST   SUNSET   533 PM CST


-  INDICATES NEGATIVE NUMBERS.
R  INDICATES RECORD WAS SET OR TIED.
MM INDICATES DATA IS MISSING.
T  INDICATES TRACE AMOUNT.




$$
