000
CDUS44 KLUB 270226
CLICDS


CLIMATE REPORT
NATIONAL WEATHER SERVICE LUBBOCK, TX
825 PM CST FRI DEC 26 2014


...................................

...THE CHILDRESS CLIMATE SUMMARY FOR DECEMBER 26 2014...
VALID TODAY AS OF 0800 PM LOCAL TIME.

CLIMATE NORMAL PERIOD 1981 TO 2010
CLIMATE RECORD PERIOD 1893 TO 2014


WEATHER ITEM   OBSERVED TIME   RECORD YEAR NORMAL DEPARTURE LAST
                VALUE   (LST)  VALUE       VALUE  FROM      YEAR
                                                  NORMAL
..................................................................
TEMPERATURE (F)
 TODAY
  MAXIMUM         54    334 PM  79    2005  53      1       56
  MINIMUM         40    825 AM   5    1983  28     12       25
  AVERAGE         47                        41      6       41

PRECIPITATION (IN)
  TODAY            0.00          0.40 1991   0.02  -0.02     0.00
  MONTH TO DATE    0.20                      0.79  -0.59     1.09
  SINCE DEC 1      0.20                      0.79  -0.59     1.09
  SINCE JAN 1     18.55                     23.80  -5.25    16.23

SNOWFALL (IN)
  TODAY            0.0          MM      MM   0.0    0.0      0.0
  MONTH TO DATE    0.0                       1.4   -1.4      2.3
  SINCE DEC 1      0.0                       1.4   -1.4      2.3
  SINCE JUL 1      2.0                       2.3   -0.3      6.5
  SNOW DEPTH       0

DEGREE DAYS
 HEATING
  TODAY           18                        24     -6       24
  MONTH TO DATE  454                       591   -137      651
  SINCE DEC 1    454                       591   -137      651
  SINCE JUL 1   1009                      1151   -142     1249

 COOLING
  TODAY            0                         0      0        0
  MONTH TO DATE    0                         0      0        0
  SINCE DEC 1      0                         0      0        0
  SINCE JAN 1   2317                      2207    110     2407
..................................................................


WIND (MPH)
  RESULTANT WIND SPEED   3   RESULTANT WIND DIRECTION  NE (40)
  HIGHEST WIND SPEED    20   HIGHEST WIND DIRECTION     N (10)
  HIGHEST GUST SPEED    22   HIGHEST GUST DIRECTION     N (360)
  AVERAGE WIND SPEED     9.3


SKY COVER
  AVERAGE SKY COVER 0.1


WEATHER CONDITIONS
 THE FOLLOWING WEATHER WAS RECORDED TODAY.
  NO SIGNIFICANT WEATHER WAS OBSERVED.


RELATIVE HUMIDITY (PERCENT)
 HIGHEST    62           800 AM
 LOWEST     38           300 PM
 AVERAGE    50

..........................................................


THE CHILDRESS CLIMATE NORMALS FOR TOMORROW
                         NORMAL    RECORD    YEAR
 MAXIMUM TEMPERATURE (F)   53        78      1928
 MINIMUM TEMPERATURE (F)   28        11      1983


SUNRISE AND SUNSET
DECEMBER 26 2014......SUNRISE   746 AM CST   SUNSET   538 PM CST
DECEMBER 27 2014......SUNRISE   746 AM CST   SUNSET   538 PM CST


-  INDICATES NEGATIVE NUMBERS.
R  INDICATES RECORD WAS SET OR TIED.
MM INDICATES DATA IS MISSING.
T  INDICATES TRACE AMOUNT.




$$
