000
CDUS46 KEKA 271217
CLICEC


CLIMATE REPORT
NATIONAL WEATHER SERVICE EUREKA CA
417 AM PST SAT DEC 27 2014


...................................

...THE CRESCENT CITY CA CLIMATE SUMMARY FOR DECEMBER 26 2014...

CLIMATE NORMAL PERIOD 1981 TO 2010
CLIMATE RECORD PERIOD 1894 TO 2014


WEATHER ITEM   OBSERVED TIME   RECORD YEAR NORMAL DEPARTURE LAST
                VALUE   (LST)  VALUE       VALUE  FROM      YEAR
                                                  NORMAL
..................................................................
TEMPERATURE (F)
 YESTERDAY
  MAXIMUM         55    313 PM  65    1986  55      0       58
  MINIMUM         36    332 AM  28    1988  41     -5       34
  AVERAGE         46                        48     -2       46

PRECIPITATION (IN)
  YESTERDAY        0.00          2.31 1955   0.43  -0.43     0.00
  MONTH TO DATE   10.59                      9.33   1.26     1.31
  SINCE JUL 1     24.32                     25.16  -0.84     8.99
  SINCE JAN 1     48.91                     62.09 -13.18    28.92

SNOWFALL (IN)
  YESTERDAY        0.0          MM      MM  MM     MM        0.0
  MONTH TO DATE    0.0                      MM     MM        0.0
  SINCE DEC 1      0.0                      MM     MM        0.0
  SINCE JUL 1      0.0                      MM     MM        0.0
  SNOW DEPTH       0

DEGREE DAYS
 HEATING
  YESTERDAY       19                        17      2       19
  MONTH TO DATE  265                       454   -189      562
  SINCE DEC 1    265                       454   -189      562
  SINCE JUL 1   1372                      2071   -699     2154

 COOLING
  YESTERDAY        0                         0      0        0
  MONTH TO DATE    0                         0      0        0
  SINCE DEC 1      0                         0      0        0
  SINCE JAN 1      1                         0      1        4
..................................................................


WIND (MPH)
  HIGHEST WIND SPEED    15   HIGHEST WIND DIRECTION    NW (330)
  HIGHEST GUST SPEED    21   HIGHEST GUST DIRECTION    NW (330)
  AVERAGE WIND SPEED     7.7


SKY COVER
  AVERAGE SKY COVER 0.2


WEATHER CONDITIONS
 THE FOLLOWING WEATHER WAS RECORDED YESTERDAY.
  FOG


RELATIVE HUMIDITY (PERCENT)
 HIGHEST    92
 LOWEST     59
 AVERAGE    76

..........................................................


THE CRESCENT CITY CA CLIMATE NORMALS FOR TODAY
                         NORMAL    RECORD    YEAR
 MAXIMUM TEMPERATURE (F)   55        68      1993
 MINIMUM TEMPERATURE (F)   41        29      1966


SUNRISE AND SUNSET
DECEMBER 27 2014......SUNRISE   743 AM PST   SUNSET   453 PM PST
DECEMBER 28 2014......SUNRISE   744 AM PST   SUNSET   454 PM PST


-  INDICATES NEGATIVE NUMBERS.
R  INDICATES RECORD WAS SET OR TIED.
MM INDICATES DATA IS MISSING.
T  INDICATES TRACE AMOUNT.




$$
