000
CDUS46 KEKA 281211
CLICEC


CLIMATE REPORT
NATIONAL WEATHER SERVICE EUREKA CA
510 AM PDT TUE MAR 28 2017


...................................

...THE CRESCENT CITY CA CLIMATE SUMMARY FOR MARCH 27 2017...

CLIMATE NORMAL PERIOD 1981 TO 2010
CLIMATE RECORD PERIOD 1894 TO 2017


WEATHER ITEM   OBSERVED TIME   RECORD YEAR NORMAL DEPARTURE LAST
                VALUE   (LST)  VALUE       VALUE  FROM      YEAR
                                                  NORMAL
..................................................................
TEMPERATURE (F)
 YESTERDAY
  MAXIMUM         55    231 PM  73    1969  55      0       55
  MINIMUM         47   1158 PM  32    1972  43      4       43
  AVERAGE         51                        49      2       49

PRECIPITATION (IN)
  YESTERDAY        0.12          1.55 2005   0.28  -0.16     0.03
  MONTH TO DATE    9.66                      6.72   2.94    10.10
  SINCE OCT 1     81.25                     51.23  30.02    63.02
  SINCE JAN 1     36.15                     25.99  10.16    28.34

SNOWFALL (IN)
  YESTERDAY       MM            MM      MM  MM     MM       MM
  MONTH TO DATE    0.0                      MM     MM        0.0
  SINCE MAR 1      0.0                      MM     MM        0.0
  SINCE JUL 1      0.0                      MM     MM        0.0
  SNOW DEPTH       0

DEGREE DAYS
 HEATING
  YESTERDAY       14                        16     -2       16
  MONTH TO DATE  387                       446    -59      356
  SINCE MAR 1    387                       446    -59      356
  SINCE JUL 1   3318                      3619   -301     2834

 COOLING
  YESTERDAY        0                         0      0        0
  MONTH TO DATE    0                         0      0        0
  SINCE MAR 1      0                         0      0        0
  SINCE JAN 1      0                         0      0        0
..................................................................


WIND (MPH)
  HIGHEST WIND SPEED    22   HIGHEST WIND DIRECTION     W (260)
  HIGHEST GUST SPEED    27   HIGHEST GUST DIRECTION     W (260)
  AVERAGE WIND SPEED     5.6


SKY COVER
  AVERAGE SKY COVER 0.6


WEATHER CONDITIONS
 THE FOLLOWING WEATHER WAS RECORDED YESTERDAY.
  LIGHT RAIN
  FOG
  HAZE


RELATIVE HUMIDITY (PERCENT)
 HIGHEST    93
 LOWEST     64
 AVERAGE    79

..........................................................


THE CRESCENT CITY CA CLIMATE NORMALS FOR TODAY
                         NORMAL    RECORD    YEAR
 MAXIMUM TEMPERATURE (F)   55        68      1969
 MINIMUM TEMPERATURE (F)   43        31      1998


SUNRISE AND SUNSET
MARCH 28 2017.........SUNRISE   606 AM PST   SUNSET   638 PM PST
MARCH 29 2017.........SUNRISE   604 AM PST   SUNSET   640 PM PST


-  INDICATES NEGATIVE NUMBERS.
R  INDICATES RECORD WAS SET OR TIED.
MM INDICATES DATA IS MISSING.
T  INDICATES TRACE AMOUNT.




$$
