000
CDUS46 KEKA 311207
CLICEC

CLIMATE REPORT
NATIONAL WEATHER SERVICE EUREKA CA
115 AM PDT MON AUG 31 2015


...................................

...THE CRESCENT CITY CA CLIMATE SUMMARY FOR AUGUST 30 2015...

CLIMATE NORMAL PERIOD 1981 TO 2010
CLIMATE RECORD PERIOD 1894 TO 2015


WEATHER ITEM   OBSERVED TIME   RECORD YEAR NORMAL DEPARTURE LAST
                VALUE   (LST)  VALUE       VALUE  FROM      YEAR
                                                  NORMAL
..................................................................
TEMPERATURE (F)
 YESTERDAY
  MAXIMUM         68    412 PM  91    1968  63      5       66
  MINIMUM         57   1159 PM  42    1980  51      6       56
  AVERAGE         63                        57      6       61

PRECIPITATION (IN)
  YESTERDAY        0.11          2.00 1983   0.03   0.08     0.00
  MONTH TO DATE    1.09                      0.50   0.59     0.04
  SINCE OCT 1     42.93                     63.08 -20.15    28.77
  SINCE JAN 1     22.10                     37.84 -15.74    24.83

SNOWFALL (IN)
  YESTERDAY        0.0          MM      MM  MM     MM        0.0
  MONTH TO DATE    0.0                      MM     MM        0.0
  SINCE JUN 1      0.0                      MM     MM        0.0
  SINCE JUL 1      0.0                      MM     MM        0.0
  SNOW DEPTH       0

DEGREE DAYS
 HEATING
  YESTERDAY        2                         8     -6        4
  MONTH TO DATE  115                       240   -125      204
  SINCE JUN 1    544                       823   -279      738
  SINCE JUL 1    262                       514   -252      417

 COOLING
  YESTERDAY        0                         0      0        0
  MONTH TO DATE    2                         0      2        0
  SINCE JUN 1      4                         0      4        0
  SINCE JAN 1      4                         0      4        0
..................................................................


WIND (MPH)
  HIGHEST WIND SPEED    20   HIGHEST WIND DIRECTION     S (180)
  HIGHEST GUST SPEED    24   HIGHEST GUST DIRECTION     S (180)
  AVERAGE WIND SPEED     9.1


SKY COVER
  AVERAGE SKY COVER 0.8


WEATHER CONDITIONS
 THE FOLLOWING WEATHER WAS RECORDED YESTERDAY.
  RAIN
  LIGHT RAIN
  FOG


RELATIVE HUMIDITY (PERCENT)
 HIGHEST   100
 LOWEST     78
 AVERAGE    89

..........................................................


THE CRESCENT CITY CA CLIMATE NORMALS FOR TODAY
                         NORMAL    RECORD    YEAR
 MAXIMUM TEMPERATURE (F)   63        74      1997
 MINIMUM TEMPERATURE (F)   51        41      1999


SUNRISE AND SUNSET
AUGUST 31 2015........SUNRISE   642 AM PDT   SUNSET   752 PM PDT
SEPTEMBER  1 2015.....SUNRISE   643 AM PDT   SUNSET   750 PM PDT


-  INDICATES NEGATIVE NUMBERS.
R  INDICATES RECORD WAS SET OR TIED.
MM INDICATES DATA IS MISSING.
T  INDICATES TRACE AMOUNT.




$$
