000
CDUS46 KEKA 251214
CLICEC


CLIMATE REPORT
NATIONAL WEATHER SERVICE EUREKA CA
513 AM PDT THU MAY 25 2017


...................................

...THE CRESCENT CITY CA CLIMATE SUMMARY FOR MAY 24 2017...

CLIMATE NORMAL PERIOD 1981 TO 2010
CLIMATE RECORD PERIOD 1894 TO 2017


WEATHER ITEM   OBSERVED TIME   RECORD YEAR NORMAL DEPARTURE LAST
                VALUE   (LST)  VALUE       VALUE  FROM      YEAR
                                                  NORMAL
..................................................................
TEMPERATURE (F)
 YESTERDAY
  MAXIMUM         59    946 AM  81    1982  59      0       60
  MINIMUM         48   1159 PM  38    1962  48      0       52
  AVERAGE         54                        53      1       56

PRECIPITATION (IN)
  YESTERDAY        0.00          1.26 1973   0.07  -0.07     0.00
  MONTH TO DATE    1.80                      2.41  -0.61     0.38
  SINCE OCT 1     92.65                     59.98  32.67    66.15
  SINCE JAN 1     47.55                     34.74  12.81    31.47

SNOWFALL (IN)
  YESTERDAY        0.0          MM      MM  MM     MM        0.0
  MONTH TO DATE    0.0                      MM     MM        0.0
  SINCE MAR 1      0.0                      MM     MM        0.0
  SINCE JUL 1      0.0                      MM     MM        0.0
  SNOW DEPTH       0

DEGREE DAYS
 HEATING
  YESTERDAY       11                        12     -1        9
  MONTH TO DATE  311                       313     -2      263
  SINCE MAR 1   1177                      1297   -120     1012
  SINCE JUL 1   4108                      4470   -362     3490

 COOLING
  YESTERDAY        0                         0      0        0
  MONTH TO DATE    0                         0      0        0
  SINCE MAR 1      0                         0      0        0
  SINCE JAN 1      0                         0      0        0
..................................................................


WIND (MPH)
  HIGHEST WIND SPEED    33   HIGHEST WIND DIRECTION     N (340)
  HIGHEST GUST SPEED    47   HIGHEST GUST DIRECTION    NW (330)
  AVERAGE WIND SPEED    16.0


SKY COVER
  AVERAGE SKY COVER 0.3


WEATHER CONDITIONS
 THE FOLLOWING WEATHER WAS RECORDED YESTERDAY.
  FOG
  HAZE


RELATIVE HUMIDITY (PERCENT)
 HIGHEST   100
 LOWEST     66
 AVERAGE    83

..........................................................


THE CRESCENT CITY CA CLIMATE NORMALS FOR TODAY
                         NORMAL    RECORD    YEAR
 MAXIMUM TEMPERATURE (F)   59        82      1979
 MINIMUM TEMPERATURE (F)   48        39      1965


SUNRISE AND SUNSET
MAY 25 2017...........SUNRISE   448 AM PST   SUNSET   740 PM PST
MAY 26 2017...........SUNRISE   448 AM PST   SUNSET   741 PM PST


-  INDICATES NEGATIVE NUMBERS.
R  INDICATES RECORD WAS SET OR TIED.
MM INDICATES DATA IS MISSING.
T  INDICATES TRACE AMOUNT.




$$
