000
CDUS46 KEKA 070036
CLICEC


CLIMATE REPORT
NATIONAL WEATHER SERVICE EUREKA CA
436 PM PST FRI MAR 6 2015


...................................

...THE CRESCENT CITY CA CLIMATE SUMMARY FOR MARCH 6 2015...
VALID TODAY AS OF 0400 PM LOCAL TIME.

CLIMATE NORMAL PERIOD 1981 TO 2010
CLIMATE RECORD PERIOD 1894 TO 2015


WEATHER ITEM   OBSERVED TIME   RECORD YEAR NORMAL DEPARTURE LAST
                VALUE   (LST)  VALUE       VALUE  FROM      YEAR
                                                  NORMAL
..................................................................
TEMPERATURE (F)
 TODAY
  MAXIMUM         55    337 PM  70    1955  54      1       57
  MINIMUM         39    631 AM  29    1999  42     -3       51
  AVERAGE         47                        48     -1       54

PRECIPITATION (IN)
  TODAY            0.00          1.91 1957   0.22  -0.22     0.03
  MONTH TO DATE    T                         1.41  -1.41     1.99
  SINCE OCT 1     30.49                     45.92 -15.43    17.57
  SINCE JAN 1      9.66                     20.68 -11.02    13.63

SNOWFALL (IN)
  TODAY            0.0          MM      MM  MM     MM        0.0
  MONTH TO DATE    0.0                      MM     MM        0.0
  SINCE MAR 1      0.0                      MM     MM        0.0
  SINCE JUL 1      0.0                      MM     MM        0.0
  SNOW DEPTH       0

..................................................................


WIND (MPH)
  HIGHEST WIND SPEED    13   HIGHEST WIND DIRECTION     N (350)
  HIGHEST GUST SPEED    16   HIGHEST GUST DIRECTION     N (350)
  AVERAGE WIND SPEED     5.8


SKY COVER
  AVERAGE SKY COVER 0.1


WEATHER CONDITIONS
 THE FOLLOWING WEATHER WAS RECORDED TODAY.
  FOG
  HAZE


RELATIVE HUMIDITY (PERCENT)
 HIGHEST    93
 LOWEST     71
 AVERAGE    82

..........................................................


THE CRESCENT CITY CA CLIMATE NORMALS FOR TOMORROW
                         NORMAL    RECORD    YEAR
 MAXIMUM TEMPERATURE (F)   54        75      1953
 MINIMUM TEMPERATURE (F)   42        31      1967


SUNRISE AND SUNSET
MARCH  6 2015.........SUNRISE   644 AM PST   SUNSET   613 PM PST
MARCH  7 2015.........SUNRISE   642 AM PST   SUNSET   614 PM PST


-  INDICATES NEGATIVE NUMBERS.
R  INDICATES RECORD WAS SET OR TIED.
MM INDICATES DATA IS MISSING.
T  INDICATES TRACE AMOUNT.




$$
