000
CDUS46 KEKA 240054
CLICEC


CLIMATE REPORT
NATIONAL WEATHER SERVICE EUREKA CA
445 PM PST THU FEB 23 2017


...................................

...THE CRESCENT CITY CA CLIMATE SUMMARY FOR FEBRUARY 23 2017...
VALID TODAY AS OF 0400 PM LOCAL TIME.

CLIMATE NORMAL PERIOD 1981 TO 2010
CLIMATE RECORD PERIOD 1894 TO 2017


WEATHER ITEM   OBSERVED TIME   RECORD YEAR NORMAL DEPARTURE LAST
                VALUE   (LST)  VALUE       VALUE  FROM      YEAR
                                                  NORMAL
..................................................................
TEMPERATURE (F)
 TODAY
  MAXIMUM         49    248 PM  74    1991  54     -5       64
  MINIMUM         34    726 AM  32    2001  42     -8       44
  AVERAGE         42                        48     -6       54

PRECIPITATION (IN)
  TODAY            T             2.00 1972   0.30  -0.30     0.00
  MONTH TO DATE   12.39                      7.36   5.03     3.16
  SINCE OCT 1     69.71                     42.99  26.72    52.27
  SINCE JAN 1     24.61                     17.75   6.86    17.59

SNOWFALL (IN)
  TODAY           MM            MM      MM  MM     MM        0.0
  MONTH TO DATE    0.0                      MM     MM        0.0
  SINCE DEC 1      0.0                      MM     MM        0.0
  SINCE JUL 1      0.0                      MM     MM        0.0
  SNOW DEPTH       0

..................................................................


WIND (MPH)
  HIGHEST WIND SPEED    12   HIGHEST WIND DIRECTION    NW (320)
  HIGHEST GUST SPEED    16   HIGHEST GUST DIRECTION    NW (320)
  AVERAGE WIND SPEED     5.5


SKY COVER
  AVERAGE SKY COVER 0.2


WEATHER CONDITIONS
 THE FOLLOWING WEATHER WAS RECORDED TODAY.
  LIGHT RAIN


RELATIVE HUMIDITY (PERCENT)
 HIGHEST   100
 LOWEST     61
 AVERAGE    81

..........................................................


THE CRESCENT CITY CA CLIMATE NORMALS FOR TOMORROW
                         NORMAL    RECORD    YEAR
 MAXIMUM TEMPERATURE (F)   54        73      1991
 MINIMUM TEMPERATURE (F)   42        30      1982


SUNRISE AND SUNSET
FEBRUARY 23 2017......SUNRISE   700 AM PST   SUNSET   601 PM PST
FEBRUARY 24 2017......SUNRISE   659 AM PST   SUNSET   602 PM PST


-  INDICATES NEGATIVE NUMBERS.
R  INDICATES RECORD WAS SET OR TIED.
MM INDICATES DATA IS MISSING.
T  INDICATES TRACE AMOUNT.




$$
