000
CDUS46 KEKA 301212
CLICEC


CLIMATE REPORT
NATIONAL WEATHER SERVICE EUREKA CA
512 AM PDT THU JUL 30 2015


...................................

...THE CRESCENT CITY CA CLIMATE SUMMARY FOR JULY 29 2015...

CLIMATE NORMAL PERIOD 1981 TO 2010
CLIMATE RECORD PERIOD 1894 TO 2015


WEATHER ITEM   OBSERVED TIME   RECORD YEAR NORMAL DEPARTURE LAST
                VALUE   (LST)  VALUE       VALUE  FROM      YEAR
                                                  NORMAL
..................................................................
TEMPERATURE (F)
 YESTERDAY
  MAXIMUM         80R  1254 PM  72    1977  62     18       58
  MINIMUM         54    136 AM  42    1985  52      2       54
  AVERAGE         67                        57     10       56

PRECIPITATION (IN)
  YESTERDAY        0.00          0.09 1964   0.01  -0.01     0.00
  MONTH TO DATE    0.07                      0.40  -0.33     0.20
  SINCE OCT 1     41.84                     62.57 -20.73    28.73
  SINCE JAN 1     21.01                     37.33 -16.32    24.79

SNOWFALL (IN)
  YESTERDAY        0.0          MM      MM  MM     MM        0.0
  MONTH TO DATE    0.0                      MM     MM        0.0
  SINCE JUN 1      0.0                      MM     MM        0.0
  SINCE JUL 1      0.0                      MM     MM        0.0
  SNOW DEPTH       0

DEGREE DAYS
 HEATING
  YESTERDAY        0                         8     -8        9
  MONTH TO DATE  136                       256   -120      195
  SINCE JUN 1    418                       565   -147      516
  SINCE JUL 1    136                       256   -120      195

 COOLING
  YESTERDAY        2                         0      2        0
  MONTH TO DATE    2                         0      2        0
  SINCE JUN 1      2                         0      2        0
  SINCE JAN 1      2                         0      2        0
..................................................................


WIND (MPH)
  HIGHEST WIND SPEED    20   HIGHEST WIND DIRECTION     S (170)
  HIGHEST GUST SPEED    25   HIGHEST GUST DIRECTION     S (170)
  AVERAGE WIND SPEED    10.4


SKY COVER
  AVERAGE SKY COVER 0.0


WEATHER CONDITIONS
 THE FOLLOWING WEATHER WAS RECORDED YESTERDAY.
  HAZE


RELATIVE HUMIDITY (PERCENT)
 HIGHEST    78
 LOWEST     45
 AVERAGE    62

..........................................................


THE CRESCENT CITY CA CLIMATE NORMALS FOR TODAY
                         NORMAL    RECORD    YEAR
 MAXIMUM TEMPERATURE (F)   62        74      1991
 MINIMUM TEMPERATURE (F)   52        42      1963


SUNRISE AND SUNSET
JULY 30 2015..........SUNRISE   609 AM PDT   SUNSET   837 PM PDT
JULY 31 2015..........SUNRISE   610 AM PDT   SUNSET   836 PM PDT


-  INDICATES NEGATIVE NUMBERS.
R  INDICATES RECORD WAS SET OR TIED.
MM INDICATES DATA IS MISSING.
T  INDICATES TRACE AMOUNT.




$$
