000
CDUS46 KEKA 241210
CLICEC


CLIMATE REPORT
NATIONAL WEATHER SERVICE EUREKA CA
510 AM PDT SUN SEP 24 2017


...................................

...THE CRESCENT CITY CA CLIMATE SUMMARY FOR SEPTEMBER 23 2017...

CLIMATE NORMAL PERIOD 1981 TO 2010
CLIMATE RECORD PERIOD 1894 TO 2017


WEATHER ITEM   OBSERVED TIME   RECORD YEAR NORMAL DEPARTURE LAST
                VALUE   (LST)  VALUE       VALUE  FROM      YEAR
                                                  NORMAL
..................................................................
TEMPERATURE (F)
 YESTERDAY
  MAXIMUM         63    155 PM  86    1964  62      1       66
  MINIMUM         46    340 AM  38    1961  48     -2       52
  AVERAGE         55                        55      0       59

PRECIPITATION (IN)
  YESTERDAY        0.00          0.75 1992   0.03  -0.03      T
  MONTH TO DATE    1.25                      0.57   0.68      T
  SINCE OCT 1     95.57                     63.67  31.90    67.46
  SINCE JAN 1     50.47                     38.43  12.04    32.78

SNOWFALL (IN)
  YESTERDAY        0.0          MM      MM  MM     MM        0.0
  MONTH TO DATE    0.0                      MM     MM        0.0
  SINCE SEP 1      0.0                      MM     MM        0.0
  SINCE JUL 1      0.0                      MM     MM        0.0
  SNOW DEPTH       0

DEGREE DAYS
 HEATING
  YESTERDAY       10                        10      0        6
  MONTH TO DATE  151                       211    -60      184
  SINCE SEP 1    151                       211    -60      184
  SINCE JUL 1    649                       731    -82      682

 COOLING
  YESTERDAY        0                         0      0        0
  MONTH TO DATE    6                         0      6        0
  SINCE SEP 1      6                         0      6        0
  SINCE JAN 1      6                         0      6        0
..................................................................


WIND (MPH)
  HIGHEST WIND SPEED    22   HIGHEST WIND DIRECTION    NW (330)
  HIGHEST GUST SPEED    29   HIGHEST GUST DIRECTION    NW (330)
  AVERAGE WIND SPEED     9.2


SKY COVER
  AVERAGE SKY COVER 0.0


WEATHER CONDITIONS
 THE FOLLOWING WEATHER WAS RECORDED YESTERDAY.
  FOG
  HAZE


RELATIVE HUMIDITY (PERCENT)
 HIGHEST   100
 LOWEST     62
 AVERAGE    81

..........................................................


THE CRESCENT CITY CA CLIMATE NORMALS FOR TODAY
                         NORMAL    RECORD    YEAR
 MAXIMUM TEMPERATURE (F)   61        93      1964
 MINIMUM TEMPERATURE (F)   48        38      1988


SUNRISE AND SUNSET
SEPTEMBER 24 2017.....SUNRISE   707 AM PDT   SUNSET   710 PM PDT
SEPTEMBER 25 2017.....SUNRISE   708 AM PDT   SUNSET   708 PM PDT


-  INDICATES NEGATIVE NUMBERS.
R  INDICATES RECORD WAS SET OR TIED.
MM INDICATES DATA IS MISSING.
T  INDICATES TRACE AMOUNT.




$$
