000
CDUS43 KPAH 260631
CLICGI


CLIMATE REPORT
NATIONAL WEATHER SERVICE PADUCAH KY
129 AM CDT TUE SEP 26 2017


...................................

...THE CAPE GIRARDEAU MO CLIMATE SUMMARY FOR SEPTEMBER 25 2017...

CLIMATE NORMAL PERIOD 1981 TO 2010
CLIMATE RECORD PERIOD 1960 TO 2017


WEATHER ITEM   OBSERVED TIME   RECORD YEAR NORMAL DEPARTURE LAST
                VALUE   (LST)  VALUE       VALUE  FROM      YEAR
                                                  NORMAL
..................................................................
TEMPERATURE (F)
 YESTERDAY
  MAXIMUM         90    324 PM  92    1998  78     12       90
  MINIMUM         60    607 AM  35    2001  52      8       66
  AVERAGE         75                        65     10

PRECIPITATION (IN)
  YESTERDAY        0.00          3.22 2011   0.11  -0.11     0.00
  MONTH TO DATE    0.73                      2.74  -2.01     5.01
  SINCE SEP 1      0.73                      2.74  -2.01     5.01
  SINCE JAN 1     26.48                     33.79  -7.31    41.71

DEGREE DAYS
 HEATING
  YESTERDAY        0                         3     -3        0
  MONTH TO DATE   14                        26    -12        0
  SINCE SEP 1     14                        26    -12        0
  SINCE JUL 1     14                        27    -13        0

 COOLING
  YESTERDAY       10                         3      7       13
  MONTH TO DATE  171                       149     22      257
  SINCE SEP 1    171                       149     22      257
  SINCE JAN 1   1373                      1409    -36     1700
..................................................................


WIND (MPH)
  HIGHEST WIND SPEED    13   HIGHEST WIND DIRECTION    SE (150)
  HIGHEST GUST SPEED    17   HIGHEST GUST DIRECTION    SE (150)
  AVERAGE WIND SPEED     2.3


SKY COVER
  AVERAGE SKY COVER 0.1


WEATHER CONDITIONS
 THE FOLLOWING WEATHER WAS RECORDED YESTERDAY.
  FOG


RELATIVE HUMIDITY (PERCENT)
 HIGHEST    93
 LOWEST     38
 AVERAGE    66

..........................................................


THE CAPE GIRARDEAU MO CLIMATE NORMALS FOR TODAY
                         NORMAL    RECORD    YEAR
 MAXIMUM TEMPERATURE (F)   77        90      1998
 MINIMUM TEMPERATURE (F)   52        34      2001


SUNRISE AND SUNSET
SEPTEMBER 26 2017.....SUNRISE   650 AM CDT   SUNSET   649 PM CDT
SEPTEMBER 27 2017.....SUNRISE   651 AM CDT   SUNSET   647 PM CDT


-  INDICATES NEGATIVE NUMBERS.
R  INDICATES RECORD WAS SET OR TIED.
MM INDICATES DATA IS MISSING.
T  INDICATES TRACE AMOUNT.




$$
