000
CDUS43 KPAH 310628
CLICGI


CLIMATE REPORT
NATIONAL WEATHER SERVICE PADUCAH KY
127 AM CDT FRI JUL 31 2015

...................................

...THE CAPE GIRARDEAU MO CLIMATE SUMMARY FOR JULY 30 2015...

CLIMATE NORMAL PERIOD 1981 TO 2010
CLIMATE RECORD PERIOD 1960 TO 2015

WEATHER ITEM   OBSERVED TIME   RECORD YEAR NORMAL DEPARTURE LAST
                VALUE   (LST)  VALUE       VALUE  FROM      YEAR
                                                  NORMAL
..................................................................
TEMPERATURE (F)
 YESTERDAY
  MAXIMUM         89    340 PM 100    1970  89      0       77
  MINIMUM         66    525 AM  54    1965  67     -1       57
  AVERAGE         78                        78      0

PRECIPITATION (IN)
  YESTERDAY        0.00          1.07 1998   0.10  -0.10     0.00
  MONTH TO DATE    9.63                      3.25   6.38     2.92
  SINCE JUN 1     13.95                      6.82   7.13    10.42
  SINCE JAN 1     39.39                     27.92  11.47    28.81

DEGREE DAYS
 HEATING
  YESTERDAY        0                         0      0        0
  MONTH TO DATE    0                         0      0        0
  SINCE JUN 1      5                         4      1        0
  SINCE JUL 1      0                         0      0        0

 COOLING
  YESTERDAY       13                        13      0        2
  MONTH TO DATE  456                       412     44      270
  SINCE JUN 1    837                       724    113      629
  SINCE JAN 1   1014                       876    138      840
..................................................................

WIND (MPH)
  HIGHEST WIND SPEED    13   HIGHEST WIND DIRECTION     N (10)
  HIGHEST GUST SPEED    17   HIGHEST GUST DIRECTION    NE (40)
  AVERAGE WIND SPEED     5.5

SKY COVER
  AVERAGE SKY COVER 0.0

WEATHER CONDITIONS
 THE FOLLOWING WEATHER WAS RECORDED YESTERDAY.
  NO SIGNIFICANT WEATHER WAS OBSERVED.

RELATIVE HUMIDITY (PERCENT)
 HIGHEST    93
 LOWEST     37
 AVERAGE    65
..........................................................

THE CAPE GIRARDEAU MO CLIMATE NORMALS FOR TODAY
                         NORMAL    RECORD    YEAR
 MAXIMUM TEMPERATURE (F)   89       101      1980
 MINIMUM TEMPERATURE (F)   67        52      1971

SUNRISE AND SUNSET
JULY 31 2015..........SUNRISE   602 AM CDT   SUNSET   807 PM CDT
AUGUST  1 2015........SUNRISE   603 AM CDT   SUNSET   806 PM CDT

-  INDICATES NEGATIVE NUMBERS.
R  INDICATES RECORD WAS SET OR TIED.
MM INDICATES DATA IS MISSING.
T  INDICATES TRACE AMOUNT.

$$
