000
CDUS43 KPAH 260628
CLICGI


CLIMATE REPORT
NATIONAL WEATHER SERVICE PADUCAH KY
126 AM CDT WED JUL 26 2017


...................................

...THE CAPE GIRARDEAU MO CLIMATE SUMMARY FOR JULY 25 2017...

CLIMATE NORMAL PERIOD 1981 TO 2010
CLIMATE RECORD PERIOD 1960 TO 2017


WEATHER ITEM   OBSERVED TIME   RECORD YEAR NORMAL DEPARTURE LAST
                VALUE   (LST)  VALUE       VALUE  FROM      YEAR
                                                  NORMAL
..................................................................
TEMPERATURE (F)
 YESTERDAY
  MAXIMUM         89   1116 AM 100    1986  89      0       91
  MINIMUM         73    548 AM  54    2000  68      5       73
  AVERAGE         81                        78      3

PRECIPITATION (IN)
  YESTERDAY        0.18          2.08 1960   0.11   0.07     0.61
  MONTH TO DATE    1.37                      2.73  -1.36     3.90
  SINCE JUN 1      4.32                      6.30  -1.98     5.18
  SINCE JAN 1     23.54                     27.40  -3.86    28.46

DEGREE DAYS
 HEATING
  YESTERDAY        0                         0      0        0
  MONTH TO DATE    0                         0      0        0
  SINCE JUN 1      0                         4     -4        0
  SINCE JUL 1      0                         0      0        0

 COOLING
  YESTERDAY       16                        14      2       17
  MONTH TO DATE  368                       347     21      386
  SINCE JUN 1    676                       659     17      797
  SINCE JAN 1    851                       811     40      918
..................................................................


WIND (MPH)
  HIGHEST WIND SPEED    16   HIGHEST WIND DIRECTION     N (10)
  HIGHEST GUST SPEED    23   HIGHEST GUST DIRECTION    NW (330)
  AVERAGE WIND SPEED     5.1


SKY COVER
  AVERAGE SKY COVER 0.5


WEATHER CONDITIONS
 THE FOLLOWING WEATHER WAS RECORDED YESTERDAY.
  THUNDERSTORM
  HEAVY RAIN
  LIGHT RAIN
  FOG
  HAZE


RELATIVE HUMIDITY (PERCENT)
 HIGHEST    93
 LOWEST     68
 AVERAGE    81

..........................................................


THE CAPE GIRARDEAU MO CLIMATE NORMALS FOR TODAY
                         NORMAL    RECORD    YEAR
 MAXIMUM TEMPERATURE (F)   89       100      1997
 MINIMUM TEMPERATURE (F)   68        55      1962


SUNRISE AND SUNSET
JULY 26 2017..........SUNRISE   558 AM CDT   SUNSET   811 PM CDT
JULY 27 2017..........SUNRISE   559 AM CDT   SUNSET   810 PM CDT


-  INDICATES NEGATIVE NUMBERS.
R  INDICATES RECORD WAS SET OR TIED.
MM INDICATES DATA IS MISSING.
T  INDICATES TRACE AMOUNT.




$$
