000
CDUS43 KPAH 240636
CLICGI


CLIMATE REPORT
NATIONAL WEATHER SERVICE PADUCAH KY
132 AM CDT FRI MAR 24 2017


...................................

...THE CAPE GIRARDEAU MO CLIMATE SUMMARY FOR MARCH 23 2017...

CLIMATE NORMAL PERIOD 1981 TO 2010
CLIMATE RECORD PERIOD 1960 TO 2017


WEATHER ITEM   OBSERVED TIME   RECORD YEAR NORMAL DEPARTURE LAST
                VALUE   (LST)  VALUE       VALUE  FROM      YEAR
                                                  NORMAL
..................................................................
TEMPERATURE (F)
 YESTERDAY
  MAXIMUM         65    454 PM  81    2011  61      4       68
  MINIMUM         42    906 AM  18    1974  38      4       56
  AVERAGE         54                        49      5

PRECIPITATION (IN)
  YESTERDAY        T             1.60 1969   0.16  -0.16     0.00
  MONTH TO DATE    2.04                      3.16  -1.12     2.62
  SINCE MAR 1      2.04                      3.16  -1.12     2.62
  SINCE JAN 1      5.06                     10.04  -4.98     7.40

DEGREE DAYS
 HEATING
  YESTERDAY       11                        16     -5        3
  MONTH TO DATE  431                       443    -12      293
  SINCE MAR 1    431                       443    -12      293
  SINCE JUL 1   3166                      3940   -774     3185

 COOLING
  YESTERDAY        0                         0      0        0
  MONTH TO DATE    0                         0      0        0
  SINCE MAR 1      0                         0      0        0
  SINCE JAN 1      0                         0      0        0
..................................................................


WIND (MPH)
  HIGHEST WIND SPEED    16   HIGHEST WIND DIRECTION    SE (130)
  HIGHEST GUST SPEED    20   HIGHEST GUST DIRECTION    SE (140)
  AVERAGE WIND SPEED     9.6


SKY COVER
  AVERAGE SKY COVER 0.4


WEATHER CONDITIONS
 THE FOLLOWING WEATHER WAS RECORDED YESTERDAY.
  THUNDERSTORM
  LIGHT RAIN


RELATIVE HUMIDITY (PERCENT)
 HIGHEST    66
 LOWEST     40
 AVERAGE    53

..........................................................


THE CAPE GIRARDEAU MO CLIMATE NORMALS FOR TODAY
                         NORMAL    RECORD    YEAR
 MAXIMUM TEMPERATURE (F)   61        82      1967
 MINIMUM TEMPERATURE (F)   38        11      1974


SUNRISE AND SUNSET
MARCH 24 2017.........SUNRISE   656 AM CDT   SUNSET   714 PM CDT
MARCH 25 2017.........SUNRISE   654 AM CDT   SUNSET   715 PM CDT


-  INDICATES NEGATIVE NUMBERS.
R  INDICATES RECORD WAS SET OR TIED.
MM INDICATES DATA IS MISSING.
T  INDICATES TRACE AMOUNT.




$$
