823
CDUS43 KPAH 282132
CLICGI


CLIMATE REPORT
NATIONAL WEATHER SERVICE PADUCAH KY
431 PM CDT SUN MAY 28 2017


...................................

...THE CAPE GIRARDEAU MO CLIMATE SUMMARY FOR MAY 28 2017...
VALID TODAY AS OF 0400 PM LOCAL TIME.

CLIMATE NORMAL PERIOD 1981 TO 2010
CLIMATE RECORD PERIOD 1960 TO 2017


WEATHER ITEM   OBSERVED TIME   RECORD YEAR NORMAL DEPARTURE LAST
                VALUE   (LST)  VALUE       VALUE  FROM      YEAR
                                                  NORMAL
..................................................................
TEMPERATURE (F)
 TODAY
  MAXIMUM         78    255 PM  96    2012  81     -3       83
  MINIMUM         63    431 AM  42    1961  59      4       67
  AVERAGE         71                        70      1

PRECIPITATION (IN)
  TODAY            0.02          1.29 1976   0.15  -0.13     0.02
  MONTH TO DATE    5.10                      5.03   0.07     8.34
  SINCE MAR 1     16.19                     13.79   2.40    18.50
  SINCE JAN 1     19.21                     20.67  -1.46    23.28

DEGREE DAYS
 HEATING
  TODAY            0                         1     -1        0
  MONTH TO DATE   68                        66      2      100
  SINCE MAR 1    695                       887   -192      679
  SINCE JUL 1   3430                      4384   -954     3571

 COOLING
  TODAY            6                         6      0       10
  MONTH TO DATE  112                       102     10       72
  SINCE MAR 1    154                       133     21       90
  SINCE JAN 1    154                       133     21       90
..................................................................


WIND (MPH)
  HIGHEST WIND SPEED    18   HIGHEST WIND DIRECTION     W (250)
  HIGHEST GUST SPEED    26   HIGHEST GUST DIRECTION    SW (210)
  AVERAGE WIND SPEED    10.9


SKY COVER
  AVERAGE SKY COVER 0.7


WEATHER CONDITIONS
 THE FOLLOWING WEATHER WAS RECORDED TODAY.
  LIGHT RAIN
  FOG


RELATIVE HUMIDITY (PERCENT)
 HIGHEST    93
 LOWEST     67
 AVERAGE    80

..........................................................


THE CAPE GIRARDEAU MO CLIMATE NORMALS FOR TOMORROW
                         NORMAL
 MAXIMUM TEMPERATURE (F)   82
 MINIMUM TEMPERATURE (F)   59


SUNRISE AND SUNSET
MAY 28 2017...........SUNRISE   541 AM CDT   SUNSET   811 PM CDT
MAY 29 2017...........SUNRISE   541 AM CDT   SUNSET   811 PM CDT


-  INDICATES NEGATIVE NUMBERS.
R  INDICATES RECORD WAS SET OR TIED.
MM INDICATES DATA IS MISSING.
T  INDICATES TRACE AMOUNT.




$$
