000
CDUS43 KPAH 200634
CLICGI


CLIMATE REPORT
NATIONAL WEATHER SERVICE PADUCAH KY
130 AM CDT SAT SEP 20 2014


...................................

...THE CAPE GIRARDEAU MO CLIMATE SUMMARY FOR SEPTEMBER 19 2014...

CLIMATE NORMAL PERIOD 1981 TO 2010
CLIMATE RECORD PERIOD 1960 TO 2014


WEATHER ITEM   OBSERVED TIME   RECORD YEAR NORMAL DEPARTURE LAST
                VALUE   (LST)  VALUE       VALUE  FROM      YEAR
                                                  NORMAL
..................................................................
TEMPERATURE (F)
 YESTERDAY
  MAXIMUM         81    343 PM  94    1972  80      1       89
  MINIMUM         53    611 AM  40    1973  55     -2       72
  AVERAGE         67                        67      0

PRECIPITATION (IN)
  YESTERDAY        0.00          1.26 1975   0.11  -0.11     0.00
  MONTH TO DATE    2.05                      2.11  -0.06      T
  SINCE SEP 1      2.05                      2.11  -0.06      T
  SINCE JAN 1     34.35                     33.16   1.19    28.23

DEGREE DAYS
 HEATING
  YESTERDAY        0                         2     -2        0
  MONTH TO DATE   32                        11     21        3
  SINCE SEP 1     32                        11     21        3
  SINCE JUL 1     32                        12     20        4

 COOLING
  YESTERDAY        2                         4     -2       16
  MONTH TO DATE  110                       128    -18      174
  SINCE SEP 1    110                       128    -18      174
  SINCE JAN 1   1349                      1388    -39     1355
..................................................................


WIND (MPH)
  HIGHEST WIND SPEED     9   HIGHEST WIND DIRECTION    SE (140)
  HIGHEST GUST SPEED    14   HIGHEST GUST DIRECTION     E (80)
  AVERAGE WIND SPEED     2.3


SKY COVER
  AVERAGE SKY COVER 0.1


WEATHER CONDITIONS
 THE FOLLOWING WEATHER WAS RECORDED YESTERDAY.
  FOG


RELATIVE HUMIDITY (PERCENT)
 HIGHEST   100
 LOWEST     48
 AVERAGE    74

..........................................................


THE CAPE GIRARDEAU MO CLIMATE NORMALS FOR TODAY
                         NORMAL    RECORD    YEAR
 MAXIMUM TEMPERATURE (F)   80        93      1972
 MINIMUM TEMPERATURE (F)   54        38      2006


SUNRISE AND SUNSET
SEPTEMBER 20 2014.....SUNRISE   644 AM CDT   SUNSET   658 PM CDT
SEPTEMBER 21 2014.....SUNRISE   645 AM CDT   SUNSET   657 PM CDT


-  INDICATES NEGATIVE NUMBERS.
R  INDICATES RECORD WAS SET OR TIED.
MM INDICATES DATA IS MISSING.
T  INDICATES TRACE AMOUNT.




$$
