000
CDUS44 KMRX 290920
CLICHA

CLIMATE REPORT
NATIONAL WEATHER SERVICE MORRISTOWN TN
418 AM EST THU JAN 29 2015


...................................

...THE CHATTANOOGA  ASOS CLIMATE SUMMARY FOR JANUARY 28 2015...

CLIMATE NORMAL PERIOD 1981 TO 2010
CLIMATE RECORD PERIOD 1879 TO 2015


WEATHER ITEM   OBSERVED TIME   RECORD YEAR NORMAL DEPARTURE LAST
                VALUE   (LST)  VALUE       VALUE  FROM      YEAR
                                                  NORMAL
..................................................................
TEMPERATURE (F)
 YESTERDAY
  MAXIMUM         49    508 PM  73    1879  51     -2       24
  MINIMUM         31   1159 PM   4    1940  31      0       14
  AVERAGE         40                        41     -1       19

PRECIPITATION (IN)
  YESTERDAY        0.00          1.41 1912   0.16  -0.16     0.11
  MONTH TO DATE    3.49                      4.43  -0.94     2.40
  SINCE DEC 1      7.89                      9.33  -1.44    10.38
  SINCE JAN 1      3.49                      4.43  -0.94     2.40

SNOWFALL (IN)
  YESTERDAY        0.0                       0.1   -0.1      1.2
  MONTH TO DATE    0.7                       1.6   -0.9      1.2
  SINCE DEC 1      0.7                       1.9   -1.2      1.2
  SINCE JUL 1      0.7                       1.9   -1.2      1.2
  SNOW DEPTH       0

DEGREE DAYS
 HEATING
  YESTERDAY       25                        24      1       46
  MONTH TO DATE  704                       693     11      845
  SINCE DEC 1   1290                      1388    -98     1462
  SINCE JUL 1   1966                      1977    -11     2093

 COOLING
  YESTERDAY        0                         0      0        0
  MONTH TO DATE    0                         0      0        0
  SINCE DEC 1      0                         1     -1        4
  SINCE JAN 1      0                         0      0        0
..................................................................


WIND (MPH)
  HIGHEST WIND SPEED    18   HIGHEST WIND DIRECTION     N (350)
  HIGHEST GUST SPEED    23   HIGHEST GUST DIRECTION     N (10)
  AVERAGE WIND SPEED     6.5


SKY COVER
  POSSIBLE SUNSHINE  MM
  AVERAGE SKY COVER 0.5


WEATHER CONDITIONS
 THE FOLLOWING WEATHER WAS RECORDED YESTERDAY.
  NO SIGNIFICANT WEATHER WAS OBSERVED.


RELATIVE HUMIDITY (PERCENT)
 HIGHEST    70          1200 AM
 LOWEST     24           500 PM
 AVERAGE    47

..........................................................


THE CHATTANOOGA  ASOS CLIMATE NORMALS FOR TODAY
                         NORMAL    RECORD    YEAR
 MAXIMUM TEMPERATURE (F)   51        73      1932
                                             1917
                                             1903
 MINIMUM TEMPERATURE (F)   31         1      1966


SUNRISE AND SUNSET
JANUARY 29 2015.......SUNRISE   742 AM EST   SUNSET   606 PM EST
JANUARY 30 2015.......SUNRISE   741 AM EST   SUNSET   607 PM EST


-  INDICATES NEGATIVE NUMBERS.
R  INDICATES RECORD WAS SET OR TIED.
MM INDICATES DATA IS MISSING.
T  INDICATES TRACE AMOUNT.




$$
