081
CDUS44 KMRX 062116
CLICHA


CLIMATE REPORT
NATIONAL WEATHER SERVICE MORRISTOWN TN
515 PM EDT FRI MAY 6 2016


...................................

...THE CHATTANOOGA  ASOS CLIMATE SUMMARY FOR MAY 6 2016...
VALID TODAY AS OF 0500 PM LOCAL TIME.

CLIMATE NORMAL PERIOD 1981 TO 2010
CLIMATE RECORD PERIOD 1879 TO 2016


WEATHER ITEM   OBSERVED TIME   RECORD YEAR NORMAL DEPARTURE LAST
                VALUE   (LST)  VALUE       VALUE  FROM      YEAR
                                                  NORMAL
..................................................................
TEMPERATURE (F)
 TODAY
  MAXIMUM         73    404 PM  94    1952  78     -5       84
  MINIMUM         44    611 AM  36    1968  54    -10       57
  AVERAGE         59                        66     -7       71

PRECIPITATION (IN)
  TODAY            0.00          3.28 2003   0.14  -0.14     0.00
  MONTH TO DATE    0.60                      0.85  -0.25     0.00
  SINCE MAR 1      5.67                      9.82  -4.15    13.48
  SINCE JAN 1     16.41                     19.57  -3.16    20.47

SNOWFALL (IN)
  TODAY            0.0                       0.0    0.0      0.0
  MONTH TO DATE    0.0                       0.0    0.0      0.0
  SINCE MAR 1      T                         1.3   -1.3      0.0
  SINCE JUL 1      0.5                       3.9   -3.4      9.5
  SNOW DEPTH       0

DEGREE DAYS
 HEATING
  TODAY            6                         2      4        0
  MONTH TO DATE   19                        14      5       10
  SINCE MAR 1    389                       592   -203      425
  SINCE JUL 1   2474                      3214   -740     3258

 COOLING
  TODAY            0                         3     -3        6
  MONTH TO DATE   17                        16      1       14
  SINCE MAR 1     96                        62     34       61
  SINCE JAN 1     96                        62     34       61
..................................................................


WIND (MPH)
  HIGHEST WIND SPEED    23   HIGHEST WIND DIRECTION     N (10)
  HIGHEST GUST SPEED    29   HIGHEST GUST DIRECTION     N (10)
  AVERAGE WIND SPEED     7.9


SKY COVER
  POSSIBLE SUNSHINE  MM
  AVERAGE SKY COVER 0.4


WEATHER CONDITIONS
 THE FOLLOWING WEATHER WAS RECORDED TODAY.
  NO SIGNIFICANT WEATHER WAS OBSERVED.


RELATIVE HUMIDITY (PERCENT)
 HIGHEST    89           400 AM
 LOWEST     31           300 PM
 AVERAGE    60

..........................................................


THE CHATTANOOGA  ASOS CLIMATE NORMALS FOR TOMORROW
                         NORMAL    RECORD    YEAR
 MAXIMUM TEMPERATURE (F)   78        94      1940
 MINIMUM TEMPERATURE (F)   55        38      1989
                                             1974


SUNRISE AND SUNSET
MAY  6 2016...........SUNRISE   644 AM EDT   SUNSET   831 PM EDT
MAY  7 2016...........SUNRISE   643 AM EDT   SUNSET   832 PM EDT


-  INDICATES NEGATIVE NUMBERS.
R  INDICATES RECORD WAS SET OR TIED.
MM INDICATES DATA IS MISSING.
T  INDICATES TRACE AMOUNT.




$$
