000
CDUS44 KMRX 110855
CLICHA


CLIMATE REPORT
NATIONAL WEATHER SERVICE MORRISTOWN TN
355 AM EST THU FEB 11 2016


...................................

...THE CHATTANOOGA  ASOS CLIMATE SUMMARY FOR FEBRUARY 10 2016...

CLIMATE NORMAL PERIOD 1981 TO 2010
CLIMATE RECORD PERIOD 1879 TO 2016


WEATHER ITEM   OBSERVED TIME   RECORD YEAR NORMAL DEPARTURE LAST
                VALUE   (LST)  VALUE       VALUE  FROM      YEAR
                                                  NORMAL
..................................................................
TEMPERATURE (F)
 YESTERDAY
  MAXIMUM         35    454 PM  77    1932  54    -19       50
  MINIMUM         22    626 AM   1    1899  33    -11       35
  AVERAGE         29                        43    -14       43

PRECIPITATION (IN)
  YESTERDAY        T             2.54 1994   0.17  -0.17     0.00
  MONTH TO DATE    2.77                      1.71   1.06     0.55
  SINCE DEC 1     16.85                     11.52   5.33     8.44
  SINCE JAN 1      6.44                      6.62  -0.18     4.04

SNOWFALL (IN)
  YESTERDAY        T                         0.0    0.0      0.0
  MONTH TO DATE    0.3                       0.2    0.1       T
  SINCE DEC 1      0.5                       2.2   -1.7      0.7
  SINCE JUL 1      0.5                       2.2   -1.7      0.7
  SNOW DEPTH       0

DEGREE DAYS
 HEATING
  YESTERDAY       36                        22     14       22
  MONTH TO DATE  201                       226    -25      221
  SINCE DEC 1   1350                      1682   -332     1581
  SINCE JUL 1   1730                      2271   -541     2257
..................................................................


WIND (MPH)
  HIGHEST WIND SPEED    22   HIGHEST WIND DIRECTION    NW (320)
  HIGHEST GUST SPEED    28   HIGHEST GUST DIRECTION    NW (320)
  AVERAGE WIND SPEED     8.8


SKY COVER
  POSSIBLE SUNSHINE  MM
  AVERAGE SKY COVER 0.8


WEATHER CONDITIONS
 THE FOLLOWING WEATHER WAS RECORDED YESTERDAY.
  LIGHT SNOW
  FOG


RELATIVE HUMIDITY (PERCENT)
 HIGHEST    68          1200 AM
 LOWEST     29           500 PM
 AVERAGE    49

..........................................................


THE CHATTANOOGA  ASOS CLIMATE NORMALS FOR TODAY
                         NORMAL    RECORD    YEAR
 MAXIMUM TEMPERATURE (F)   54        76      1932
 MINIMUM TEMPERATURE (F)   33         6      1885


SUNRISE AND SUNSET
FEBRUARY 11 2016......SUNRISE   731 AM EST   SUNSET   619 PM EST
FEBRUARY 12 2016......SUNRISE   730 AM EST   SUNSET   620 PM EST


-  INDICATES NEGATIVE NUMBERS.
R  INDICATES RECORD WAS SET OR TIED.
MM INDICATES DATA IS MISSING.
T  INDICATES TRACE AMOUNT.




$$
