000
CDUS44 KMRX 181204
CLICHA

CLIMATE REPORT NATIONAL WEATHER SERVICE MORRISTOWN TN
804 AM EDT FRI APR 18 2014

...................................

...THE CHATTANOOGA CLIMATE SUMMARY FOR APRIL 17 2014...

CLIMATE NORMAL PERIOD 1981 TO 2010
CLIMATE RECORD PERIOD 1879 TO 2014


WEATHER ITEM   OBSERVED TIME   RECORD YEAR NORMAL DEPARTURE LAST
                VALUE   (LST)  VALUE       VALUE  FROM      YEAR
                                                  NORMAL
..................................................................
TEMPERATURE (F)
 YESTERDAY
  MAXIMUM         68    457 PM  91    1955  73     -5       85
  MINIMUM         40    609 AM  30    1953  49     -9       62
                                      1949
  AVERAGE         54                        61     -7       74

PRECIPITATION (IN)
  YESTERDAY        0.00          4.10 1924   0.12  -0.12     1.81
  MONTH TO DATE    2.87                      2.29   0.58     4.50
  SINCE MAR 1      5.25                      7.27  -2.02     9.21
  SINCE JAN 1     12.84                     17.02  -4.18    22.89

SNOWFALL (IN)
  YESTERDAY        0.0                       0.0    0.0      0.0
  MONTH TO DATE    0.0                       0.1   -0.1      0.0
  SINCE MAR 1      T                         1.3   -1.3       T
  SINCE JUL 1      8.4                       3.9    4.5      0.3
  SNOW DEPTH       0

DEGREE DAYS
 HEATING
  YESTERDAY       11                         5      6        0
  MONTH TO DATE  108                       123    -15       95
  SINCE MAR 1    543                       527     16      646
  SINCE JUL 1   3337                      3149    188     2962

 COOLING
  YESTERDAY        0                         1     -1        9
  MONTH TO DATE   15                        17     -2       29
  SINCE MAR 1     15                        24     -9       32
  SINCE JAN 1     15                        24     -9       34
..................................................................


WIND (MPH)
  HIGHEST WIND SPEED    15   HIGHEST WIND DIRECTION    SE (130)
  HIGHEST GUST SPEED    23   HIGHEST GUST DIRECTION    SE (120)
  AVERAGE WIND SPEED     5.6


SKY COVER
  POSSIBLE SUNSHINE  MM
  AVERAGE SKY COVER  MM


WEATHER CONDITIONS
 THE FOLLOWING WEATHER WAS RECORDED YESTERDAY.
  NO SIGNIFICANT WEATHER WAS OBSERVED.


RELATIVE HUMIDITY (PERCENT)
 HIGHEST    73           600 AM
 LOWEST     31           200 PM
 AVERAGE    52

..........................................................


THE CHATTANOOGA  ASOS CLIMATE NORMALS FOR TODAY
                         NORMAL    RECORD    YEAR
 MAXIMUM TEMPERATURE (F)   73        90      2002
                                             1955
 MINIMUM TEMPERATURE (F)   49        32      1974


SUNRISE AND SUNSET
APRIL 18 2014.........SUNRISE   705 AM EDT   SUNSET   816 PM EDT
APRIL 19 2014.........SUNRISE   704 AM EDT   SUNSET   817 PM EDT


-  INDICATES NEGATIVE NUMBERS.
R  INDICATES RECORD WAS SET OR TIED.
MM INDICATES DATA IS MISSING.
T  INDICATES TRACE AMOUNT.

&&

THE LOW TEMPERATURE THIS MORNING WAS 52.
THERE HAS BEEN NO PRECIPITATION SINCE MIDNIGHT.

$$
