000
CDUS44 KMRX 262126
CLICHA

CLIMATE REPORT
NATIONAL WEATHER SERVICE MORRISTOWN TN
522 PM EDT THU MAR 26 2015


...................................

...THE CHATTANOOGA CLIMATE SUMMARY FOR MARCH 26 2015...
VALID TODAY AS OF 500 PM LOCAL TIME.

CLIMATE NORMAL PERIOD 1981 TO 2010
CLIMATE RECORD PERIOD 1879 TO 2015


WEATHER ITEM   OBSERVED TIME   RECORD YEAR NORMAL DEPARTURE LAST
                VALUE   (LST)  VALUE       VALUE  FROM      YEAR
                                                  NORMAL
..................................................................
TEMPERATURE (F)
 TODAY
  MAXIMUM         77    207 PM  84    2007  67     10       52
                                      1991
                                      1910
  MINIMUM         64    550 AM  19    1894  43     21       26
  AVERAGE         71                        55     16       39

PRECIPITATION (IN)
  TODAY            0.00          2.93 2011   0.16  -0.16     0.00
  MONTH TO DATE    3.56                      4.18  -0.62     1.76
  SINCE MAR 1      3.56                      4.18  -0.62     1.76
  SINCE JAN 1     10.55                     13.93  -3.38     9.35

SNOWFALL (IN)
  TODAY            0.0                       0.0    0.0      0.0
  MONTH TO DATE    0.0                       1.1   -1.1       T
  SINCE MAR 1      0.0                       1.1   -1.1       T
  SINCE JUL 1      9.5                       3.7    5.8      8.4
  SNOW DEPTH       0

DEGREE DAYS
 HEATING
  TODAY            0                        10    -10       26
  MONTH TO DATE  248                       355   -107      382
  SINCE MAR 1    248                       355   -107      382
  SINCE JUL 1   3081                      2977    104     3176

 COOLING
  TODAY            6                         0      6        0
  MONTH TO DATE    8                         0      8        0
  SINCE MAR 1      8                         0      8        0
  SINCE JAN 1      8                         0      8        0
..................................................................


WIND (MPH)
  HIGHEST WIND SPEED    18   HIGHEST WIND DIRECTION    SW (210)
  HIGHEST GUST SPEED    24   HIGHEST GUST DIRECTION    SW (230)
  AVERAGE WIND SPEED     9.1


SKY COVER
  POSSIBLE SUNSHINE  MM
  AVERAGE SKY COVER 0.9


WEATHER CONDITIONS
 THE FOLLOWING WEATHER WAS RECORDED TODAY.
  NO SIGNIFICANT WEATHER WAS OBSERVED.


RELATIVE HUMIDITY (PERCENT)
 HIGHEST    84           300 AM
 LOWEST     38           400 PM
 AVERAGE    61

..........................................................


THE CHATTANOOGA  ASOS CLIMATE NORMALS FOR TOMORROW
                         NORMAL    RECORD    YEAR
 MAXIMUM TEMPERATURE (F)   67        86      1910
 MINIMUM TEMPERATURE (F)   43        17      1955


SUNRISE AND SUNSET
MARCH 26 2015.........SUNRISE   736 AM EDT   SUNSET   757 PM EDT
MARCH 27 2015.........SUNRISE   735 AM EDT   SUNSET   758 PM EDT


-  INDICATES NEGATIVE NUMBERS.
R  INDICATES RECORD WAS SET OR TIED.
MM INDICATES DATA IS MISSING.
T  INDICATES TRACE AMOUNT.




$$
