000
CDUS44 KMRX 022126
CLICHA

CLIMATE REPORT NATIONAL WEATHER SERVICE MORRISTOWN TN
525 PM EDT TUE JUN 2 2015

...................................

...THE CHATTANOOGA CLIMATE SUMMARY FOR JUNE 2 2015... VALID TODAY AS
OF 500 PM LOCAL TIME.

CLIMATE NORMAL PERIOD 1981 TO 2010
CLIMATE RECORD PERIOD 1879 TO 2015


WEATHER ITEM   OBSERVED TIME   RECORD YEAR NORMAL DEPARTURE LAST
                VALUE   (LST)  VALUE       VALUE  FROM      YEAR
                                                  NORMAL
..................................................................
TEMPERATURE (F)
 TODAY
  MAXIMUM         83    254 PM  97    2011  84     -1       83
                                      1998
                                      1895
  MINIMUM         64    557 AM  43    1972  62      2       68
  AVERAGE         74                        73      1       76

PRECIPITATION (IN)
  TODAY            0.00          1.30 1950   0.13  -0.13     0.00
  MONTH TO DATE    0.01                      0.25  -0.24     0.01
  SINCE JUN 1      0.01                      0.25  -0.24     0.01
  SINCE JAN 1     23.21                     23.07   0.14    17.30

SNOWFALL (IN)
  TODAY            0.0                       0.0    0.0      0.0
  MONTH TO DATE    0.0                       0.0    0.0      0.0
  SINCE JUN 1      0.0                       0.0    0.0      0.0
  SINCE JUL 1      9.5                       3.9    5.6      8.4
  SNOW DEPTH       0

DEGREE DAYS
 HEATING
  TODAY            0                         0      0        0
  MONTH TO DATE    0                         0      0        0
  SINCE JUN 1      0                         0      0        0
  SINCE JUL 1   3261                      3238     23     3396

 COOLING
  TODAY            9                         9      0       11
  MONTH TO DATE   18                        17      1       23
  SINCE JUN 1     18                        17      1       23
  SINCE JAN 1    294                       213     81      281
..................................................................


WIND (MPH)
  HIGHEST WIND SPEED    21   HIGHEST WIND DIRECTION     N (10)
  HIGHEST GUST SPEED    25   HIGHEST GUST DIRECTION     N (10)
  AVERAGE WIND SPEED     2.5


SKY COVER
  POSSIBLE SUNSHINE  MM
  AVERAGE SKY COVER 0.6


WEATHER CONDITIONS
 THE FOLLOWING WEATHER WAS RECORDED TODAY.
  THUNDERSTORM


RELATIVE HUMIDITY (PERCENT)
 HIGHEST    93           100 AM
 LOWEST     46           200 PM
 AVERAGE    70

..........................................................


THE CHATTANOOGA  ASOS CLIMATE NORMALS FOR TOMORROW
                         NORMAL    RECORD    YEAR
 MAXIMUM TEMPERATURE (F)   84        96      2011
                                             2002
                                             1998
 MINIMUM TEMPERATURE (F)   63        41      1956


SUNRISE AND SUNSET
JUNE  2 2015..........SUNRISE   628 AM EDT   SUNSET   850 PM EDT
JUNE  3 2015..........SUNRISE   627 AM EDT   SUNSET   851 PM EDT


-  INDICATES NEGATIVE NUMBERS.
R  INDICATES RECORD WAS SET OR TIED.
MM INDICATES DATA IS MISSING.
T  INDICATES TRACE AMOUNT.




$$
