000
CDUS41 KLWX 300525
CLICHO


CLIMATE REPORT
NATIONAL WEATHER SERVICE BALTIMORE MD/WASHINGTON DC
123 AM EDT FRI SEP 30 2016


...................................

...THE CHARLOTTESVILLE VA CLIMATE SUMMARY FOR SEPTEMBER 29 2016...

CLIMATE NORMAL PERIOD 1981 TO 2010
CLIMATE RECORD PERIOD 1889 TO 2016


WEATHER ITEM   OBSERVED TIME   RECORD YEAR NORMAL DEPARTURE LAST
                VALUE   (LST)  VALUE       VALUE  FROM      YEAR
                                                  NORMAL
..................................................................
TEMPERATURE (F)
 YESTERDAY
  MAXIMUM         78    220 PM  MM      MM  73      5       74
  MINIMUM         66   1159 PM  MM      MM  50     16       70
  AVERAGE         72                        62     10       72

PRECIPITATION (IN)
  YESTERDAY        1.06                      0.18   0.88     2.85
  MONTH TO DATE    3.50                      4.28  -0.78     6.87
  SINCE SEP 1      3.50                      4.28  -0.78     6.87
  SINCE JAN 1     29.46                     32.42  -2.96    34.20

DEGREE DAYS
 HEATING
  YESTERDAY        0                         5     -5        0
  MONTH TO DATE    0                        49    -49       12
  SINCE SEP 1      0                        49    -49       12
  SINCE JUL 1      0                        52    -52       12

 COOLING
  YESTERDAY        7                         1      6        7
  MONTH TO DATE  294                       109    185      172
  SINCE SEP 1    294                       109    185      172
  SINCE JAN 1   1638                      1019    619     1330
..................................................................


WIND (MPH)
  HIGHEST WIND SPEED    16   HIGHEST WIND DIRECTION     E (90)
  HIGHEST GUST SPEED    25   HIGHEST GUST DIRECTION     E (100)
  AVERAGE WIND SPEED     8.1


SKY COVER
  POSSIBLE SUNSHINE  MM
  AVERAGE SKY COVER 1.0


WEATHER CONDITIONS
 THE FOLLOWING WEATHER WAS RECORDED YESTERDAY.
  HEAVY RAIN
  RAIN
  LIGHT RAIN
  FOG
  HAZE


RELATIVE HUMIDITY (PERCENT)
 HIGHEST    93          1200 AM
 LOWEST     82          1200 PM
 AVERAGE    88

..........................................................


THE CHARLOTTESVILLE VA CLIMATE NORMALS FOR TODAY
                         NORMAL    RECORD    YEAR
 MAXIMUM TEMPERATURE (F)   73        MM        MM
 MINIMUM TEMPERATURE (F)   50        MM        MM


SUNRISE AND SUNSET
SEPTEMBER 30 2016.....SUNRISE   709 AM EDT   SUNSET   657 PM EDT
OCTOBER  1 2016.......SUNRISE   710 AM EDT   SUNSET   656 PM EDT


-  INDICATES NEGATIVE NUMBERS.
R  INDICATES RECORD WAS SET OR TIED.
MM INDICATES DATA IS MISSING.
T  INDICATES TRACE AMOUNT.




$$
