000
CDUS41 KLWX 290529
CLICHO


CLIMATE REPORT
NATIONAL WEATHER SERVICE BALTIMORE MD/WASHINGTON DC
128 AM EDT FRI JUL 29 2016


...................................

...THE CHARLOTTESVILLE VA CLIMATE SUMMARY FOR JULY 28 2016...

CLIMATE NORMAL PERIOD 1981 TO 2010
CLIMATE RECORD PERIOD 1889 TO 2016


WEATHER ITEM   OBSERVED TIME   RECORD YEAR NORMAL DEPARTURE LAST
                VALUE   (LST)  VALUE       VALUE  FROM      YEAR
                                                  NORMAL
..................................................................
TEMPERATURE (F)
 YESTERDAY
  MAXIMUM         97    406 PM  MM      MM  86     11       89
  MINIMUM         73    453 AM  MM      MM  65      8       70
  AVERAGE         85                        75     10       80

PRECIPITATION (IN)
  YESTERDAY        0.01                      0.14  -0.13     0.20
  MONTH TO DATE    1.13                      3.92  -2.79     3.64
  SINCE JUN 1      4.88                      7.65  -2.77    11.87
  SINCE JAN 1     21.39                     24.12  -2.73    24.53

DEGREE DAYS
 HEATING
  YESTERDAY        0                         0      0        0
  MONTH TO DATE    0                         0      0        0
  SINCE JUN 1      0                        11    -11       11
  SINCE JUL 1      0                         0      0        0

 COOLING
  YESTERDAY       20                        10     10       15
  MONTH TO DATE  438                       297    141      322
  SINCE JUN 1    725                       516    209      628
  SINCE JAN 1    838                       602    236      805
..................................................................


WIND (MPH)
  HIGHEST WIND SPEED    16   HIGHEST WIND DIRECTION    NE (30)
  HIGHEST GUST SPEED    21   HIGHEST GUST DIRECTION    NE (30)
  AVERAGE WIND SPEED     4.9


SKY COVER
  POSSIBLE SUNSHINE  MM
  AVERAGE SKY COVER 0.4


WEATHER CONDITIONS
 THE FOLLOWING WEATHER WAS RECORDED YESTERDAY.
  THUNDERSTORM
  LIGHT RAIN
  FOG


RELATIVE HUMIDITY (PERCENT)
 HIGHEST    94          1200 AM
 LOWEST     42           400 PM
 AVERAGE    68

..........................................................


THE CHARLOTTESVILLE VA CLIMATE NORMALS FOR TODAY
                         NORMAL    RECORD    YEAR
 MAXIMUM TEMPERATURE (F)   86        MM        MM
 MINIMUM TEMPERATURE (F)   65        MM        MM


SUNRISE AND SUNSET
JULY 29 2016..........SUNRISE   614 AM EDT   SUNSET   826 PM EDT
JULY 30 2016..........SUNRISE   615 AM EDT   SUNSET   825 PM EDT


-  INDICATES NEGATIVE NUMBERS.
R  INDICATES RECORD WAS SET OR TIED.
MM INDICATES DATA IS MISSING.
T  INDICATES TRACE AMOUNT.




$$
