000
CDUS41 KLWX 270532
CLICHO


CLIMATE REPORT
NATIONAL WEATHER SERVICE BALTIMORE MD/WASHINGTON DC
130 AM EDT THU APR 27 2017


...................................

...THE CHARLOTTESVILLE VA CLIMATE SUMMARY FOR APRIL 26 2017...

CLIMATE NORMAL PERIOD 1981 TO 2010
CLIMATE RECORD PERIOD 1889 TO 2017


WEATHER ITEM   OBSERVED TIME   RECORD YEAR NORMAL DEPARTURE LAST
                VALUE   (LST)  VALUE       VALUE  FROM      YEAR
                                                  NORMAL
..................................................................
TEMPERATURE (F)
 YESTERDAY
  MAXIMUM         81    346 PM  MM      MM  70     11       85
  MINIMUM         52    541 AM  MM      MM  46      6       61
  AVERAGE         67                        58      9       73

PRECIPITATION (IN)
  YESTERDAY        T                         0.11  -0.11     0.15
  MONTH TO DATE    2.70                      2.96  -0.26     1.38
  SINCE MAR 1      5.43                      6.62  -1.19     2.87
  SINCE JAN 1      8.67                     12.09  -3.42     8.99

DEGREE DAYS
 HEATING
  YESTERDAY        0                         8     -8        0
  MONTH TO DATE  124                       280   -156      230
  SINCE MAR 1    628                       872   -244      573
  SINCE JUL 1   3001                      4284  -1283     3331

 COOLING
  YESTERDAY        2                         1      1        8
  MONTH TO DATE   52                        18     34       23
  SINCE MAR 1     56                        20     36       27
  SINCE JAN 1     57                        20     37       27
..................................................................


WIND (MPH)
  HIGHEST WIND SPEED    10   HIGHEST WIND DIRECTION    SE (150)
  HIGHEST GUST SPEED    13   HIGHEST GUST DIRECTION     S (190)
  AVERAGE WIND SPEED     3.6


SKY COVER
  POSSIBLE SUNSHINE  MM
  AVERAGE SKY COVER 0.2


WEATHER CONDITIONS
 THE FOLLOWING WEATHER WAS RECORDED YESTERDAY.
  LIGHT RAIN
  FOG


RELATIVE HUMIDITY (PERCENT)
 HIGHEST   100           200 AM
 LOWEST     49           300 PM
 AVERAGE    75

..........................................................


THE CHARLOTTESVILLE VA CLIMATE NORMALS FOR TODAY
                         NORMAL    RECORD    YEAR
 MAXIMUM TEMPERATURE (F)   71        MM        MM
 MINIMUM TEMPERATURE (F)   46        MM        MM


SUNRISE AND SUNSET
APRIL 27 2017.........SUNRISE   622 AM EDT   SUNSET   801 PM EDT
APRIL 28 2017.........SUNRISE   621 AM EDT   SUNSET   802 PM EDT


-  INDICATES NEGATIVE NUMBERS.
R  INDICATES RECORD WAS SET OR TIED.
MM INDICATES DATA IS MISSING.
T  INDICATES TRACE AMOUNT.




$$
