000
CDUS42 KCHS 230607
CLICHS


CLIMATE REPORT
NATIONAL WEATHER SERVICE CHARLESTON SC
207 AM EDT FRI JUN 23 2017


...................................

...THE NORTH CHARLESTON SC CLIMATE SUMMARY FOR JUNE 22 2017...

CLIMATE NORMAL PERIOD 1981 TO 2010
CLIMATE RECORD PERIOD 1938 TO 2017


WEATHER ITEM   OBSERVED TIME   RECORD YEAR NORMAL DEPARTURE LAST
                VALUE   (LST)  VALUE       VALUE  FROM      YEAR
                                                  NORMAL
..................................................................
TEMPERATURE (F)
 YESTERDAY
  MAXIMUM         89    226 PM  98    2015  89      0       95
                                      2011
  MINIMUM         76   1255 AM  56    1966  71      5       73
  AVERAGE         83                        80      3       84

PRECIPITATION (IN)
  YESTERDAY        T             2.15 2002   0.21  -0.21     0.00
  MONTH TO DATE    3.85                      3.96  -0.11     2.80
  SINCE JUN 1      3.85                      3.96  -0.11     2.80
  SINCE JAN 1     19.01                     20.27  -1.26    23.55

DEGREE DAYS
 HEATING
  YESTERDAY        0                         0      0        0
  MONTH TO DATE    0                         0      0        0
  SINCE JUN 1      0                         0      0        0
  SINCE JUL 1   1228                      1975   -747     1357

 COOLING
  YESTERDAY       18                        15      3       19
  MONTH TO DATE  288                       295     -7      373
  SINCE JUN 1    288                       295     -7      373
  SINCE JAN 1    863                       657    206      868
..................................................................


WIND (MPH)
  HIGHEST WIND SPEED    15   HIGHEST WIND DIRECTION     S (200)
  HIGHEST GUST SPEED    21   HIGHEST GUST DIRECTION     S (160)
  AVERAGE WIND SPEED     6.8


SKY COVER
  POSSIBLE SUNSHINE  MM
  AVERAGE SKY COVER 0.7


WEATHER CONDITIONS
 THE FOLLOWING WEATHER WAS RECORDED YESTERDAY.
  LIGHT RAIN
  FOG


RELATIVE HUMIDITY (PERCENT)
 HIGHEST    94          1200 AM
 LOWEST     68           100 PM
 AVERAGE    81

..........................................................


THE NORTH CHARLESTON SC CLIMATE NORMALS FOR TODAY
                         NORMAL    RECORD    YEAR
 MAXIMUM TEMPERATURE (F)   90       100      1944
 MINIMUM TEMPERATURE (F)   71        57      1947


SUNRISE AND SUNSET
JUNE 23 2017..........SUNRISE   613 AM EDT   SUNSET   832 PM EDT
JUNE 24 2017..........SUNRISE   613 AM EDT   SUNSET   832 PM EDT


-  INDICATES NEGATIVE NUMBERS.
R  INDICATES RECORD WAS SET OR TIED.
MM INDICATES DATA IS MISSING.
T  INDICATES TRACE AMOUNT.




$$
