000
CDUS42 KCHS 010538
CLICHS


CLIMATE REPORT
NATIONAL WEATHER SERVICE CHARLESTON SC
138 AM EDT MON SEP 1 2014


...................................

...THE NORTH CHARLESTON SC CLIMATE SUMMARY FOR AUGUST 31 2014...

CLIMATE NORMAL PERIOD 1981 TO 2010
CLIMATE RECORD PERIOD 1938 TO 2014


WEATHER ITEM   OBSERVED TIME   RECORD YEAR NORMAL DEPARTURE LAST
                VALUE   (LST)  VALUE       VALUE  FROM      YEAR
                                                  NORMAL
..................................................................
TEMPERATURE (F)
 YESTERDAY
  MAXIMUM         93    224 PM  97    1954  88      5       92
  MINIMUM         75    624 AM  61    1999  71      4       73
  AVERAGE         84                        79      5       83

PRECIPITATION (IN)
  YESTERDAY        0.00          2.61 2006   0.24  -0.24     0.00
  MONTH TO DATE    7.08                      7.15  -0.07     3.95
  SINCE JUN 1     18.08                     19.33  -1.25    22.62
  SINCE JAN 1     35.33                     35.64  -0.31    46.06

DEGREE DAYS
 HEATING
  YESTERDAY        0                         0      0        0
  MONTH TO DATE    0                         0      0        0
  SINCE JUN 1      0                         1     -1        0
  SINCE JUL 1      0                         0      0        0

 COOLING
  YESTERDAY       19                        14      5       18
  MONTH TO DATE  568                       493     75      515
  SINCE JUN 1   1652                      1443    209     1508
  SINCE JAN 1   2162                      1805    357     1855
..................................................................


WIND (MPH)
  HIGHEST WIND SPEED    15   HIGHEST WIND DIRECTION    SE (150)
  HIGHEST GUST SPEED    20   HIGHEST GUST DIRECTION    SE (140)
  AVERAGE WIND SPEED     4.5


SKY COVER
  POSSIBLE SUNSHINE  MM
  AVERAGE SKY COVER 0.4


WEATHER CONDITIONS
 THE FOLLOWING WEATHER WAS RECORDED YESTERDAY.
  NO SIGNIFICANT WEATHER WAS OBSERVED.


RELATIVE HUMIDITY (PERCENT)
 HIGHEST    94           200 AM
 LOWEST     52          1200 PM
 AVERAGE    73

..........................................................


THE NORTH CHARLESTON SC CLIMATE NORMALS FOR TODAY
                         NORMAL    RECORD    YEAR
 MAXIMUM TEMPERATURE (F)   88        95      1944
 MINIMUM TEMPERATURE (F)   71        56      1999


SUNRISE AND SUNSET
SEPTEMBER  1 2014.....SUNRISE   655 AM EDT   SUNSET   745 PM EDT
SEPTEMBER  2 2014.....SUNRISE   655 AM EDT   SUNSET   744 PM EDT


-  INDICATES NEGATIVE NUMBERS.
R  INDICATES RECORD WAS SET OR TIED.
MM INDICATES DATA IS MISSING.
T  INDICATES TRACE AMOUNT.




$$
