000
CDUS42 KCHS 040606
CLICHS


CLIMATE REPORT
NATIONAL WEATHER SERVICE CHARLESTON SC
206 AM EDT TUE AUG 4 2015


...................................

...THE NORTH CHARLESTON SC CLIMATE SUMMARY FOR AUGUST 3 2015...

CLIMATE NORMAL PERIOD 1981 TO 2010
CLIMATE RECORD PERIOD 1938 TO 2015


WEATHER ITEM   OBSERVED TIME   RECORD YEAR NORMAL DEPARTURE LAST
                VALUE   (LST)  VALUE       VALUE  FROM      YEAR
                                                  NORMAL
..................................................................
TEMPERATURE (F)
 YESTERDAY
  MAXIMUM         90   1143 AM  97    2006  91     -1       84
                                      1979
                                      1964
  MINIMUM         75   1210 AM  60    1965  73      2       74
  AVERAGE         83                        82      1       79

PRECIPITATION (IN)
  YESTERDAY        0.20          4.60 1962   0.22  -0.02     0.82
  MONTH TO DATE    1.12                      0.64   0.48     0.84
  SINCE JUN 1     16.53                     12.82   3.71    11.84
  SINCE JAN 1     31.75                     29.13   2.62    29.09

DEGREE DAYS
 HEATING
  YESTERDAY        0                         0      0        0
  MONTH TO DATE    0                         0      0        0
  SINCE JUN 1      0                         1     -1        0
  SINCE JUL 1      0                         0      0        0

 COOLING
  YESTERDAY       18                        17      1       14
  MONTH TO DATE   52                        51      1       44
  SINCE JUN 1   1154                      1001    153     1128
  SINCE JAN 1   1587                      1363    224     1638
..................................................................


WIND (MPH)
  HIGHEST WIND SPEED    20   HIGHEST WIND DIRECTION     S (180)
  HIGHEST GUST SPEED    25   HIGHEST GUST DIRECTION     S (190)
  AVERAGE WIND SPEED     7.5


SKY COVER
  POSSIBLE SUNSHINE  MM
  AVERAGE SKY COVER 0.8


WEATHER CONDITIONS
 THE FOLLOWING WEATHER WAS RECORDED YESTERDAY.
  HEAVY RAIN
  RAIN
  LIGHT RAIN
  FOG


RELATIVE HUMIDITY (PERCENT)
 HIGHEST    94          1200 AM
 LOWEST     55          1200 PM
 AVERAGE    75

..........................................................


THE NORTH CHARLESTON SC CLIMATE NORMALS FOR TODAY
                         NORMAL    RECORD    YEAR
 MAXIMUM TEMPERATURE (F)   91        98      2011
                                             2006
                                             1963
 MINIMUM TEMPERATURE (F)   73        65      1959


SUNRISE AND SUNSET
AUGUST  4 2015........SUNRISE   636 AM EDT   SUNSET   816 PM EDT
AUGUST  5 2015........SUNRISE   636 AM EDT   SUNSET   816 PM EDT


-  INDICATES NEGATIVE NUMBERS.
R  INDICATES RECORD WAS SET OR TIED.
MM INDICATES DATA IS MISSING.
T  INDICATES TRACE AMOUNT.




$$
