000
CDUS43 KDVN 120925
CLICID


CLIMATE REPORT
NATIONAL WEATHER SERVICE QUAD CITIES IA IL
423 AM CDT SAT JUL 12 2014


...................................

...THE CEDAR RAPIDS IA CLIMATE SUMMARY FOR JULY 11 2014...

CLIMATE NORMAL PERIOD 1981 TO 2010
CLIMATE RECORD PERIOD 1891 TO 2014


WEATHER ITEM   OBSERVED TIME   RECORD YEAR NORMAL DEPARTURE LAST
                VALUE   (LST)  VALUE       VALUE  FROM      YEAR
                                                  NORMAL
..................................................................
TEMPERATURE (F)
 YESTERDAY
  MAXIMUM         77    609 PM 104    1930  84     -7       80
  MINIMUM         63    312 AM  46    1945  63      0       59
  AVERAGE         70                        73     -3       70

PRECIPITATION (IN)
  YESTERDAY        T            MM      MM   0.15  -0.15     0.00
  MONTH TO DATE    0.76                      1.69  -0.93     1.11
  SINCE JUN 1     14.05                      6.61   7.44     7.43
  SINCE JAN 1     25.29                     18.05   7.24    27.62

DEGREE DAYS
 HEATING
  YESTERDAY        0                         0      0        0
  MONTH TO DATE   10                         0     10        0
  SINCE JUN 1     15                        29    -14       28
  SINCE JUL 1     10                         0     10        0

 COOLING
  YESTERDAY        5                         8     -3        5
  MONTH TO DATE   40                        88    -48       88
  SINCE JUN 1    223                       254    -31      260
  SINCE JAN 1    303                       303      0      334
..................................................................


WIND (MPH)
  HIGHEST WIND SPEED    17   HIGHEST WIND DIRECTION     S (160)
  HIGHEST GUST SPEED    26   HIGHEST GUST DIRECTION    SE (140)
  AVERAGE WIND SPEED     8.2


SKY COVER
  POSSIBLE SUNSHINE  MM
  AVERAGE SKY COVER 0.3


WEATHER CONDITIONS
 THE FOLLOWING WEATHER WAS RECORDED YESTERDAY.
  LIGHT RAIN
  FOG
  HAZE


RELATIVE HUMIDITY (PERCENT)
 HIGHEST    90          1000 PM
 LOWEST     64          1100 AM
 AVERAGE    77

..........................................................


THE CEDAR RAPIDS IA CLIMATE NORMALS FOR TODAY
                         NORMAL    RECORD    YEAR
 MAXIMUM TEMPERATURE (F)   84       106      1936
 MINIMUM TEMPERATURE (F)   63        48      1975


SUNRISE AND SUNSET
JULY 12 2014..........SUNRISE   543 AM CDT   SUNSET   842 PM CDT
JULY 13 2014..........SUNRISE   543 AM CDT   SUNSET   841 PM CDT


-  INDICATES NEGATIVE NUMBERS.
R  INDICATES RECORD WAS SET OR TIED.
MM INDICATES DATA IS MISSING.
T  INDICATES TRACE AMOUNT.




$$
