000
CDUS43 KDVN 180925
CLICID


CLIMATE REPORT
NATIONAL WEATHER SERVICE QUAD CITIES IA IL
424 AM CDT WED OCT 18 2017


...................................

...THE CEDAR RAPIDS IA CLIMATE SUMMARY FOR OCTOBER 17 2017...

CLIMATE NORMAL PERIOD 1981 TO 2010
CLIMATE RECORD PERIOD 1891 TO 2017


WEATHER ITEM   OBSERVED TIME   RECORD YEAR NORMAL DEPARTURE LAST
                VALUE   (LST)  VALUE       VALUE  FROM      YEAR
                                                  NORMAL
..................................................................
TEMPERATURE (F)
 YESTERDAY
  MAXIMUM         73    258 PM  86    1950  61     12       85
  MINIMUM         47    622 AM  22    1976  39      8       68
  AVERAGE         60                        50     10       77

PRECIPITATION (IN)
  YESTERDAY        0.00         MM      MM   0.08  -0.08     0.00
  MONTH TO DATE    3.43                      1.48   1.95     1.35
  SINCE SEP 1      4.40                      4.64  -0.24     8.27
  SINCE JAN 1     24.42                     29.94  -5.52    36.80

DEGREE DAYS
 HEATING
  YESTERDAY        5                        15    -10        0
  MONTH TO DATE   96                       209   -113      106
  SINCE SEP 1    160                       347   -187      141
  SINCE JUL 1    171                       366   -195      145

 COOLING
  YESTERDAY        0                         0      0       12
  MONTH TO DATE   15                         8      7       22
  SINCE SEP 1    145                        80     65      158
  SINCE JAN 1    744                       748     -4      969
..................................................................


WIND (MPH)
  HIGHEST WIND SPEED    21   HIGHEST WIND DIRECTION    SW (230)
  HIGHEST GUST SPEED    26   HIGHEST GUST DIRECTION    SW (230)
  AVERAGE WIND SPEED    10.3


SKY COVER
  POSSIBLE SUNSHINE  MM
  AVERAGE SKY COVER 0.0


WEATHER CONDITIONS
 THE FOLLOWING WEATHER WAS RECORDED YESTERDAY.
  NO SIGNIFICANT WEATHER WAS OBSERVED.


RELATIVE HUMIDITY (PERCENT)
 HIGHEST    77           700 AM
 LOWEST     35           100 PM
 AVERAGE    56

..........................................................


THE CEDAR RAPIDS IA CLIMATE NORMALS FOR TODAY
                         NORMAL    RECORD    YEAR
 MAXIMUM TEMPERATURE (F)   61        88      1950
 MINIMUM TEMPERATURE (F)   39        20      1952


SUNRISE AND SUNSET
OCTOBER 18 2017.......SUNRISE   723 AM CDT   SUNSET   620 PM CDT
OCTOBER 19 2017.......SUNRISE   724 AM CDT   SUNSET   619 PM CDT


-  INDICATES NEGATIVE NUMBERS.
R  INDICATES RECORD WAS SET OR TIED.
MM INDICATES DATA IS MISSING.
T  INDICATES TRACE AMOUNT.




$$
