992
CDUS41 KCLE 190525
CLICLE


CLIMATE REPORT
NATIONAL WEATHER SERVICE CLEVELAND OH
1225 AM EST FRI JAN 19 2018


...................................

...THE CLEVELAND OH CLIMATE SUMMARY FOR JANUARY 18 2018...

CLIMATE NORMAL PERIOD 1981 TO 2010
CLIMATE RECORD PERIOD 1871 TO 2018


WEATHER ITEM   OBSERVED TIME   RECORD YEAR NORMAL DEPARTURE LAST
                VALUE   (LST)  VALUE       VALUE  FROM      YEAR
                                                  NORMAL
..................................................................
TEMPERATURE (F)
 YESTERDAY
  MAXIMUM         31        MM  64    1996  34     -3       45
  MINIMUM         14        MM -14    1994  21     -7       38
  AVERAGE         23                        28     -5       42

PRECIPITATION (IN)
  YESTERDAY        0.00                      0.08  -0.08     0.05
  MONTH TO DATE    1.31                      1.67  -0.36     3.14
  SINCE DEC 1      3.04                      4.77  -1.73     5.79
  SINCE JAN 1      1.31                      1.67  -0.36     3.14

SNOWFALL (IN)
  YESTERDAY        0.0                       0.7   -0.7       T
  MONTH TO DATE    8.1                      10.8   -2.7      3.5
  SINCE DEC 1     25.3                      24.9    0.4     13.1
  SINCE JUL 1     26.1                      29.4   -3.3     14.0
  SNOW DEPTH       3

DEGREE DAYS
 HEATING
  YESTERDAY       42                        37      5       23
  MONTH TO DATE  803                       665    138      590
  SINCE DEC 1   1920                      1677    243     1597
  SINCE JUL 1   2810                      2772     38     2313

 COOLING
  YESTERDAY        0                         0      0        0
  MONTH TO DATE    0                         0      0        0
  SINCE DEC 1      0                         0      0        0
  SINCE JAN 1      0                         0      0        0
..................................................................


WIND (MPH)
  HIGHEST WIND SPEED    22   HIGHEST WIND DIRECTION    SW (230)
  HIGHEST GUST SPEED    35   HIGHEST GUST DIRECTION    SW (230)
  AVERAGE WIND SPEED    16.1


SKY COVER
  POSSIBLE SUNSHINE  MM
  AVERAGE SKY COVER 0.1


WEATHER CONDITIONS
 THE FOLLOWING WEATHER WAS RECORDED YESTERDAY.
  NO SIGNIFICANT WEATHER WAS OBSERVED.


RELATIVE HUMIDITY (PERCENT)
 HIGHEST    67          1200 AM
 LOWEST     47           700 PM
 AVERAGE    57

..........................................................


THE CLEVELAND OH CLIMATE NORMALS FOR TODAY
                         NORMAL    RECORD    YEAR
 MAXIMUM TEMPERATURE (F)   34        67      1907
 MINIMUM TEMPERATURE (F)   22       -20      1994


SUNRISE AND SUNSET
JANUARY 19 2018.......SUNRISE   749 AM EST   SUNSET   528 PM EST
JANUARY 20 2018.......SUNRISE   749 AM EST   SUNSET   529 PM EST


-  INDICATES NEGATIVE NUMBERS.
R  INDICATES RECORD WAS SET OR TIED.
MM INDICATES DATA IS MISSING.
T  INDICATES TRACE AMOUNT.




$$
