000
CDUS41 KCLE 230551
CLICLE


CLIMATE REPORT
NATIONAL WEATHER SERVICE CLEVELAND OH
1251 AM EST THU FEB 23 2017


...................................

...THE CLEVELAND OH CLIMATE SUMMARY FOR FEBRUARY 22 2017...

CLIMATE NORMAL PERIOD 1981 TO 2010
CLIMATE RECORD PERIOD 1871 TO 2017


WEATHER ITEM   OBSERVED TIME   RECORD YEAR NORMAL DEPARTURE LAST
                VALUE   (LST)  VALUE       VALUE  FROM      YEAR
                                                  NORMAL
..................................................................
TEMPERATURE (F)
 YESTERDAY
  MAXIMUM         63    437 PM  72    1930  39     24       42
  MINIMUM         52   1251 AM  -8    1963  25     27       29
  AVERAGE         58                        32     26       36

PRECIPITATION (IN)
  YESTERDAY        0.01                      0.08  -0.07     0.00
  MONTH TO DATE    2.11                      1.80   0.31     1.82
  SINCE DEC 1      9.54                      7.62   1.92     6.15
  SINCE JAN 1      6.89                      4.52   2.37     3.19

SNOWFALL (IN)
  YESTERDAY        0.0                       0.5   -0.5      0.0
  MONTH TO DATE    2.9                      11.8   -8.9     11.8
  SINCE DEC 1     24.0                      44.6  -20.6     19.7
  SINCE JUL 1     24.9                      49.1  -24.2     20.6
  SNOW DEPTH       0

DEGREE DAYS
 HEATING
  YESTERDAY        7                        33    -26       29
  MONTH TO DATE  561                       770   -209      752
  SINCE DEC 1   2498                      2927   -429     2538
  SINCE JUL 1   3214                      4022   -808     3403

 COOLING
  YESTERDAY        0                         0      0        0
  MONTH TO DATE    0                         0      0        0
  SINCE DEC 1      0                         0      0        0
  SINCE JAN 1      0                         0      0        0
..................................................................


WIND (MPH)
  HIGHEST WIND SPEED    17   HIGHEST WIND DIRECTION     S (200)
  HIGHEST GUST SPEED    23   HIGHEST GUST DIRECTION     S (200)
  AVERAGE WIND SPEED     8.8


SKY COVER
  POSSIBLE SUNSHINE  MM
  AVERAGE SKY COVER 1.0


WEATHER CONDITIONS
 THE FOLLOWING WEATHER WAS RECORDED YESTERDAY.
  NO SIGNIFICANT WEATHER WAS OBSERVED.


RELATIVE HUMIDITY (PERCENT)
 HIGHEST    86          1000 AM
 LOWEST     67           400 AM
 AVERAGE    77

..........................................................


THE CLEVELAND OH CLIMATE NORMALS FOR TODAY
                         NORMAL    RECORD    YEAR
 MAXIMUM TEMPERATURE (F)   39        66      2000
 MINIMUM TEMPERATURE (F)   25        -5      2015


SUNRISE AND SUNSET
FEBRUARY 23 2017......SUNRISE   711 AM EST   SUNSET   611 PM EST
FEBRUARY 24 2017......SUNRISE   709 AM EST   SUNSET   612 PM EST


-  INDICATES NEGATIVE NUMBERS.
R  INDICATES RECORD WAS SET OR TIED.
MM INDICATES DATA IS MISSING.
T  INDICATES TRACE AMOUNT.




$$
