000
CDUS44 KHGX 310752
CLICLL


CLIMATE REPORT
NATIONAL WEATHER SERVICE HOUSTON/GALVESTON TX
252 AM CDT MON AUG 31 2015


...................................

...THE COLLEGE STATION CLIMATE SUMMARY FOR AUGUST 30 2015...

CLIMATE NORMAL PERIOD 1981 TO 2010
CLIMATE RECORD PERIOD 1902 TO 2015


WEATHER ITEM   OBSERVED TIME   RECORD YEAR NORMAL DEPARTURE LAST
                VALUE   (LST)  VALUE       VALUE  FROM      YEAR
                                                  NORMAL
..................................................................
TEMPERATURE (F)
 YESTERDAY
  MAXIMUM         90    304 PM 107    1954  95     -5       93
  MINIMUM         74    705 AM  62    1915  74      0       74
  AVERAGE         82                        84     -2       84

PRECIPITATION (IN)
  YESTERDAY        0.00          3.31 1944   0.11  -0.11     0.00
  MONTH TO DATE    1.36                      2.57  -1.21     0.35
  SINCE JUN 1      6.88                      9.16  -2.28     8.68
  SINCE JAN 1     34.65                     25.41   9.24    22.71

SNOWFALL (IN)
  YESTERDAY        0.0
  MONTH TO DATE    0.0
  SINCE JUL 1      0.0

DEGREE DAYS
 HEATING
  YESTERDAY        0                         0      0        0
  MONTH TO DATE    0                         0      0        0
  SINCE JUN 1      0                         0      0        0
  SINCE JUL 1      0                         0      0        0

 COOLING
  YESTERDAY       17                        19     -2       19
  MONTH TO DATE  637                       616     21      603
  SINCE JUN 1   1772                      1743     29     1703
  SINCE JAN 1   2343                      2331     12     2190
..................................................................


WIND (MPH)
  HIGHEST WIND SPEED    10   HIGHEST WIND DIRECTION     S (160)
  HIGHEST GUST SPEED    14   HIGHEST GUST DIRECTION     E (110)
  AVERAGE WIND SPEED     4.5


SKY COVER
  AVERAGE SKY COVER 0.1


WEATHER CONDITIONS
 THE FOLLOWING WEATHER WAS RECORDED YESTERDAY.
  NO SIGNIFICANT WEATHER WAS OBSERVED.


RELATIVE HUMIDITY (PERCENT)
 HIGHEST    87           500 AM
 LOWEST     44           300 PM
 AVERAGE    66

..........................................................


THE COLLEGE STATION CLIMATE NORMALS FOR TODAY
                         NORMAL    RECORD    YEAR
 MAXIMUM TEMPERATURE (F)   95       109      2000
 MINIMUM TEMPERATURE (F)   73        60      1915


SUNRISE AND SUNSET
AUGUST 31 2015........SUNRISE   701 AM CDT   SUNSET   750 PM CDT
SEPTEMBER  1 2015.....SUNRISE   702 AM CDT   SUNSET   749 PM CDT


-  INDICATES NEGATIVE NUMBERS.
R  INDICATES RECORD WAS SET OR TIED.
MM INDICATES DATA IS MISSING.
T  INDICATES TRACE AMOUNT.




$$
