000
CDUS44 KHGX 252117
CLICLL


CLIMATE REPORT
NATIONAL WEATHER SERVICE HOUSTON/GALVESTON TX
416 PM CDT FRI JUL 25 2014


...................................

...THE COLLEGE STATION CLIMATE SUMMARY FOR JULY 25 2014...
VALID TODAY AS OF 400 PM LOCAL TIME.

CLIMATE NORMAL PERIOD 1981 TO 2010
CLIMATE RECORD PERIOD 1902 TO 2014


WEATHER ITEM   OBSERVED TIME   RECORD YEAR NORMAL DEPARTURE LAST
                VALUE   (LST)  VALUE       VALUE  FROM      YEAR
                                                  NORMAL
..................................................................
TEMPERATURE (F)
 TODAY
  MAXIMUM         93    259 PM 105    1943  96     -3       99
  MINIMUM         74    544 AM  61    1915  75     -1       76
  AVERAGE         84                        85     -1       88

PRECIPITATION (IN)
  TODAY            0.00          1.74 2004   0.06  -0.06     0.00
  MONTH TO DATE    5.77                      1.77   4.00     1.43
  SINCE JUN 1      7.38                      6.22   1.16     2.68
  SINCE JAN 1     21.41                     22.47  -1.06    18.95

SNOWFALL (IN)
  TODAY            0.0
  MONTH TO DATE    0.0
  SINCE JUL 1      0.0

DEGREE DAYS
 HEATING
  TODAY            0                         0      0        0
  MONTH TO DATE    0                         0      0        0
  SINCE JUN 1      0                         0      0        0
  SINCE JUL 1      0                         0      0        0

 COOLING
  TODAY           19                        20     -1       23
  MONTH TO DATE  452                       489    -37      495
  SINCE JUN 1    979                      1005    -26     1079
  SINCE JAN 1   1466                      1593   -127     1643
..................................................................


WIND (MPH)
  HIGHEST WIND SPEED    12   HIGHEST WIND DIRECTION     S (180)
  HIGHEST GUST SPEED    14   HIGHEST GUST DIRECTION     S (200)
  AVERAGE WIND SPEED     5.1


SKY COVER
  AVERAGE SKY COVER 0.2


WEATHER CONDITIONS
 THE FOLLOWING WEATHER WAS RECORDED TODAY.
  FOG


RELATIVE HUMIDITY (PERCENT)
 HIGHEST    94           500 AM
 LOWEST     49           300 PM
 AVERAGE    72

..........................................................


THE COLLEGE STATION CLIMATE NORMALS FOR TOMORROW
                         NORMAL    RECORD    YEAR
 MAXIMUM TEMPERATURE (F)   96       105      1944
 MINIMUM TEMPERATURE (F)   75        66      1911


SUNRISE AND SUNSET
JULY 25 2014..........SUNRISE   639 AM CDT   SUNSET   824 PM CDT
JULY 26 2014..........SUNRISE   640 AM CDT   SUNSET   824 PM CDT


-  INDICATES NEGATIVE NUMBERS.
R  INDICATES RECORD WAS SET OR TIED.
MM INDICATES DATA IS MISSING.
T  INDICATES TRACE AMOUNT.




$$
