206
CDUS44 KHGX 292126
CLICLL


CLIMATE REPORT
NATIONAL WEATHER SERVICE HOUSTON/GALVESTON TX
415 PM CDT FRI APR 29 2016


...................................

...THE COLLEGE STATION CLIMATE SUMMARY FOR APRIL 29 2016...
VALID TODAY AS OF 0400 PM LOCAL TIME.

CLIMATE NORMAL PERIOD 1981 TO 2010
CLIMATE RECORD PERIOD 1902 TO 2016


WEATHER ITEM   OBSERVED TIME   RECORD YEAR NORMAL DEPARTURE LAST
                VALUE   (LST)  VALUE       VALUE  FROM      YEAR
                                                  NORMAL
..................................................................
TEMPERATURE (F)
 TODAY
  MAXIMUM         87    220 PM  93    2002  82      5       75
  MINIMUM         75    151 AM  44    1916  62     13       50
  AVERAGE         81                        72      9       63

PRECIPITATION (IN)
  TODAY            0.00          3.22 1953   0.12  -0.12     0.00
  MONTH TO DATE    4.82                      2.54   2.28     4.80
  SINCE MAR 1      9.25                      5.71   3.54    10.63
  SINCE JAN 1     11.87                     11.80   0.07    18.04

SNOWFALL (IN)
  TODAY            0.0
  MONTH TO DATE    0.0
  SINCE JUL 1      0.0

DEGREE DAYS
 HEATING
  TODAY            0                         0      0        2
  MONTH TO DATE   23                        46    -23       16
  SINCE MAR 1     99                       218   -119      227
  SINCE JUL 1   1146                      1605   -459     1768

 COOLING
  TODAY           16                         7      9        0
  MONTH TO DATE  144                       144      0      191
  SINCE MAR 1    234                       203     31      237
  SINCE JAN 1    259                       231     28      238
..................................................................


WIND (MPH)
  HIGHEST WIND SPEED    25   HIGHEST WIND DIRECTION     S (170)
  HIGHEST GUST SPEED    35   HIGHEST GUST DIRECTION     S (170)
  AVERAGE WIND SPEED    15.1


SKY COVER
  AVERAGE SKY COVER 0.8


WEATHER CONDITIONS
 THE FOLLOWING WEATHER WAS RECORDED TODAY.
  FOG
  HAZE


RELATIVE HUMIDITY (PERCENT)
 HIGHEST    94           200 AM
 LOWEST     61           200 PM
 AVERAGE    78

..........................................................


THE COLLEGE STATION CLIMATE NORMALS FOR TOMORROW
                         NORMAL    RECORD    YEAR
 MAXIMUM TEMPERATURE (F)   82        96      1933
 MINIMUM TEMPERATURE (F)   62        42      1907


SUNRISE AND SUNSET
APRIL 29 2016.........SUNRISE   643 AM CDT   SUNSET   803 PM CDT
APRIL 30 2016.........SUNRISE   642 AM CDT   SUNSET   803 PM CDT


-  INDICATES NEGATIVE NUMBERS.
R  INDICATES RECORD WAS SET OR TIED.
MM INDICATES DATA IS MISSING.
T  INDICATES TRACE AMOUNT.




$$
