000
CDUS44 KHGX 262118
CLICLL


CLIMATE REPORT
NATIONAL WEATHER SERVICE HOUSTON/GALVESTON TX
418 PM CDT FRI AUG 26 2016


...................................

...THE COLLEGE STATION CLIMATE SUMMARY FOR AUGUST 26 2016...
VALID TODAY AS OF 400 PM LOCAL TIME.

CLIMATE NORMAL PERIOD 1981 TO 2010
CLIMATE RECORD PERIOD 1902 TO 2016


WEATHER ITEM   OBSERVED TIME   RECORD YEAR NORMAL DEPARTURE LAST
                VALUE   (LST)  VALUE       VALUE  FROM      YEAR
                                                  NORMAL
..................................................................
TEMPERATURE (F)
 TODAY
  MAXIMUM         89    147 PM 103    1924  96     -7       93
  MINIMUM         74    706 AM  63    1997  74      0       72
  AVERAGE         82                        85     -3       83

PRECIPITATION (IN)
  TODAY            0.00          1.38 1959   0.10  -0.10     0.00
  MONTH TO DATE    8.12                      2.14   5.98     1.36
  SINCE JUN 1     10.94                      8.73   2.21     6.88
  SINCE JAN 1     36.34                     24.98  11.36    34.65

SNOWFALL (IN)
  TODAY            0.0
  MONTH TO DATE    0.0
  SINCE JUL 1      0.0

DEGREE DAYS
 HEATING
  TODAY            0                         0      0        0
  MONTH TO DATE    0                         0      0        0
  SINCE JUN 1      0                         0      0        0
  SINCE JUL 1      0                         0      0        0

 COOLING
  TODAY           17                        20     -3       18
  MONTH TO DATE  513                       538    -25      571
  SINCE JUN 1   1727                      1665     62     1706
  SINCE JAN 1   2283                      2253     30     2277
..................................................................


WIND (MPH)
  HIGHEST WIND SPEED    18   HIGHEST WIND DIRECTION     E (80)
  HIGHEST GUST SPEED    24   HIGHEST GUST DIRECTION     E (100)
  AVERAGE WIND SPEED     4.7


SKY COVER
  AVERAGE SKY COVER 0.2


WEATHER CONDITIONS
 THE FOLLOWING WEATHER WAS RECORDED TODAY.
  THUNDERSTORM
  FOG


RELATIVE HUMIDITY (PERCENT)
 HIGHEST   100           500 AM
 LOWEST     68          1200 PM
 AVERAGE    84

..........................................................


THE COLLEGE STATION CLIMATE NORMALS FOR TOMORROW
                         NORMAL    RECORD    YEAR
 MAXIMUM TEMPERATURE (F)   95       109      2011
 MINIMUM TEMPERATURE (F)   74        65      1997


SUNRISE AND SUNSET
AUGUST 26 2016........SUNRISE   659 AM CDT   SUNSET   755 PM CDT
AUGUST 27 2016........SUNRISE   659 AM CDT   SUNSET   754 PM CDT


-  INDICATES NEGATIVE NUMBERS.
R  INDICATES RECORD WAS SET OR TIED.
MM INDICATES DATA IS MISSING.
T  INDICATES TRACE AMOUNT.




$$
