000
CDUS44 KHGX 020718
CLICLL


CLIMATE REPORT
NATIONAL WEATHER SERVICE HOUSTON/GALVESTON TX
217 AM CDT SUN AUG 2 2015


...................................

...THE COLLEGE STATION CLIMATE SUMMARY FOR AUGUST 1 2015...

CLIMATE NORMAL PERIOD 1981 TO 2010
CLIMATE RECORD PERIOD 1902 TO 2015


WEATHER ITEM   OBSERVED TIME   RECORD YEAR NORMAL DEPARTURE LAST
                VALUE   (LST)  VALUE       VALUE  FROM      YEAR
                                                  NORMAL
..................................................................
TEMPERATURE (F)
 YESTERDAY
  MAXIMUM         99    338 PM 106    2011  96      3       85
                                      1998
  MINIMUM         74    513 AM  63    1925  75     -1       71
  AVERAGE         87                        86      1       78

PRECIPITATION (IN)
  YESTERDAY        0.00          2.45 1989   0.07  -0.07     0.00
  MONTH TO DATE    0.00                      0.07  -0.07     0.00
  SINCE JUN 1      5.52                      6.66  -1.14     8.33
  SINCE JAN 1     33.29                     22.91  10.38    22.36

SNOWFALL (IN)
  YESTERDAY        0.0
  MONTH TO DATE    0.0
  SINCE JUL 1      0.0

DEGREE DAYS
 HEATING
  YESTERDAY        0                         0      0        0
  MONTH TO DATE    0                         0      0        0
  SINCE JUN 1      0                         0      0        0
  SINCE JUL 1      0                         0      0        0

 COOLING
  YESTERDAY       22                        20      2       13
  MONTH TO DATE   22                        20      2       13
  SINCE JUN 1   1157                      1147     10     1113
  SINCE JAN 1   1728                      1735     -7     1600
..................................................................


WIND (MPH)
  HIGHEST WIND SPEED    15   HIGHEST WIND DIRECTION     E (80)
  HIGHEST GUST SPEED    21   HIGHEST GUST DIRECTION    NE (30)
  AVERAGE WIND SPEED     7.1


SKY COVER
  AVERAGE SKY COVER 0.0


WEATHER CONDITIONS
 THE FOLLOWING WEATHER WAS RECORDED YESTERDAY.
  NO SIGNIFICANT WEATHER WAS OBSERVED.


RELATIVE HUMIDITY (PERCENT)
 HIGHEST    68           500 AM
 LOWEST     27           300 PM
 AVERAGE    48

..........................................................


THE COLLEGE STATION CLIMATE NORMALS FOR TODAY
                         NORMAL    RECORD    YEAR
 MAXIMUM TEMPERATURE (F)   96       105      2011
                                             1998
 MINIMUM TEMPERATURE (F)   75        65      1936


SUNRISE AND SUNSET
AUGUST  2 2015........SUNRISE   644 AM CDT   SUNSET   819 PM CDT
AUGUST  3 2015........SUNRISE   645 AM CDT   SUNSET   818 PM CDT


-  INDICATES NEGATIVE NUMBERS.
R  INDICATES RECORD WAS SET OR TIED.
MM INDICATES DATA IS MISSING.
T  INDICATES TRACE AMOUNT.




$$
