000
CDUS44 KHGX 232217
CLICLL


CLIMATE REPORT
NATIONAL WEATHER SERVICE HOUSTON/GALVESTON TX
416 PM CST THU FEB 23 2017


...................................

...THE COLLEGE STATION CLIMATE SUMMARY FOR FEBRUARY 23 2017...
VALID TODAY AS OF 400 PM LOCAL TIME.

CLIMATE NORMAL PERIOD 1981 TO 2010
CLIMATE RECORD PERIOD 1902 TO 2017


WEATHER ITEM   OBSERVED TIME   RECORD YEAR NORMAL DEPARTURE LAST
                VALUE   (LST)  VALUE       VALUE  FROM      YEAR
                                                  NORMAL
..................................................................
TEMPERATURE (F)
 TODAY
  MAXIMUM         85    259 PM  90    1996  67     18       65
  MINIMUM         55    658 AM  25    1914  46      9       46
  AVERAGE         70                        56     14       56

PRECIPITATION (IN)
  TODAY            0.00          1.48 1985   0.09  -0.09     0.72
  MONTH TO DATE    3.26                      2.37   0.89     1.32
  SINCE DEC 1      9.77                      8.84   0.93    10.70
  SINCE JAN 1      7.00                      5.61   1.39     2.62

SNOWFALL (IN)
  TODAY            0.0
  MONTH TO DATE    0.0
  SINCE JUL 1      T

DEGREE DAYS
 HEATING
  TODAY            0                         9     -9        9
  MONTH TO DATE   86                       264   -178      164
  SINCE DEC 1    683                      1117   -434      850
  SINCE JUL 1    752                      1342   -590      997

 COOLING
  TODAY            5                         1      4        0
  MONTH TO DATE   73                        20     53       18
  SINCE DEC 1    152                        47    105       58
  SINCE JAN 1    108                        31     77       22
..................................................................


WIND (MPH)
  HIGHEST WIND SPEED    23   HIGHEST WIND DIRECTION     S (170)
  HIGHEST GUST SPEED    29   HIGHEST GUST DIRECTION     S (170)
  AVERAGE WIND SPEED    11.2


SKY COVER
  AVERAGE SKY COVER 0.1


WEATHER CONDITIONS
 THE FOLLOWING WEATHER WAS RECORDED TODAY.
  FOG
  FOG W/VISIBILITY <= 1/4 MILE


RELATIVE HUMIDITY (PERCENT)
 HIGHEST   100           800 AM
 LOWEST     37           400 PM
 AVERAGE    69

..........................................................


THE COLLEGE STATION CLIMATE NORMALS FOR TOMORROW
                         NORMAL    RECORD    YEAR
 MAXIMUM TEMPERATURE (F)   67        85      1977
                                             1927
                                             1917
 MINIMUM TEMPERATURE (F)   46        21      1914


SUNRISE AND SUNSET
FEBRUARY 23 2017......SUNRISE   658 AM CST   SUNSET   620 PM CST
FEBRUARY 24 2017......SUNRISE   657 AM CST   SUNSET   621 PM CST


-  INDICATES NEGATIVE NUMBERS.
R  INDICATES RECORD WAS SET OR TIED.
MM INDICATES DATA IS MISSING.
T  INDICATES TRACE AMOUNT.




$$
