000
CDUS44 KHGX 290818
CLICLL


CLIMATE REPORT
NATIONAL WEATHER SERVICE HOUSTON/GALVESTON TX
217 AM CST SAT NOV 29 2014


...................................

...THE COLLEGE STATION CLIMATE SUMMARY FOR NOVEMBER 28 2014...

CLIMATE NORMAL PERIOD 1981 TO 2010
CLIMATE RECORD PERIOD 1902 TO 2014


WEATHER ITEM   OBSERVED TIME   RECORD YEAR NORMAL DEPARTURE LAST
                VALUE   (LST)  VALUE       VALUE  FROM      YEAR
                                                  NORMAL
..................................................................
TEMPERATURE (F)
 YESTERDAY
  MAXIMUM         71    419 PM  85    1927  67      4       54
  MINIMUM         40    503 AM  25    1976  46     -6       30
  AVERAGE         56                        56      0       42

PRECIPITATION (IN)
  YESTERDAY        0.00          1.75 1997   0.11  -0.11     0.00
  MONTH TO DATE    5.89                      3.00   2.89     4.57
  SINCE SEP 1     14.27                     11.09   3.18    18.86
  SINCE JAN 1     37.04                     36.61   0.43    38.59

SNOWFALL (IN)
  YESTERDAY        0.0
  MONTH TO DATE    0.0
  SINCE JUL 1      0.0

DEGREE DAYS
 HEATING
  YESTERDAY        9                        10     -1       23
  MONTH TO DATE  292                       167    125      256
  SINCE SEP 1    295                       204     91      275
  SINCE JUL 1    295                       204     91      275

 COOLING
  YESTERDAY        0                         1     -1        0
  MONTH TO DATE   12                        58    -46       35
  SINCE SEP 1    718                       724     -6      791
  SINCE JAN 1   2925                      3070   -145     3268
..................................................................


WIND (MPH)
  HIGHEST WIND SPEED    22   HIGHEST WIND DIRECTION     S (200)
  HIGHEST GUST SPEED    26   HIGHEST GUST DIRECTION     S (200)
  AVERAGE WIND SPEED     9.2


SKY COVER
  AVERAGE SKY COVER 0.1


WEATHER CONDITIONS
 THE FOLLOWING WEATHER WAS RECORDED YESTERDAY.
  NO SIGNIFICANT WEATHER WAS OBSERVED.


RELATIVE HUMIDITY (PERCENT)
 HIGHEST    86          1100 PM
 LOWEST     53           400 PM
 AVERAGE    70

..........................................................


THE COLLEGE STATION CLIMATE NORMALS FOR TODAY
                         NORMAL    RECORD    YEAR
 MAXIMUM TEMPERATURE (F)   66        84      1933
 MINIMUM TEMPERATURE (F)   46        19      1976


SUNRISE AND SUNSET
NOVEMBER 29 2014......SUNRISE   703 AM CST   SUNSET   524 PM CST
NOVEMBER 30 2014......SUNRISE   704 AM CST   SUNSET   524 PM CST


-  INDICATES NEGATIVE NUMBERS.
R  INDICATES RECORD WAS SET OR TIED.
MM INDICATES DATA IS MISSING.
T  INDICATES TRACE AMOUNT.




$$
