000
CDUS42 KGSP 270629 RRA
CLICLT

CLIMATE REPORT
NATIONAL WEATHER SERVICE GREENVILLE-SPARTANBURG SC
229 AM EDT MON MAR 27 2017


...................................

...THE CHARLOTTE NC CLIMATE SUMMARY FOR MARCH 26 2017...

CLIMATE NORMAL PERIOD 1981 TO 2010
CLIMATE RECORD PERIOD 1878 TO 2017


WEATHER ITEM   OBSERVED TIME   RECORD YEAR NORMAL DEPARTURE LAST
                VALUE   (LST)  VALUE       VALUE  FROM      YEAR
                                                  NORMAL
..................................................................
TEMPERATURE (F)
 YESTERDAY
  MAXIMUM         71    459 PM  86    1929  66      5       66
  MINIMUM         54    509 AM  22    1972  42     12       55
                                      1955
  AVERAGE         63                        54      9       61

PRECIPITATION (IN)
  YESTERDAY        0.24          2.86 1901   0.13   0.11     0.04
  MONTH TO DATE    2.17                      3.39  -1.22     0.44
  SINCE MAR 1      2.17                      3.39  -1.22     0.44
  SINCE JAN 1      9.08                     10.12  -1.04     7.22

SNOWFALL (IN)
  YESTERDAY        0.0           T    1983   0.0    0.0      0.0
  MONTH TO DATE    1.1                       0.5    0.6      0.0
  SINCE MAR 1      1.1                       0.5    0.6      0.0
  SINCE JUL 1      2.2                       4.2   -2.0      3.3
  SNOW DEPTH       0

DEGREE DAYS
 HEATING
  YESTERDAY        2                        11     -9        4
  MONTH TO DATE  383                       381      2      202
  SINCE MAR 1    383                       381      2      202
  SINCE JUL 1   2281                      3080   -799     2344

 COOLING
  YESTERDAY        0                         0      0        0
  MONTH TO DATE    6                         0      6       34
  SINCE MAR 1      6                         0      6       34
  SINCE JAN 1     11                         0     11       34
..................................................................


WIND (MPH)
  HIGHEST WIND SPEED    18   HIGHEST WIND DIRECTION     S (190)
  HIGHEST GUST SPEED    22   HIGHEST GUST DIRECTION     S (190)
  AVERAGE WIND SPEED     9.3


SKY COVER
  POSSIBLE SUNSHINE  MM
  AVERAGE SKY COVER 0.7


WEATHER CONDITIONS
 THE FOLLOWING WEATHER WAS RECORDED YESTERDAY.
  HEAVY RAIN
  LIGHT RAIN
  FOG
  HAZE


RELATIVE HUMIDITY (PERCENT)
 HIGHEST    86           300 AM
 LOWEST     57          1200 PM
 AVERAGE    72

..........................................................


THE CHARLOTTE NC CLIMATE NORMALS FOR TODAY
                         NORMAL    RECORD    YEAR
 MAXIMUM TEMPERATURE (F)   67        85      1950
 MINIMUM TEMPERATURE (F)   42        19      1955


SUNRISE AND SUNSET
MARCH 27 2017.........SUNRISE   717 AM EDT   SUNSET   741 PM EDT
MARCH 28 2017.........SUNRISE   716 AM EDT   SUNSET   742 PM EDT


-  INDICATES NEGATIVE NUMBERS.
R  INDICATES RECORD WAS SET OR TIED.
MM INDICATES DATA IS MISSING.
T  INDICATES TRACE AMOUNT.




$$
