000
CDUS42 KGSP 232134 RRA
CLICLT

CLIMATE REPORT
NATIONAL WEATHER SERVICE GREENVILLE-SPARTANBURG SC
433 PM EST TUE JAN 23 2018


...................................

...THE CHARLOTTE NC CLIMATE SUMMARY FOR JANUARY 23 2018...
VALID TODAY AS OF 0400 PM LOCAL TIME.

CLIMATE NORMAL PERIOD 1981 TO 2010
CLIMATE RECORD PERIOD 1878 TO 2018


WEATHER ITEM   OBSERVED TIME   RECORD YEAR NORMAL DEPARTURE LAST
                VALUE   (LST)  VALUE       VALUE  FROM      YEAR
                                                  NORMAL
..................................................................
TEMPERATURE (F)
 TODAY
  MAXIMUM         64    220 PM  75    1927  51     13       56
  MINIMUM         60    928 AM   9    2003  30     30       46
  AVERAGE         62                        40     22       51

PRECIPITATION (IN)
  TODAY            0.37          1.48 1940   0.11   0.26     1.18
  MONTH TO DATE    1.33                      2.57  -1.24     5.71
  SINCE DEC 1      3.45                      5.82  -2.37     8.62
  SINCE JAN 1      1.33                      2.57  -1.24     5.71

SNOWFALL (IN)
  TODAY            0.0           8.5  2003   0.1   -0.1      0.0
  MONTH TO DATE    3.9                       1.6    2.3      1.1
  SINCE DEC 1      4.0                       1.9    2.1      1.1
  SINCE JUL 1      4.0                       2.0    2.0      1.1
  SNOW DEPTH       0

DEGREE DAYS
 HEATING
  TODAY            3                        25    -22       14
  MONTH TO DATE  656                       575     81      390
  SINCE DEC 1   1268                      1276     -8     1015
  SINCE JUL 1   1794                      1912   -118     1433

 COOLING
  TODAY            0                         0      0        0
  MONTH TO DATE    0                         0      0        0
  SINCE DEC 1      0                         1     -1        0
  SINCE JAN 1      0                         0      0        0
..................................................................


WIND (MPH)
  HIGHEST WIND SPEED    28   HIGHEST WIND DIRECTION     S (170)
  HIGHEST GUST SPEED    38   HIGHEST GUST DIRECTION    SW (220)
  AVERAGE WIND SPEED    15.8


SKY COVER
  POSSIBLE SUNSHINE  MM
  AVERAGE SKY COVER 0.7


WEATHER CONDITIONS
 THE FOLLOWING WEATHER WAS RECORDED TODAY.
  HEAVY RAIN
  RAIN
  LIGHT RAIN
  FOG


RELATIVE HUMIDITY (PERCENT)
 HIGHEST   100           400 AM
 LOWEST     27          1200 PM
 AVERAGE    64

..........................................................


THE CHARLOTTE NC CLIMATE NORMALS FOR TOMORROW
                         NORMAL    RECORD    YEAR
 MAXIMUM TEMPERATURE (F)   51        74      1967
 MINIMUM TEMPERATURE (F)   30         7      1963


SUNRISE AND SUNSET
JANUARY 23 2018.......SUNRISE   729 AM EST   SUNSET   543 PM EST
JANUARY 24 2018.......SUNRISE   728 AM EST   SUNSET   544 PM EST


-  INDICATES NEGATIVE NUMBERS.
R  INDICATES RECORD WAS SET OR TIED.
MM INDICATES DATA IS MISSING.
T  INDICATES TRACE AMOUNT.




$$
