000
CDUS42 KGSP 262128 RRA
CLICLT

CLIMATE REPORT
NATIONAL WEATHER SERVICE GREENVILLE-SPARTANBURG SC
427 PM EST WED NOV 26 2014


...................................

...THE CHARLOTTE NC CLIMATE SUMMARY FOR NOVEMBER 26 2014...
VALID TODAY AS OF 0400 PM LOCAL TIME.

CLIMATE NORMAL PERIOD 1981 TO 2010
CLIMATE RECORD PERIOD 1878 TO 2014


WEATHER ITEM   OBSERVED TIME   RECORD YEAR NORMAL DEPARTURE LAST
                VALUE   (LST)  VALUE       VALUE  FROM      YEAR
                                                  NORMAL
..................................................................
TEMPERATURE (F)
 TODAY
  MAXIMUM         52    404 PM  75    2001  59     -7       46
  MINIMUM         44    708 AM  11    1950  36      8       32
  AVERAGE         48                        48      0       39

PRECIPITATION (IN)
  TODAY            0.89          2.36 2013   0.11   0.78     2.36
  MONTH TO DATE    3.79                      2.69   1.10     3.31
  SINCE SEP 1      9.13                      9.33  -0.20     6.85
  SINCE JAN 1     42.89                     37.93   4.96    42.17

SNOWFALL (IN)
  TODAY            0.0           T    1956   0.0    0.0      0.0
  MONTH TO DATE    0.0                       0.1   -0.1       T
  SINCE SEP 1      T                         0.1   -0.1       T
  SINCE JUL 1      T                         0.1   -0.1       T
  SNOW DEPTH       0

DEGREE DAYS
 HEATING
  TODAY           17                        18     -1       26
  MONTH TO DATE  441                       357     84      402
  SINCE SEP 1    573                       563     10      534
  SINCE JUL 1    573                       563     10      535

 COOLING
  TODAY            0                         0      0        0
  MONTH TO DATE    2                         0      2        1
  SINCE SEP 1    300                       236     64      289
  SINCE JAN 1   1655                      1513    142     1577
..................................................................


WIND (MPH)
  HIGHEST WIND SPEED    18   HIGHEST WIND DIRECTION     N (360)
  HIGHEST GUST SPEED    25   HIGHEST GUST DIRECTION     N (10)
  AVERAGE WIND SPEED     8.6


SKY COVER
  POSSIBLE SUNSHINE  MM
  AVERAGE SKY COVER 0.9


WEATHER CONDITIONS
 THE FOLLOWING WEATHER WAS RECORDED TODAY.
  HEAVY RAIN
  RAIN
  LIGHT RAIN
  FOG


RELATIVE HUMIDITY (PERCENT)
 HIGHEST    93          1200 AM
 LOWEST     59           400 PM
 AVERAGE    76

..........................................................


THE CHARLOTTE NC CLIMATE NORMALS FOR TOMORROW
                         NORMAL    RECORD    YEAR
 MAXIMUM TEMPERATURE (F)   58        77      2001
 MINIMUM TEMPERATURE (F)   36        18      1903


SUNRISE AND SUNSET
NOVEMBER 26 2014......SUNRISE   709 AM EST   SUNSET   513 PM EST
NOVEMBER 27 2014......SUNRISE   710 AM EST   SUNSET   512 PM EST


-  INDICATES NEGATIVE NUMBERS.
R  INDICATES RECORD WAS SET OR TIED.
MM INDICATES DATA IS MISSING.
T  INDICATES TRACE AMOUNT.

$$
07
