000
CDUS42 KGSP 050631 RRA
CLICLT

CLIMATE REPORT
NATIONAL WEATHER SERVICE GREENVILLE-SPARTANBURG SC
129 AM EST THU MAR 5 2015


...................................

...THE CHARLOTTE NC CLIMATE SUMMARY FOR MARCH 4 2015...

CLIMATE NORMAL PERIOD 1981 TO 2010
CLIMATE RECORD PERIOD 1878 TO 2015


WEATHER ITEM   OBSERVED TIME   RECORD YEAR NORMAL DEPARTURE LAST
                VALUE   (LST)  VALUE       VALUE  FROM      YEAR
                                                  NORMAL
..................................................................
TEMPERATURE (F)
 YESTERDAY
  MAXIMUM         69    517 PM  82    1976  59     10       41
  MINIMUM         42    303 AM  15    1943  36      6       20
  AVERAGE         56                        48      8       31

PRECIPITATION (IN)
  YESTERDAY        T             1.70 1966   0.13  -0.13     0.00
  MONTH TO DATE    0.22                      0.52  -0.30     0.15
  SINCE MAR 1      0.22                      0.52  -0.30     0.15
  SINCE JAN 1      6.04                      7.25  -1.21     7.07

SNOWFALL (IN)
  YESTERDAY        0.0           4.7  1931   0.0    0.0      0.0
  MONTH TO DATE    0.0                       0.1   -0.1       T
  SINCE MAR 1      0.0                       0.1   -0.1       T
  SINCE JUL 1      3.1                       3.8   -0.7      9.3
  SNOW DEPTH       0

DEGREE DAYS
 HEATING
  YESTERDAY        9                        17     -8       34
  MONTH TO DATE   67                        70     -3       87
  SINCE MAR 1     67                        70     -3       87
  SINCE JUL 1   2838                      2769     69     2763

 COOLING
  YESTERDAY        0                         0      0        0
  MONTH TO DATE    0                         0      0        0
  SINCE MAR 1      0                         0      0        0
  SINCE JAN 1      0                         0      0        1
..................................................................


WIND (MPH)
  HIGHEST WIND SPEED    28   HIGHEST WIND DIRECTION    SW (210)
  HIGHEST GUST SPEED    36   HIGHEST GUST DIRECTION     S (190)
  AVERAGE WIND SPEED    11.5


SKY COVER
  POSSIBLE SUNSHINE  MM
  AVERAGE SKY COVER 0.8


WEATHER CONDITIONS
 THE FOLLOWING WEATHER WAS RECORDED YESTERDAY.
  LIGHT RAIN
  FOG
  FOG W/VISIBILITY <= 1/4 MILE


RELATIVE HUMIDITY (PERCENT)
 HIGHEST   100           600 AM
 LOWEST     63           400 PM
 AVERAGE    82

..........................................................


THE CHARLOTTE NC CLIMATE NORMALS FOR TODAY
                         NORMAL    RECORD    YEAR
 MAXIMUM TEMPERATURE (F)   60        84      1955
 MINIMUM TEMPERATURE (F)   37        12      1960


SUNRISE AND SUNSET
MARCH  5 2015.........SUNRISE   648 AM EST   SUNSET   623 PM EST
MARCH  6 2015.........SUNRISE   647 AM EST   SUNSET   624 PM EST


-  INDICATES NEGATIVE NUMBERS.
R  INDICATES RECORD WAS SET OR TIED.
MM INDICATES DATA IS MISSING.
T  INDICATES TRACE AMOUNT.

$$
07
