000
CDUS42 KGSP 190633
CLICLT

CLIMATE REPORT
NATIONAL WEATHER SERVICE GREENVILLE-SPARTANBURG SC
232 AM EDT SAT APR 19 2014


...................................

...THE CHARLOTTE NC CLIMATE SUMMARY FOR APRIL 18 2014...

CLIMATE NORMAL PERIOD 1981 TO 2010
CLIMATE RECORD PERIOD 1878 TO 2014


WEATHER ITEM   OBSERVED TIME   RECORD YEAR NORMAL DEPARTURE LAST
                VALUE   (LST)  VALUE       VALUE  FROM      YEAR
                                                  NORMAL
..................................................................
TEMPERATURE (F)
 YESTERDAY
  MAXIMUM         57    144 PM  93    1896  73    -16       80
  MINIMUM         45    626 AM  32    2001  48     -3       62
  AVERAGE         51                        60     -9       71

PRECIPITATION (IN)
  YESTERDAY        0.72          1.70 1900   0.10   0.62      T
  MONTH TO DATE    4.33                      1.83   2.50     1.56
  SINCE MAR 1      8.81                      5.84   2.97     5.00
  SINCE JAN 1     15.73                     12.57   3.16    12.75

SNOWFALL (IN)
  YESTERDAY        0.0           0.0    MM   0.0    0.0      0.0
  MONTH TO DATE    0.0                       0.0    0.0      0.0
  SINCE MAR 1      T                         0.6   -0.6       T
  SINCE JUL 1      9.3                       4.3    5.0      2.7
  SNOW DEPTH       0

DEGREE DAYS
 HEATING
  YESTERDAY       14                         6      8        0
  MONTH TO DATE  112                       142    -30       89
  SINCE MAR 1    653                       575     78      670
  SINCE JUL 1   3329                      3274     55     3075

 COOLING
  YESTERDAY        0                         1     -1        6
  MONTH TO DATE   22                        17      5       37
  SINCE MAR 1     22                        22      0       40
  SINCE JAN 1     23                        22      1       40
..................................................................


WIND (MPH)
  HIGHEST WIND SPEED    14   HIGHEST WIND DIRECTION    NE (40)
  HIGHEST GUST SPEED    21   HIGHEST GUST DIRECTION    NE (40)
  AVERAGE WIND SPEED     8.4


SKY COVER
  POSSIBLE SUNSHINE  MM
  AVERAGE SKY COVER 1.0


WEATHER CONDITIONS
 THE FOLLOWING WEATHER WAS RECORDED YESTERDAY.
  RAIN
  LIGHT RAIN
  FOG


RELATIVE HUMIDITY (PERCENT)
 HIGHEST    93           700 PM
 LOWEST     48          1200 AM
 AVERAGE    71

..........................................................


THE CHARLOTTE NC CLIMATE NORMALS FOR TODAY
                         NORMAL    RECORD    YEAR
 MAXIMUM TEMPERATURE (F)   73        89      2002
                                             1955
                                             1941
 MINIMUM TEMPERATURE (F)   48        30      2001
                                             1983


SUNRISE AND SUNSET
APRIL 19 2014.........SUNRISE   647 AM EDT   SUNSET   800 PM EDT
APRIL 20 2014.........SUNRISE   645 AM EDT   SUNSET   801 PM EDT


-  INDICATES NEGATIVE NUMBERS.
R  INDICATES RECORD WAS SET OR TIED.
MM INDICATES DATA IS MISSING.
T  INDICATES TRACE AMOUNT.

$$
