000
CDUS42 KGSP 282036
CLICLT

CLIMATE REPORT
NATIONAL WEATHER SERVICE GREENVILLE-SPARTANBURG SC
435 PM EDT SAT MAR 28 2015


...................................

...THE CHARLOTTE NC CLIMATE SUMMARY FOR MARCH 28 2015...VALID TODAY
AS OF 430 PM LOCAL TIME.

CLIMATE NORMAL PERIOD 1981 TO 2010
CLIMATE RECORD PERIOD 1878 TO 2015


WEATHER ITEM   OBSERVED TIME   RECORD YEAR NORMAL DEPARTURE LAST
                VALUE   (LST)  VALUE       VALUE  FROM      YEAR
                                                  NORMAL
..................................................................
TEMPERATURE (F)
 TODAY
  MAXIMUM         51    327 PM  90    1907  67    -16       64
  MINIMUM         34    651 AM  25    1982  42     -8       48
  AVERAGE         43                        54    -11       56

PRECIPITATION (IN)
  TODAY            0.00          1.95 1980   0.13  -0.13     0.15
  MONTH TO DATE    1.93                      3.64  -1.71     4.30
  SINCE MAR 1      1.93                      3.64  -1.71     4.30
  SINCE JAN 1      7.75                     10.37  -2.62    11.22

SNOWFALL (IN)
  TODAY            0.0           T    2010   0.0    0.0      0.0
                                      1947
  MONTH TO DATE    0.0                       0.6   -0.6       T
  SINCE MAR 1      0.0                       0.6   -0.6       T
  SINCE JUL 1      3.1                       4.3   -1.2      9.3
  SNOW DEPTH       0

DEGREE DAYS
 HEATING
  TODAY           22                        11     11        9
  MONTH TO DATE  294                       403   -109      508
  SINCE MAR 1    294                       403   -109      508
  SINCE JUL 1   3065                      3102    -37     3184

 COOLING
  TODAY            0                         0      0        0
  MONTH TO DATE    7                         0      7        0
  SINCE MAR 1      7                         0      7        0
  SINCE JAN 1      7                         0      7        1
..................................................................


WIND (MPH)
  HIGHEST WIND SPEED    17   HIGHEST WIND DIRECTION    NW (300)
  HIGHEST GUST SPEED    30   HIGHEST GUST DIRECTION     W (290)
  AVERAGE WIND SPEED     8.8


SKY COVER
  POSSIBLE SUNSHINE  MM
  AVERAGE SKY COVER 0.4


WEATHER CONDITIONS
 THE FOLLOWING WEATHER WAS RECORDED TODAY.
  NO SIGNIFICANT WEATHER WAS OBSERVED.


RELATIVE HUMIDITY (PERCENT)
 HIGHEST    64           500 AM
 LOWEST     20           300 PM
 AVERAGE    42

..........................................................


THE CHARLOTTE NC CLIMATE NORMALS FOR TOMORROW
                         NORMAL    RECORD    YEAR
 MAXIMUM TEMPERATURE (F)   67        89      1907
 MINIMUM TEMPERATURE (F)   42        26      2013


SUNRISE AND SUNSET
MARCH 28 2015.........SUNRISE   717 AM EDT   SUNSET   742 PM EDT
MARCH 29 2015.........SUNRISE   715 AM EDT   SUNSET   743 PM EDT


-  INDICATES NEGATIVE NUMBERS.
R  INDICATES RECORD WAS SET OR TIED.
MM INDICATES DATA IS MISSING.
T  INDICATES TRACE AMOUNT.




$$
