000
CDUS42 KGSP 210628
CLICLT

CLIMATE REPORT
NATIONAL WEATHER SERVICE GREENVILLE-SPARTANBURG SC
226 AM EDT SUN SEP 21 2014


...................................

...THE CHARLOTTE NC CLIMATE SUMMARY FOR SEPTEMBER 20 2014...

CLIMATE NORMAL PERIOD 1981 TO 2010
CLIMATE RECORD PERIOD 1878 TO 2014


WEATHER ITEM   OBSERVED TIME   RECORD YEAR NORMAL DEPARTURE LAST
                VALUE   (LST)  VALUE       VALUE  FROM      YEAR
                                                  NORMAL
..................................................................
TEMPERATURE (F)
 YESTERDAY
  MAXIMUM         82    424 PM  98    1925  80      2       87
  MINIMUM         59    630 AM  45    1929  59      0       61
                                      1916
  AVERAGE         71                        70      1       74

PRECIPITATION (IN)
  YESTERDAY        0.00          2.82 1918   0.11  -0.11     0.00
  MONTH TO DATE    3.68                      2.14   1.54     0.15
  SINCE SEP 1      3.68                      2.14   1.54     0.15
  SINCE JAN 1     37.44                     30.74   6.70    35.47

SNOWFALL (IN)
  YESTERDAY        0.0           0.0    MM   0.0    0.0      0.0
  MONTH TO DATE    0.0                       0.0    0.0      0.0
  SINCE SEP 1      0.0                       0.0    0.0      0.0
  SINCE JUL 1      0.0                       0.0    0.0      0.0
  SNOW DEPTH       0

DEGREE DAYS
 HEATING
  YESTERDAY        0                         1     -1        0
  MONTH TO DATE    0                         5     -5        0
  SINCE SEP 1      0                         5     -5        0
  SINCE JUL 1      0                         5     -5        1

 COOLING
  YESTERDAY        6                         5      1        9
  MONTH TO DATE  205                       158     47      209
  SINCE SEP 1    205                       158     47      209
  SINCE JAN 1   1560                      1435    125     1497
..................................................................


WIND (MPH)
  HIGHEST WIND SPEED    13   HIGHEST WIND DIRECTION     N (20)
  HIGHEST GUST SPEED    21   HIGHEST GUST DIRECTION     N (350)
  AVERAGE WIND SPEED     6.8


SKY COVER
  POSSIBLE SUNSHINE  MM
  AVERAGE SKY COVER 0.4


WEATHER CONDITIONS
 THE FOLLOWING WEATHER WAS RECORDED YESTERDAY.
  FOG


RELATIVE HUMIDITY (PERCENT)
 HIGHEST    90           400 AM
 LOWEST     40           300 PM
 AVERAGE    65

..........................................................


THE CHARLOTTE NC CLIMATE NORMALS FOR TODAY
                         NORMAL    RECORD    YEAR
 MAXIMUM TEMPERATURE (F)   80        97      1895
 MINIMUM TEMPERATURE (F)   59        43      1918


SUNRISE AND SUNSET
SEPTEMBER 21 2014.....SUNRISE   711 AM EDT   SUNSET   722 PM EDT
SEPTEMBER 22 2014.....SUNRISE   712 AM EDT   SUNSET   721 PM EDT


-  INDICATES NEGATIVE NUMBERS.
R  INDICATES RECORD WAS SET OR TIED.
MM INDICATES DATA IS MISSING.
T  INDICATES TRACE AMOUNT.

$$
07
