000
CDUS42 KGSP 240722
CLICLT

CLIMATE REPORT
NATIONAL WEATHER SERVICE GREENVILLE-SPARTANBURG SC
321 AM EDT FRI OCT 24 2014


...................................

...THE CHARLOTTE NC CLIMATE SUMMARY FOR OCTOBER 23 2014...

CLIMATE NORMAL PERIOD 1981 TO 2010
CLIMATE RECORD PERIOD 1878 TO 2014


WEATHER ITEM   OBSERVED TIME   RECORD YEAR NORMAL DEPARTURE LAST
                VALUE   (LST)  VALUE       VALUE  FROM      YEAR
                                                  NORMAL
..................................................................
TEMPERATURE (F)
 YESTERDAY
  MAXIMUM         70    404 PM  88    1941  70      0       68
  MINIMUM         40    645 AM  31    1998  46     -6       40
  AVERAGE         55                        58     -3       54

PRECIPITATION (IN)
  YESTERDAY        0.00          1.72 1890   0.11  -0.11     0.00
  MONTH TO DATE    0.86                      2.62  -1.76     0.48
  SINCE SEP 1      4.85                      5.86  -1.01     3.54
  SINCE JAN 1     38.61                     34.46   4.15    38.86

SNOWFALL (IN)
  YESTERDAY        0.0           0.0    MM   0.0    0.0      0.0
  MONTH TO DATE    0.0                       0.0    0.0      0.0
  SINCE SEP 1      0.0                       0.0    0.0      0.0
  SINCE JUL 1      0.0                       0.0    0.0      0.0
  SNOW DEPTH       0

DEGREE DAYS
 HEATING
  YESTERDAY       10                         8      2       11
  MONTH TO DATE   75                       114    -39       47
  SINCE SEP 1     87                       137    -50       49
  SINCE JUL 1     87                       137    -50       50

 COOLING
  YESTERDAY        0                         1     -1        0
  MONTH TO DATE   57                        36     21       60
  SINCE SEP 1    290                       234     56      288
  SINCE JAN 1   1645                      1511    134     1576
..................................................................


WIND (MPH)
  HIGHEST WIND SPEED    16   HIGHEST WIND DIRECTION     N (350)
  HIGHEST GUST SPEED    20   HIGHEST GUST DIRECTION    NW (330)
  AVERAGE WIND SPEED     5.5


SKY COVER
  POSSIBLE SUNSHINE  MM
  AVERAGE SKY COVER 0.1


WEATHER CONDITIONS
 THE FOLLOWING WEATHER WAS RECORDED YESTERDAY.
  NO SIGNIFICANT WEATHER WAS OBSERVED.


RELATIVE HUMIDITY (PERCENT)
 HIGHEST    89          1100 PM
 LOWEST     31           400 PM
 AVERAGE    60

..........................................................


THE CHARLOTTE NC CLIMATE NORMALS FOR TODAY
                         NORMAL    RECORD    YEAR
 MAXIMUM TEMPERATURE (F)   70        88      1939
 MINIMUM TEMPERATURE (F)   46        28      2006


SUNRISE AND SUNSET
OCTOBER 24 2014.......SUNRISE   738 AM EDT   SUNSET   638 PM EDT
OCTOBER 25 2014.......SUNRISE   739 AM EDT   SUNSET   637 PM EDT


-  INDICATES NEGATIVE NUMBERS.
R  INDICATES RECORD WAS SET OR TIED.
MM INDICATES DATA IS MISSING.
T  INDICATES TRACE AMOUNT.




$$
