000
CDUS42 KGSP 292036
CLICLT

CLIMATE REPORT
NATIONAL WEATHER SERVICE GREENVILLE-SPARTANBURG SC
436 PM EDT SAT AUG 29 2015


...................................

...THE CHARLOTTE NC CLIMATE SUMMARY FOR AUGUST 29 2015...
VALID TODAY AS OF 0435 PM LOCAL TIME.

CLIMATE NORMAL PERIOD 1981 TO 2010
CLIMATE RECORD PERIOD 1878 TO 2015


WEATHER ITEM   OBSERVED TIME   RECORD YEAR NORMAL DEPARTURE LAST
                VALUE   (LST)  VALUE       VALUE  FROM      YEAR
                                                  NORMAL
..................................................................
TEMPERATURE (F)
 TODAY
  MAXIMUM         86    108 PM 100    1948  86      0       88
  MINIMUM         59    401 AM  54    1986  66     -7       69
                                      1968
  AVERAGE         73                        76     -3       79

PRECIPITATION (IN)
  TODAY            0.00          1.42 1890   0.13  -0.13     0.00
  MONTH TO DATE    3.73                      3.98  -0.25     3.68
  SINCE JUN 1      7.84                     11.40  -3.56    10.91
  SINCE JAN 1     22.31                     28.36  -6.05    33.70

SNOWFALL (IN)
  TODAY            0.0           0.0    MM   0.0    0.0      0.0
  MONTH TO DATE    0.0                       0.0    0.0      0.0
  SINCE JUN 1      0.0                       0.0    0.0      0.0
  SINCE JUL 1      0.0                       0.0    0.0      0.0
  SNOW DEPTH       0

DEGREE DAYS
 HEATING
  TODAY            0                         0      0        0
  MONTH TO DATE    0                         0      0        0
  SINCE JUN 1      0                         3     -3        0
  SINCE JUL 1      0                         0      0        0

 COOLING
  TODAY            8                        11     -3       14
  MONTH TO DATE  430                       361     69      327
  SINCE JUN 1   1425                      1092    333     1095
  SINCE JAN 1   1718                      1255    463     1323
..................................................................


WIND (MPH)
  HIGHEST WIND SPEED    13   HIGHEST WIND DIRECTION     S (160)
  HIGHEST GUST SPEED    17   HIGHEST GUST DIRECTION    SE (150)
  AVERAGE WIND SPEED     3.5


SKY COVER
  POSSIBLE SUNSHINE  MM
  AVERAGE SKY COVER 0.6


WEATHER CONDITIONS
 THE FOLLOWING WEATHER WAS RECORDED TODAY.
  NO SIGNIFICANT WEATHER WAS OBSERVED.


RELATIVE HUMIDITY (PERCENT)
 HIGHEST    90           500 AM
 LOWEST     37           100 PM
 AVERAGE    64

..........................................................


THE CHARLOTTE NC CLIMATE NORMALS FOR TOMORROW
                         NORMAL    RECORD    YEAR
 MAXIMUM TEMPERATURE (F)   86       101      1932
 MINIMUM TEMPERATURE (F)   66        53      1965


SUNRISE AND SUNSET
AUGUST 29 2015........SUNRISE   654 AM EDT   SUNSET   755 PM EDT
AUGUST 30 2015........SUNRISE   655 AM EDT   SUNSET   754 PM EDT


-  INDICATES NEGATIVE NUMBERS.
R  INDICATES RECORD WAS SET OR TIED.
MM INDICATES DATA IS MISSING.
T  INDICATES TRACE AMOUNT.

$$

OUTLAW
