000
CDUS46 KLOX 210903
CLICMA


CLIMATE REPORT
NATIONAL WEATHER SERVICE LOS ANGELES/OXNARD CA
202 AM PDT MON APR 21 2014


...................................

...THE CAMARILLO AIRPORT CA CLIMATE SUMMARY FOR APRIL 20 2014...

CLIMATE NORMAL PERIOD 1981 TO 2010
CLIMATE RECORD PERIOD 1948 TO 2014


WEATHER ITEM   OBSERVED TIME   RECORD YEAR NORMAL DEPARTURE LAST
                VALUE   (LST)  VALUE       VALUE  FROM      YEAR
                                                  NORMAL
..................................................................
TEMPERATURE (F)
 YESTERDAY
  MAXIMUM         72    336 PM  96    2009  69      3       81
  MINIMUM         51    511 AM  39    1967  48      3       51
  AVERAGE         62                        59      3       66

PRECIPITATION (IN)
  YESTERDAY        0.00          1.14 1983   0.03  -0.03     0.00
  MONTH TO DATE    0.05                      0.46  -0.41     0.00
  SINCE JUL 1      5.00                     14.53  -9.53     4.78
  SINCE JAN 1      4.18                     10.29  -6.11     2.07

SNOWFALL (IN)
  YESTERDAY        0.0
  MONTH TO DATE    0.0
  SINCE MAR 1      0.0
  SINCE JUL 1      0.0

DEGREE DAYS
 HEATING
  YESTERDAY        3                         7     -4        0
  MONTH TO DATE  112                       145    -33       66
  SINCE MAR 1    263                       422   -159      268
  SINCE JUL 1   1216                      1758   -542     1408

 COOLING
  YESTERDAY        0                         0      0        1
  MONTH TO DATE    2                         0      2        2
  SINCE MAR 1     14                         4     10        6
  SINCE JAN 1     42                        13     29       26
..................................................................


WIND (MPH)
  HIGHEST WIND SPEED    14   HIGHEST WIND DIRECTION    SW (220)
  HIGHEST GUST SPEED    18   HIGHEST GUST DIRECTION    SW (240)
  AVERAGE WIND SPEED     3.6


SKY COVER
  POSSIBLE SUNSHINE  MM
  AVERAGE SKY COVER 0.0


WEATHER CONDITIONS
 THE FOLLOWING WEATHER WAS RECORDED YESTERDAY.
  NO SIGNIFICANT WEATHER WAS OBSERVED.


RELATIVE HUMIDITY (PERCENT)
 HIGHEST    86           200 AM
 LOWEST     53           400 PM
 AVERAGE    70

..........................................................


THE CAMARILLO AIRPORT CA CLIMATE NORMALS FOR TODAY
                         NORMAL    RECORD    YEAR
 MAXIMUM TEMPERATURE (F)   70        91      1987
 MINIMUM TEMPERATURE (F)   48        38      1963


SUNRISE AND SUNSET
APRIL 21 2014.........SUNRISE   618 AM PDT   SUNSET   733 PM PDT
APRIL 22 2014.........SUNRISE   617 AM PDT   SUNSET   734 PM PDT


-  INDICATES NEGATIVE NUMBERS.
R  INDICATES RECORD WAS SET OR TIED.
MM INDICATES DATA IS MISSING.
T  INDICATES TRACE AMOUNT.




$$
