000
CDUS46 KLOX 240112
CLICMA


CLIMATE REPORT
NATIONAL WEATHER SERVICE LOS ANGELES/OXNARD CA
612 PM PDT THU OCT 23 2014


...................................

...THE CAMARILLO CLIMATE SUMMARY FOR OCTOBER 23 2014...
VALID TODAY AS OF 0600 PM LOCAL TIME.

CLIMATE NORMAL PERIOD 1981 TO 2010
CLIMATE RECORD PERIOD 1948 TO 2014


WEATHER ITEM   OBSERVED TIME   RECORD YEAR NORMAL DEPARTURE LAST
                VALUE   (LST)  VALUE       VALUE  FROM      YEAR
                                                  NORMAL
..................................................................
TEMPERATURE (F)
 TODAY
  MAXIMUM         82   1207 PM  97    2007  73      9       67
  MINIMUM         54    444 AM  35    1961  52      2       57
  AVERAGE         68                        62      6       62

PRECIPITATION (IN)
  TODAY            0.00          0.19 1989   0.02  -0.02     0.00
  MONTH TO DATE    0.00                      0.37  -0.37      T
  SINCE JUL 1      0.03                      0.61  -0.58     0.04
  SINCE JAN 1      4.22                     11.59  -7.37     2.19

SNOWFALL (IN)
  TODAY            0.0
  MONTH TO DATE    0.0
  SINCE SEP 1      0.0
  SINCE JUL 1      0.0

DEGREE DAYS
 HEATING
  TODAY            0                         4     -4        3
  MONTH TO DATE    0                        59    -59       64
  SINCE SEP 1      0                        76    -76       66
  SINCE JUL 1      0                        91    -91       69

 COOLING
  TODAY            3                         1      2        0
  MONTH TO DATE   83                        23     60       41
  SINCE SEP 1    336                        94    242      154
  SINCE JAN 1    973                       306    667      623
..................................................................


WIND (MPH)
  HIGHEST WIND SPEED    10   HIGHEST WIND DIRECTION    SW (240)
  HIGHEST GUST SPEED    19   HIGHEST GUST DIRECTION     W (250)
  AVERAGE WIND SPEED     3.5


SKY COVER
  POSSIBLE SUNSHINE  MM
  AVERAGE SKY COVER 0.0


WEATHER CONDITIONS
 THE FOLLOWING WEATHER WAS RECORDED TODAY.
  NO SIGNIFICANT WEATHER WAS OBSERVED.


RELATIVE HUMIDITY (PERCENT)
 HIGHEST    77           200 AM
 LOWEST     41          1000 AM
 AVERAGE    59

..........................................................


THE CAMARILLO CLIMATE NORMALS FOR TOMORROW
                         NORMAL    RECORD    YEAR
 MAXIMUM TEMPERATURE (F)   73        99      2007
 MINIMUM TEMPERATURE (F)   52        39      1961


SUNRISE AND SUNSET
OCTOBER 23 2014.......SUNRISE   708 AM PDT   SUNSET   613 PM PDT
OCTOBER 24 2014.......SUNRISE   709 AM PDT   SUNSET   611 PM PDT


-  INDICATES NEGATIVE NUMBERS.
R  INDICATES RECORD WAS SET OR TIED.
MM INDICATES DATA IS MISSING.
T  INDICATES TRACE AMOUNT.




$$
