646
CDUS46 KLOX 190111
CLICMA


CLIMATE REPORT
NATIONAL WEATHER SERVICE LOS ANGELES/OXNARD CA
511 PM PST THU JAN 18 2018


...................................

...THE CAMARILLO CLIMATE SUMMARY FOR JANUARY 18 2018...
VALID TODAY AS OF 0500 PM LOCAL TIME.

CLIMATE NORMAL PERIOD 1981 TO 2010
CLIMATE RECORD PERIOD 1923 TO 2018


WEATHER ITEM   OBSERVED TIME   RECORD YEAR NORMAL DEPARTURE LAST
                VALUE   (LST)  VALUE       VALUE  FROM      YEAR
                                                  NORMAL
..................................................................
TEMPERATURE (F)
 TODAY
  MAXIMUM         74    329 PM  88    1976  66      8       58
  MINIMUM         50    701 AM  31    2007  43      7       39
                                      1963
  AVERAGE         62                        55      7       49

PRECIPITATION (IN)
  TODAY            0.00          3.04 1952   0.11  -0.11     0.12
  MONTH TO DATE    1.02                      2.42  -1.40     3.21
  SINCE OCT 1      1.09                      6.42  -5.33     7.87
  SINCE JAN 1      1.02                      2.42  -1.40     3.21

SNOWFALL (IN)
  TODAY            0.0
  MONTH TO DATE    0.0
  SINCE DEC 1      0.0
  SINCE JUL 1      0.0

DEGREE DAYS
 HEATING
  TODAY            3                        11     -8       16
  MONTH TO DATE   78                       198   -120      190
  SINCE DEC 1    257                       547   -290      456
  SINCE JUL 1    344                       879   -535      619

 COOLING
  TODAY            0                         0      0        0
  MONTH TO DATE   17                         0     17        0
  SINCE DEC 1     44                         2     42        5
  SINCE JAN 1     17                         0     17        0
..................................................................


WIND (MPH)
  HIGHEST WIND SPEED    10   HIGHEST WIND DIRECTION     W (260)
  HIGHEST GUST SPEED    13   HIGHEST GUST DIRECTION    SW (220)
  AVERAGE WIND SPEED     3.2


SKY COVER
  POSSIBLE SUNSHINE  MM
  AVERAGE SKY COVER 0.0


WEATHER CONDITIONS
 THE FOLLOWING WEATHER WAS RECORDED TODAY.
  NO SIGNIFICANT WEATHER WAS OBSERVED.


RELATIVE HUMIDITY (PERCENT)
 HIGHEST    83           100 AM
 LOWEST     41           200 PM
 AVERAGE    62

..........................................................


THE CAMARILLO CLIMATE NORMALS FOR TOMORROW
                         NORMAL    RECORD    YEAR
 MAXIMUM TEMPERATURE (F)   66        88      1971
 MINIMUM TEMPERATURE (F)   43        29      1925


SUNRISE AND SUNSET
JANUARY 18 2018.......SUNRISE   701 AM PST   SUNSET   513 PM PST
JANUARY 19 2018.......SUNRISE   701 AM PST   SUNSET   514 PM PST


-  INDICATES NEGATIVE NUMBERS.
R  INDICATES RECORD WAS SET OR TIED.
MM INDICATES DATA IS MISSING.
T  INDICATES TRACE AMOUNT.




$$
