000
CDUS46 KLOX 240908
CLICMA


CLIMATE REPORT
NATIONAL WEATHER SERVICE LOS ANGELES/OXNARD CA
208 AM PDT SAT SEP 24 2016


...................................

...THE CAMARILLO AIRPORT CA CLIMATE SUMMARY FOR SEPTEMBER 23 2016...

CLIMATE NORMAL PERIOD 1981 TO 2010
CLIMATE RECORD PERIOD 1948 TO 2016


WEATHER ITEM   OBSERVED TIME   RECORD YEAR NORMAL DEPARTURE LAST
                VALUE   (LST)  VALUE       VALUE  FROM      YEAR
                                                  NORMAL
..................................................................
TEMPERATURE (F)
 YESTERDAY
  MAXIMUM         82    108 PM  96    1968  76      6       82
  MINIMUM         52    444 AM  47    1954  56     -4       67
  AVERAGE         67                        66      1       75

PRECIPITATION (IN)
  YESTERDAY        0.00          0.08 1986   0.00   0.00     0.00
  MONTH TO DATE    T                         0.11  -0.11     0.36
  SINCE OCT 1      5.98                     15.15  -9.17     9.32
  SINCE JAN 1      5.42                     11.15  -5.73     4.41

SNOWFALL (IN)
  YESTERDAY        0.0
  MONTH TO DATE    0.0
  SINCE SEP 1      0.0
  SINCE JUL 1      0.0

DEGREE DAYS
 HEATING
  YESTERDAY        0                         1     -1        0
  MONTH TO DATE    4                         5     -1        0
  SINCE SEP 1      4                         5     -1        0
  SINCE JUL 1      4                        20    -16        0

 COOLING
  YESTERDAY        2                         2      0       10
  MONTH TO DATE   67                        59      8      236
  SINCE SEP 1     67                        59      8      236
  SINCE JAN 1    532                       271    261      841
..................................................................


WIND (MPH)
  HIGHEST WIND SPEED    23   HIGHEST WIND DIRECTION     W (280)
  HIGHEST GUST SPEED    26   HIGHEST GUST DIRECTION     W (280)
  AVERAGE WIND SPEED     5.5


SKY COVER
  POSSIBLE SUNSHINE  MM
  AVERAGE SKY COVER 0.0


WEATHER CONDITIONS
 THE FOLLOWING WEATHER WAS RECORDED YESTERDAY.
  NO SIGNIFICANT WEATHER WAS OBSERVED.


RELATIVE HUMIDITY (PERCENT)
 HIGHEST    72          1000 PM
 LOWEST     24          1100 AM
 AVERAGE    48

..........................................................


THE CAMARILLO AIRPORT CA CLIMATE NORMALS FOR TODAY
                         NORMAL    RECORD    YEAR
 MAXIMUM TEMPERATURE (F)   76       103      1978
 MINIMUM TEMPERATURE (F)   56        47      1961


SUNRISE AND SUNSET
SEPTEMBER 24 2016.....SUNRISE   646 AM PDT   SUNSET   649 PM PDT
SEPTEMBER 25 2016.....SUNRISE   647 AM PDT   SUNSET   648 PM PDT


-  INDICATES NEGATIVE NUMBERS.
R  INDICATES RECORD WAS SET OR TIED.
MM INDICATES DATA IS MISSING.
T  INDICATES TRACE AMOUNT.




$$
