000
CDUS46 KLOX 280856
CLICMA


CLIMATE REPORT
NATIONAL WEATHER SERVICE LOS ANGELES/OXNARD CA
1256 AM PST WED JAN 28 2015


...................................

...THE CAMARILLO AIRPORT CA CLIMATE SUMMARY FOR JANUARY 27 2015...

CLIMATE NORMAL PERIOD 1981 TO 2010
CLIMATE RECORD PERIOD 1948 TO 2015


WEATHER ITEM   OBSERVED TIME   RECORD YEAR NORMAL DEPARTURE LAST
                VALUE   (LST)  VALUE       VALUE  FROM      YEAR
                                                  NORMAL
..................................................................
TEMPERATURE (F)
 YESTERDAY
  MAXIMUM         72    112 PM  83    1971  66      6       68
  MINIMUM         51   1136 PM  33    1963  43      8       44
  AVERAGE         62                        54      8       56

PRECIPITATION (IN)
  YESTERDAY        0.01          1.10 1983   0.05  -0.04     0.00
  MONTH TO DATE    2.09                      3.19  -1.10      T
  SINCE OCT 1      7.00                      7.19  -0.19     0.78
  SINCE JAN 1      2.09                      3.19  -1.10      T

SNOWFALL (IN)
  YESTERDAY        0.0
  MONTH TO DATE    0.0
  SINCE DEC 1      0.0
  SINCE JUL 1      0.0

DEGREE DAYS
 HEATING
  YESTERDAY        3                        11     -8        9
  MONTH TO DATE  174                       297   -123      169
  SINCE DEC 1    402                       646   -244      456
  SINCE JUL 1    489                       978   -489      680

 COOLING
  YESTERDAY        0                         0      0        0
  MONTH TO DATE   20                         0     20       27
  SINCE DEC 1     24                         2     22       48
  SINCE JAN 1     20                         0     20       27
..................................................................


WIND (MPH)
  HIGHEST WIND SPEED    16   HIGHEST WIND DIRECTION     W (270)
  HIGHEST GUST SPEED    17   HIGHEST GUST DIRECTION     W (270)
  AVERAGE WIND SPEED     4.0


SKY COVER
  POSSIBLE SUNSHINE  MM
  AVERAGE SKY COVER 0.5


WEATHER CONDITIONS
 THE FOLLOWING WEATHER WAS RECORDED YESTERDAY.
  NO SIGNIFICANT WEATHER WAS OBSERVED.


RELATIVE HUMIDITY (PERCENT)
 HIGHEST    86           100 AM
 LOWEST     44           100 PM
 AVERAGE    65

..........................................................


THE CAMARILLO AIRPORT CA CLIMATE NORMALS FOR TODAY
                         NORMAL    RECORD    YEAR
 MAXIMUM TEMPERATURE (F)   66        84      1971
 MINIMUM TEMPERATURE (F)   42        33      1957


SUNRISE AND SUNSET
JANUARY 28 2015.......SUNRISE   657 AM PST   SUNSET   522 PM PST
JANUARY 29 2015.......SUNRISE   656 AM PST   SUNSET   523 PM PST


-  INDICATES NEGATIVE NUMBERS.
R  INDICATES RECORD WAS SET OR TIED.
MM INDICATES DATA IS MISSING.
T  INDICATES TRACE AMOUNT.




$$
