000
CDUS46 KLOX 190923
CLICMA


CLIMATE REPORT
NATIONAL WEATHER SERVICE LOS ANGELES/OXNARD CA
123 AM PST SUN NOV 19 2017


...................................

...THE CAMARILLO AIRPORT CA CLIMATE SUMMARY FOR NOVEMBER 18 2017...

CLIMATE NORMAL PERIOD 1981 TO 2010
CLIMATE RECORD PERIOD 1923 TO 2017


WEATHER ITEM   OBSERVED TIME   RECORD YEAR NORMAL DEPARTURE LAST
                VALUE   (LST)  VALUE       VALUE  FROM      YEAR
                                                  NORMAL
..................................................................
TEMPERATURE (F)
 YESTERDAY
  MAXIMUM         81    101 PM  94    1932  70     11       81
  MINIMUM         45    655 AM  32    1964  46     -1       47
  AVERAGE         63                        58      5       64

PRECIPITATION (IN)
  YESTERDAY        0.00          1.75 1934   0.05  -0.05     0.00
  MONTH TO DATE    0.07                      0.88  -0.81     0.00
  SINCE OCT 1      0.07                      1.51  -1.44     0.49
  SINCE JAN 1     14.87                     12.73   2.14     5.91

SNOWFALL (IN)
  YESTERDAY        0.0
  MONTH TO DATE    0.0
  SINCE SEP 1      0.0
  SINCE JUL 1      0.0

DEGREE DAYS
 HEATING
  YESTERDAY        2                         7     -5        1
  MONTH TO DATE   35                       106    -71       26
  SINCE SEP 1     55                       214   -159       59
  SINCE JUL 1     56                       229   -173       59

 COOLING
  YESTERDAY        0                         0      0        0
  MONTH TO DATE    3                        13    -10       53
  SINCE SEP 1    343                       117    226      264
  SINCE JAN 1    839                       329    510      729
..................................................................


WIND (MPH)
  HIGHEST WIND SPEED    20   HIGHEST WIND DIRECTION     E (70)
  HIGHEST GUST SPEED    25   HIGHEST GUST DIRECTION     E (80)
  AVERAGE WIND SPEED     5.8


SKY COVER
  POSSIBLE SUNSHINE  MM
  AVERAGE SKY COVER 0.0


WEATHER CONDITIONS
 THE FOLLOWING WEATHER WAS RECORDED YESTERDAY.
  NO SIGNIFICANT WEATHER WAS OBSERVED.


RELATIVE HUMIDITY (PERCENT)
 HIGHEST    92           700 AM
 LOWEST     12          1200 PM
 AVERAGE    52

..........................................................


THE CAMARILLO AIRPORT CA CLIMATE NORMALS FOR TODAY
                         NORMAL    RECORD    YEAR
 MAXIMUM TEMPERATURE (F)   70        88      1954
 MINIMUM TEMPERATURE (F)   46        32      1961


SUNRISE AND SUNSET
NOVEMBER 19 2017......SUNRISE   633 AM PST   SUNSET   450 PM PST
NOVEMBER 20 2017......SUNRISE   634 AM PST   SUNSET   450 PM PST


-  INDICATES NEGATIVE NUMBERS.
R  INDICATES RECORD WAS SET OR TIED.
MM INDICATES DATA IS MISSING.
T  INDICATES TRACE AMOUNT.




$$
