000
CDUS46 KLOX 170914
CLICMA


CLIMATE REPORT
NATIONAL WEATHER SERVICE LOS ANGELES/OXNARD CA
213 AM PDT WED SEP 17 2014


...................................

...THE CAMARILLO AIRPORT CA CLIMATE SUMMARY FOR SEPTEMBER 16 2014...

CLIMATE NORMAL PERIOD 1981 TO 2010
CLIMATE RECORD PERIOD 1948 TO 2014


WEATHER ITEM   OBSERVED TIME   RECORD YEAR NORMAL DEPARTURE LAST
                VALUE   (LST)  VALUE       VALUE  FROM      YEAR
                                                  NORMAL
..................................................................
TEMPERATURE (F)
 YESTERDAY
  MAXIMUM         91R  1214 PM  91    1958  77     14       78
  MINIMUM         70    554 AM  47    1970  57     13       56
  AVERAGE         81                        67     14       67

PRECIPITATION (IN)
  YESTERDAY        0.00          0.19 1950   0.01  -0.01     0.00
  MONTH TO DATE    T                         0.06  -0.06     0.00
  SINCE JUL 1      0.03                      0.12  -0.09     0.04
  SINCE JAN 1      4.22                     11.10  -6.88     2.19

SNOWFALL (IN)
  YESTERDAY        0.0
  MONTH TO DATE    0.0
  SINCE SEP 1      0.0
  SINCE JUL 1      0.0

DEGREE DAYS
 HEATING
  YESTERDAY        0                         0      0        0
  MONTH TO DATE    0                         0      0        0
  SINCE SEP 1      0                         0      0        0
  SINCE JUL 1      0                        15    -15        3

 COOLING
  YESTERDAY       16                         2     14        2
  MONTH TO DATE  156                        45    111       91
  SINCE SEP 1    156                        45    111       91
  SINCE JAN 1    793                       257    536      560
..................................................................


WIND (MPH)
  HIGHEST WIND SPEED    13   HIGHEST WIND DIRECTION     W (260)
  HIGHEST GUST SPEED    15   HIGHEST GUST DIRECTION    SW (210)
  AVERAGE WIND SPEED     3.9


SKY COVER
  POSSIBLE SUNSHINE  MM
  AVERAGE SKY COVER 0.0


WEATHER CONDITIONS
 THE FOLLOWING WEATHER WAS RECORDED YESTERDAY.
  NO SIGNIFICANT WEATHER WAS OBSERVED.


RELATIVE HUMIDITY (PERCENT)
 HIGHEST    68           400 AM
 LOWEST     38          1100 AM
 AVERAGE    53

..........................................................


THE CAMARILLO AIRPORT CA CLIMATE NORMALS FOR TODAY
                         NORMAL    RECORD    YEAR
 MAXIMUM TEMPERATURE (F)   77        94      1979
 MINIMUM TEMPERATURE (F)   57        49      1959


SUNRISE AND SUNSET
SEPTEMBER 17 2014.....SUNRISE   641 AM PDT   SUNSET   700 PM PDT
SEPTEMBER 18 2014.....SUNRISE   642 AM PDT   SUNSET   659 PM PDT


-  INDICATES NEGATIVE NUMBERS.
R  INDICATES RECORD WAS SET OR TIED.
MM INDICATES DATA IS MISSING.
T  INDICATES TRACE AMOUNT.




$$
