000
CDUS46 KLOX 230112
CLICMA


CLIMATE REPORT
NATIONAL WEATHER SERVICE LOS ANGELES/OXNARD CA
612 PM PDT FRI AUG 22 2014


...................................

...THE CAMARILLO CLIMATE SUMMARY FOR AUGUST 22 2014...
VALID TODAY AS OF 0600 PM LOCAL TIME.

CLIMATE NORMAL PERIOD 1981 TO 2010
CLIMATE RECORD PERIOD 1948 TO 2014


WEATHER ITEM   OBSERVED TIME   RECORD YEAR NORMAL DEPARTURE LAST
                VALUE   (LST)  VALUE       VALUE  FROM      YEAR
                                                  NORMAL
..................................................................
TEMPERATURE (F)
 TODAY
  MAXIMUM         79    150 PM  86    1972  77      2       80
  MINIMUM         63    545 AM  51    1968  59      4       57
  AVERAGE         71                        68      3       69

PRECIPITATION (IN)
  TODAY            0.00          T    1967   0.00   0.00     0.00
  MONTH TO DATE    0.03                      0.02   0.01     0.00
  SINCE JUL 1      0.03                      0.04  -0.01     0.04
  SINCE JAN 1      4.22                     11.02  -6.80     2.19

SNOWFALL (IN)
  TODAY            0.0
  MONTH TO DATE    0.0
  SINCE JUN 1      0.0
  SINCE JUL 1      0.0

DEGREE DAYS
 HEATING
  TODAY            0                         0      0        0
  MONTH TO DATE    0                         0      0        1
  SINCE JUN 1     12                        53    -41        3
  SINCE JUL 1      0                        10    -10        3

 COOLING
  TODAY            6                         3      3        4
  MONTH TO DATE  144                        66     78       44
  SINCE JUN 1    414                       160    254      307
  SINCE JAN 1    562                       191    371      413
..................................................................


WIND (MPH)
  HIGHEST WIND SPEED    15   HIGHEST WIND DIRECTION    SW (220)
  HIGHEST GUST SPEED    20   HIGHEST GUST DIRECTION    SW (240)
  AVERAGE WIND SPEED     5.4


SKY COVER
  POSSIBLE SUNSHINE  MM
  AVERAGE SKY COVER 0.1


WEATHER CONDITIONS
 THE FOLLOWING WEATHER WAS RECORDED TODAY.
  NO SIGNIFICANT WEATHER WAS OBSERVED.


RELATIVE HUMIDITY (PERCENT)
 HIGHEST    78          1200 AM
 LOWEST     58           100 PM
 AVERAGE    68

..........................................................


THE CAMARILLO CLIMATE NORMALS FOR TOMORROW
                         NORMAL    RECORD    YEAR
 MAXIMUM TEMPERATURE (F)   77        94      1968
 MINIMUM TEMPERATURE (F)   59        52      1966


SUNRISE AND SUNSET
AUGUST 22 2014........SUNRISE   623 AM PDT   SUNSET   735 PM PDT
AUGUST 23 2014........SUNRISE   623 AM PDT   SUNSET   734 PM PDT


-  INDICATES NEGATIVE NUMBERS.
R  INDICATES RECORD WAS SET OR TIED.
MM INDICATES DATA IS MISSING.
T  INDICATES TRACE AMOUNT.




$$
