000
CDUS46 KLOX 220903
CLICMA


CLIMATE REPORT
NATIONAL WEATHER SERVICE LOS ANGELES/OXNARD CA
203 AM PDT TUE JUL 22 2014


...................................

...THE CAMARILLO AIRPORT CA CLIMATE SUMMARY FOR JULY 21 2014...

CLIMATE NORMAL PERIOD 1981 TO 2010
CLIMATE RECORD PERIOD 1948 TO 2014


WEATHER ITEM   OBSERVED TIME   RECORD YEAR NORMAL DEPARTURE LAST
                VALUE   (LST)  VALUE       VALUE  FROM      YEAR
                                                  NORMAL
..................................................................
TEMPERATURE (F)
 YESTERDAY
  MAXIMUM         80    221 PM  92    1960  76      4       74
  MINIMUM         62    325 AM  45    1949  58      4       64
  AVERAGE         71                        67      4       69

PRECIPITATION (IN)
  YESTERDAY        0.00          T    2013   0.00   0.00      T
  MONTH TO DATE    T                         0.01  -0.01      T
  SINCE JUL 1      T                         0.01  -0.01      T
  SINCE JAN 1      4.19                     10.99  -6.80     2.15

SNOWFALL (IN)
  YESTERDAY        0.0
  MONTH TO DATE    0.0
  SINCE JUN 1      0.0
  SINCE JUL 1      0.0

DEGREE DAYS
 HEATING
  YESTERDAY        0                         0      0        0
  MONTH TO DATE    0                         1     -1        0
  SINCE JUN 1     12                        44    -32        0
  SINCE JUL 1      0                         1     -1        0

 COOLING
  YESTERDAY        6                         3      3        4
  MONTH TO DATE  138                        46     92       96
  SINCE JUN 1    183                        69    114      242
  SINCE JAN 1    331                       100    231      348
..................................................................


WIND (MPH)
  HIGHEST WIND SPEED    17   HIGHEST WIND DIRECTION     W (270)
  HIGHEST GUST SPEED    23   HIGHEST GUST DIRECTION     W (260)
  AVERAGE WIND SPEED     6.0


SKY COVER
  POSSIBLE SUNSHINE  MM
  AVERAGE SKY COVER 0.1


WEATHER CONDITIONS
 THE FOLLOWING WEATHER WAS RECORDED YESTERDAY.
  NO SIGNIFICANT WEATHER WAS OBSERVED.


RELATIVE HUMIDITY (PERCENT)
 HIGHEST    87           200 AM
 LOWEST     52          1100 AM
 AVERAGE    70

..........................................................


THE CAMARILLO AIRPORT CA CLIMATE NORMALS FOR TODAY
                         NORMAL    RECORD    YEAR
 MAXIMUM TEMPERATURE (F)   76        89      2006
                                             1960
 MINIMUM TEMPERATURE (F)   58        52      2001


SUNRISE AND SUNSET
JULY 22 2014..........SUNRISE   600 AM PDT   SUNSET   805 PM PDT
JULY 23 2014..........SUNRISE   601 AM PDT   SUNSET   804 PM PDT


-  INDICATES NEGATIVE NUMBERS.
R  INDICATES RECORD WAS SET OR TIED.
MM INDICATES DATA IS MISSING.
T  INDICATES TRACE AMOUNT.




$$
