000
CDUS46 KLOX 280112
CLICMA


CLIMATE REPORT
NATIONAL WEATHER SERVICE LOS ANGELES/OXNARD CA
612 PM PDT WED MAY 27 2015


...................................

...THE CAMARILLO CLIMATE SUMMARY FOR MAY 27 2015...
VALID TODAY AS OF 0600 PM LOCAL TIME.

CLIMATE NORMAL PERIOD 1981 TO 2010
CLIMATE RECORD PERIOD 1948 TO 2015


WEATHER ITEM   OBSERVED TIME   RECORD YEAR NORMAL DEPARTURE LAST
                VALUE   (LST)  VALUE       VALUE  FROM      YEAR
                                                  NORMAL
..................................................................
TEMPERATURE (F)
 TODAY
  MAXIMUM         70    203 PM  87    1968  71     -1       74
  MINIMUM         56    149 AM  45    2008  54      2       60
  AVERAGE         63                        62      1       67

PRECIPITATION (IN)
  TODAY            0.00          0.61 1990   0.00   0.00     0.00
  MONTH TO DATE    0.22                      0.30  -0.08     0.01
  SINCE OCT 1      8.35                     14.92  -6.57     4.97
  SINCE JAN 1      3.44                     10.92  -7.48     4.19

SNOWFALL (IN)
  TODAY            0.0
  MONTH TO DATE    0.0
  SINCE MAR 1      0.0
  SINCE JUL 1      0.0

DEGREE DAYS
 HEATING
  TODAY            2                         3     -1        0
  MONTH TO DATE  102                       112    -10       53
  SINCE MAR 1    310                       596   -286      349
  SINCE JUL 1    967                      1932   -965     1302

 COOLING
  TODAY            0                         0      0        2
  MONTH TO DATE    1                         0      1       83
  SINCE MAR 1     70                        11     59      117
  SINCE JAN 1    109                        20     89      145
..................................................................


WIND (MPH)
  HIGHEST WIND SPEED    15   HIGHEST WIND DIRECTION    SW (210)
  HIGHEST GUST SPEED    20   HIGHEST GUST DIRECTION    SW (210)
  AVERAGE WIND SPEED     4.5


SKY COVER
  POSSIBLE SUNSHINE  MM
  AVERAGE SKY COVER 0.6


WEATHER CONDITIONS
 THE FOLLOWING WEATHER WAS RECORDED TODAY.
  NO SIGNIFICANT WEATHER WAS OBSERVED.


RELATIVE HUMIDITY (PERCENT)
 HIGHEST    80          1200 AM
 LOWEST     55           300 PM
 AVERAGE    68

..........................................................


THE CAMARILLO CLIMATE NORMALS FOR TOMORROW
                         NORMAL    RECORD    YEAR
 MAXIMUM TEMPERATURE (F)   71        85      2000
 MINIMUM TEMPERATURE (F)   54        44      1964


SUNRISE AND SUNSET
MAY 27 2015...........SUNRISE   548 AM PDT   SUNSET   800 PM PDT
MAY 28 2015...........SUNRISE   547 AM PDT   SUNSET   800 PM PDT


-  INDICATES NEGATIVE NUMBERS.
R  INDICATES RECORD WAS SET OR TIED.
MM INDICATES DATA IS MISSING.
T  INDICATES TRACE AMOUNT.




$$
