000
CDUS46 KLOX 220902
CLICMA


CLIMATE REPORT
NATIONAL WEATHER SERVICE LOS ANGELES/OXNARD CA
202 AM PDT WED OCT 22 2014


...................................

...THE CAMARILLO AIRPORT CA CLIMATE SUMMARY FOR OCTOBER 21 2014...

CLIMATE NORMAL PERIOD 1981 TO 2010
CLIMATE RECORD PERIOD 1948 TO 2014


WEATHER ITEM   OBSERVED TIME   RECORD YEAR NORMAL DEPARTURE LAST
                VALUE   (LST)  VALUE       VALUE  FROM      YEAR
                                                  NORMAL
..................................................................
TEMPERATURE (F)
 YESTERDAY
  MAXIMUM         77    246 PM  98    1965  73      4       69
  MINIMUM         54    554 AM  43    1960  52      2       53
  AVERAGE         66                        62      4       61

PRECIPITATION (IN)
  YESTERDAY        0.00          0.42 1985   0.02  -0.02     0.00
  MONTH TO DATE    0.00                      0.32  -0.32      T
  SINCE JUL 1      0.03                      0.56  -0.53     0.04
  SINCE JAN 1      4.22                     11.54  -7.32     2.19

SNOWFALL (IN)
  YESTERDAY        0.0
  MONTH TO DATE    0.0
  SINCE SEP 1      0.0
  SINCE JUL 1      0.0

DEGREE DAYS
 HEATING
  YESTERDAY        0                         3     -3        4
  MONTH TO DATE    0                        52    -52       56
  SINCE SEP 1      0                        69    -69       58
  SINCE JUL 1      0                        84    -84       61

 COOLING
  YESTERDAY        1                         1      0        0
  MONTH TO DATE   79                        21     58       41
  SINCE SEP 1    332                        92    240      154
  SINCE JAN 1    969                       304    665      623
..................................................................


WIND (MPH)
  HIGHEST WIND SPEED    13   HIGHEST WIND DIRECTION     S (200)
  HIGHEST GUST SPEED    22   HIGHEST GUST DIRECTION     S (170)
  AVERAGE WIND SPEED     3.8


SKY COVER
  POSSIBLE SUNSHINE  MM
  AVERAGE SKY COVER 0.0


WEATHER CONDITIONS
 THE FOLLOWING WEATHER WAS RECORDED YESTERDAY.
  NO SIGNIFICANT WEATHER WAS OBSERVED.


RELATIVE HUMIDITY (PERCENT)
 HIGHEST    86           200 AM
 LOWEST     46           100 PM
 AVERAGE    66

..........................................................


THE CAMARILLO AIRPORT CA CLIMATE NORMALS FOR TODAY
                         NORMAL    RECORD    YEAR
 MAXIMUM TEMPERATURE (F)   73        99      1965
 MINIMUM TEMPERATURE (F)   52        39      1961


SUNRISE AND SUNSET
OCTOBER 22 2014.......SUNRISE   707 AM PDT   SUNSET   614 PM PDT
OCTOBER 23 2014.......SUNRISE   708 AM PDT   SUNSET   613 PM PDT


-  INDICATES NEGATIVE NUMBERS.
R  INDICATES RECORD WAS SET OR TIED.
MM INDICATES DATA IS MISSING.
T  INDICATES TRACE AMOUNT.




$$
