000
CDUS46 KLOX 270909
CLICMA


CLIMATE REPORT
NATIONAL WEATHER SERVICE LOS ANGELES/OXNARD CA
209 AM PDT SAT AUG 27 2016


...................................

...THE CAMARILLO AIRPORT CA CLIMATE SUMMARY FOR AUGUST 26 2016...

CLIMATE NORMAL PERIOD 1981 TO 2010
CLIMATE RECORD PERIOD 1948 TO 2016


WEATHER ITEM   OBSERVED TIME   RECORD YEAR NORMAL DEPARTURE LAST
                VALUE   (LST)  VALUE       VALUE  FROM      YEAR
                                                  NORMAL
..................................................................
TEMPERATURE (F)
 YESTERDAY
  MAXIMUM         74   1216 PM  86    2015  77     -3       86
  MINIMUM         63   1257 AM  49    1963  59      4       67
  AVERAGE         69                        68      1       77

PRECIPITATION (IN)
  YESTERDAY        0.00          T    2007   0.00   0.00     0.00
  MONTH TO DATE    0.00                      0.03  -0.03     0.00
  SINCE OCT 1      5.98                     15.03  -9.05     8.96
  SINCE JAN 1      5.42                     11.03  -5.61     4.05

SNOWFALL (IN)
  YESTERDAY        0.0
  MONTH TO DATE    0.0
  SINCE JUN 1      0.0
  SINCE JUL 1      0.0

DEGREE DAYS
 HEATING
  YESTERDAY        0                         0      0        0
  MONTH TO DATE    0                         0      0        0
  SINCE JUN 1     17                        53    -36        4
  SINCE JUL 1      0                        10    -10        0

 COOLING
  YESTERDAY        4                         3      1       12
  MONTH TO DATE  123                        78     45      196
  SINCE JUN 1    369                       172    197      435
  SINCE JAN 1    440                       203    237      544
..................................................................


WIND (MPH)
  HIGHEST WIND SPEED    15   HIGHEST WIND DIRECTION    SW (230)
  HIGHEST GUST SPEED    22   HIGHEST GUST DIRECTION    SW (240)
  AVERAGE WIND SPEED     5.8


SKY COVER
  POSSIBLE SUNSHINE  MM
  AVERAGE SKY COVER 0.7


WEATHER CONDITIONS
 THE FOLLOWING WEATHER WAS RECORDED YESTERDAY.
  HAZE


RELATIVE HUMIDITY (PERCENT)
 HIGHEST    90          1200 AM
 LOWEST     61          1100 AM
 AVERAGE    76

..........................................................


THE CAMARILLO AIRPORT CA CLIMATE NORMALS FOR TODAY
                         NORMAL    RECORD    YEAR
 MAXIMUM TEMPERATURE (F)   77        91      2014
                                             2009
 MINIMUM TEMPERATURE (F)   59        52      2012


SUNRISE AND SUNSET
AUGUST 27 2016........SUNRISE   627 AM PDT   SUNSET   728 PM PDT
AUGUST 28 2016........SUNRISE   627 AM PDT   SUNSET   727 PM PDT


-  INDICATES NEGATIVE NUMBERS.
R  INDICATES RECORD WAS SET OR TIED.
MM INDICATES DATA IS MISSING.
T  INDICATES TRACE AMOUNT.




$$
