000
CDUS41 KILN 280628
CLICMH


CLIMATE REPORT
NATIONAL WEATHER SERVICE WILMINGTON OH
224 AM EDT TUE JUL 28 2015


...................................

...THE COLUMBUS OH CLIMATE SUMMARY FOR JULY 27 2015...

CLIMATE NORMAL PERIOD 1981 TO 2010
CLIMATE RECORD PERIOD 1869 TO 2015


WEATHER ITEM   OBSERVED TIME   RECORD YEAR NORMAL DEPARTURE LAST
                VALUE   (LST)  VALUE       VALUE  FROM      YEAR
                                                  NORMAL
..................................................................
TEMPERATURE (F)
 YESTERDAY
  MAXIMUM         87    456 PM 102    1936  85      2       82
  MINIMUM         70    332 AM  45    1962  66      4       67
  AVERAGE         79                        75      4       75

PRECIPITATION (IN)
  YESTERDAY        T             2.49 1926   0.15  -0.15     0.97
  MONTH TO DATE    5.33                      4.25   1.08     3.46
  SINCE JUN 1     12.05                      8.26   3.79     8.75
  SINCE JAN 1     28.19                     23.83   4.36    25.60

SNOWFALL (IN)
  YESTERDAY        0.0           0.0         0.0    0.0      0.0
  MONTH TO DATE    0.0                       0.0    0.0      0.0
  SINCE JUN 1      0.0                       0.0    0.0      0.0
  SINCE JUL 1      0.0                       0.0    0.0      0.0
  SNOW DEPTH       0

DEGREE DAYS
 HEATING
  YESTERDAY        0                         0      0        0
  MONTH TO DATE    0                         0      0        0
  SINCE JUN 1     20                        19      1        1
  SINCE JUL 1      0                         0      0        0

 COOLING
  YESTERDAY       14                        10      4       10
  MONTH TO DATE  206                       270    -64      233
  SINCE JUN 1    426                       486    -60      522
  SINCE JAN 1    579                       568     11      677
..................................................................


WIND (MPH)
  RESULTANT WIND SPEED   2   RESULTANT WIND DIRECTION   E (70)
  HIGHEST WIND SPEED     9   HIGHEST WIND DIRECTION    NE (30)
  HIGHEST GUST SPEED    12   HIGHEST GUST DIRECTION    NE (30)
  AVERAGE WIND SPEED     3.4


SKY COVER
  POSSIBLE SUNSHINE  MM
  AVERAGE SKY COVER 0.9


WEATHER CONDITIONS
 THE FOLLOWING WEATHER WAS RECORDED YESTERDAY.
  LIGHT RAIN
  FOG


RELATIVE HUMIDITY (PERCENT)
 HIGHEST    93           200 AM
 LOWEST     55           500 PM
 AVERAGE    74

..........................................................


THE COLUMBUS OH CLIMATE NORMALS FOR TODAY
                         NORMAL    RECORD    YEAR
 MAXIMUM TEMPERATURE (F)   85       100      1952
 MINIMUM TEMPERATURE (F)   65        50      1962


SUNRISE AND SUNSET
JULY 28 2015..........SUNRISE   626 AM EDT   SUNSET   849 PM EDT
JULY 29 2015..........SUNRISE   627 AM EDT   SUNSET   849 PM EDT


-  INDICATES NEGATIVE NUMBERS.
R  INDICATES RECORD WAS SET OR TIED.
MM INDICATES DATA IS MISSING.
T  INDICATES TRACE AMOUNT.




$$
