000
CDUS41 KILN 140537
CLICMH


CLIMATE REPORT
NATIONAL WEATHER SERVICE WILMINGTON OH
1237 AM EST THU DEC 14 2017


...................................

...THE COLUMBUS OH CLIMATE SUMMARY FOR DECEMBER 13 2017...

CLIMATE NORMAL PERIOD 1981 TO 2010
CLIMATE RECORD PERIOD 1869 TO 2017


WEATHER ITEM   OBSERVED TIME   RECORD YEAR NORMAL DEPARTURE LAST
                VALUE   (LST)  VALUE       VALUE  FROM      YEAR
                                                  NORMAL
..................................................................
TEMPERATURE (F)
 YESTERDAY
  MAXIMUM         38   1028 PM  65    1901  41     -3       31
  MINIMUM         16    605 AM  -7    1960  27    -11       25
  AVERAGE         27                        34     -7       28

PRECIPITATION (IN)
  YESTERDAY        0.05          1.26 1927   0.09  -0.04     0.31
  MONTH TO DATE    0.67                      1.28  -0.61     1.27
  SINCE DEC 1      0.67                      1.28  -0.61     1.27
  SINCE JAN 1     45.52                     37.62   7.90    35.96

SNOWFALL (IN)
  YESTERDAY        0.5           3.6  1945   0.2    0.3      3.2
  MONTH TO DATE    2.0                       1.6    0.4      4.8
  SINCE DEC 1      2.0                       1.6    0.4      4.8
  SINCE JUL 1      2.0                       2.7   -0.7      4.8
  SNOW DEPTH       1

DEGREE DAYS
 HEATING
  YESTERDAY       38                        31      7       37
  MONTH TO DATE  393                       377     16      417
  SINCE DEC 1    393                       377     16      417
  SINCE JUL 1   1312                      1391    -79     1183

 COOLING
  YESTERDAY        0                         0      0        0
  MONTH TO DATE    0                         0      0        0
  SINCE DEC 1      0                         0      0        0
  SINCE JAN 1   1095                      1024     71     1327
..................................................................


WIND (MPH)
  RESULTANT WIND SPEED   6   RESULTANT WIND DIRECTION   S (200)
  HIGHEST WIND SPEED    31   HIGHEST WIND DIRECTION     W (280)
  HIGHEST GUST SPEED    40   HIGHEST GUST DIRECTION     W (280)
  AVERAGE WIND SPEED    10.4


SKY COVER
  POSSIBLE SUNSHINE  MM
  AVERAGE SKY COVER 1.0


WEATHER CONDITIONS
 THE FOLLOWING WEATHER WAS RECORDED YESTERDAY.
  MIXED PRECIP
  LIGHT RAIN
  SNOW
  LIGHT SNOW
  FOG


RELATIVE HUMIDITY (PERCENT)
 HIGHEST    84          1200 AM
 LOWEST     46           400 PM
 AVERAGE    65

..........................................................


THE COLUMBUS OH CLIMATE NORMALS FOR TODAY
                         NORMAL    RECORD    YEAR
 MAXIMUM TEMPERATURE (F)   40        65      2015
                                             1995
                                             1901
 MINIMUM TEMPERATURE (F)   27        -1      1898


SUNRISE AND SUNSET
DECEMBER 14 2017......SUNRISE   746 AM EST   SUNSET   507 PM EST
DECEMBER 15 2017......SUNRISE   746 AM EST   SUNSET   507 PM EST


-  INDICATES NEGATIVE NUMBERS.
R  INDICATES RECORD WAS SET OR TIED.
MM INDICATES DATA IS MISSING.
T  INDICATES TRACE AMOUNT.




$$
