000
CDUS41 KILN 010613
CLICMH


CLIMATE REPORT
NATIONAL WEATHER SERVICE WILMINGTON OH
211 AM EDT WED JUL 1 2015


...................................

...THE COLUMBUS OH CLIMATE SUMMARY FOR JUNE 30 2015...

CLIMATE NORMAL PERIOD 1981 TO 2010
CLIMATE RECORD PERIOD 1869 TO 2015


WEATHER ITEM   OBSERVED TIME   RECORD YEAR NORMAL DEPARTURE LAST
                VALUE   (LST)  VALUE       VALUE  FROM      YEAR
                                                  NORMAL
..................................................................
TEMPERATURE (F)
 YESTERDAY
  MAXIMUM         77   1245 PM  99    1901  85     -8       87
  MINIMUM         60    217 AM  47    1988  65     -5       73
  AVERAGE         69                        75     -6       80

PRECIPITATION (IN)
  YESTERDAY        0.35          1.41 2005   0.13   0.22     0.00
  MONTH TO DATE    6.72                      4.01   2.71     5.29
  SINCE JUN 1      6.72                      4.01   2.71     5.29
  SINCE JAN 1     22.86                     19.58   3.28    22.14

SNOWFALL (IN)
  YESTERDAY        0.0           0.0    MM   0.0    0.0      0.0
  MONTH TO DATE    0.0                       0.0    0.0      0.0
  SINCE JUN 1      0.0                       0.0    0.0      0.0
  SINCE JUL 1     33.4                      26.7    6.7     56.4
  SNOW DEPTH       0

DEGREE DAYS
 HEATING
  YESTERDAY        0                         0      0        0
  MONTH TO DATE   20                        18      2        1
  SINCE JUN 1     20                        19      1        1
  SINCE JUL 1   5840                      5246    594     5634

 COOLING
  YESTERDAY        4                        10     -6       15
  MONTH TO DATE  220                       216      4      289
  SINCE JUN 1    220                       216      4      289
  SINCE JAN 1    373                       298     75      444
..................................................................


WIND (MPH)
  RESULTANT WIND SPEED   5   RESULTANT WIND DIRECTION   S (200)
  HIGHEST WIND SPEED    25   HIGHEST WIND DIRECTION    NW (310)
  HIGHEST GUST SPEED    32   HIGHEST GUST DIRECTION    NW (310)
  AVERAGE WIND SPEED     6.2


SKY COVER
  POSSIBLE SUNSHINE  MM
  AVERAGE SKY COVER 0.9


WEATHER CONDITIONS
 THE FOLLOWING WEATHER WAS RECORDED YESTERDAY.
  THUNDERSTORM
  LIGHT RAIN
  FOG
  FOG W/VISIBILITY <= 1/4 MILE
  HAZE


RELATIVE HUMIDITY (PERCENT)
 HIGHEST   100           100 AM
 LOWEST     69          1200 PM
 AVERAGE    85

..........................................................


THE COLUMBUS OH CLIMATE NORMALS FOR TODAY
                         NORMAL    RECORD    YEAR
 MAXIMUM TEMPERATURE (F)   85        98      1953
                                             1901
 MINIMUM TEMPERATURE (F)   65        44      1988


SUNRISE AND SUNSET
JULY  1 2015..........SUNRISE   606 AM EDT   SUNSET   904 PM EDT
JULY  2 2015..........SUNRISE   607 AM EDT   SUNSET   904 PM EDT


-  INDICATES NEGATIVE NUMBERS.
R  INDICATES RECORD WAS SET OR TIED.
MM INDICATES DATA IS MISSING.
T  INDICATES TRACE AMOUNT.




$$
