000
CDUS41 KILN 040617
CLICMH


CLIMATE REPORT
NATIONAL WEATHER SERVICE WILMINGTON OH
116 AM EST WED MAR 4 2015


...................................

...THE COLUMBUS OH CLIMATE SUMMARY FOR MARCH 3 2015...

CLIMATE NORMAL PERIOD 1981 TO 2010
CLIMATE RECORD PERIOD 1869 TO 2015


WEATHER ITEM   OBSERVED TIME   RECORD YEAR NORMAL DEPARTURE LAST
                VALUE   (LST)  VALUE       VALUE  FROM      YEAR
                                                  NORMAL
..................................................................
TEMPERATURE (F)
 YESTERDAY
  MAXIMUM         42    916 PM  75    1974  46     -4       21
  MINIMUM         20   1212 AM   1    1980  29     -9        8
  AVERAGE         31                        37     -6       15

PRECIPITATION (IN)
  YESTERDAY        0.51          0.74 1951   0.08   0.43     0.00
  MONTH TO DATE    0.83                      0.24   0.59     0.22
  SINCE MAR 1      0.83                      0.24   0.59     0.22
  SINCE JAN 1      5.40                      5.22   0.18     5.01

SNOWFALL (IN)
  YESTERDAY        T             3.6  1960   0.2   -0.2      0.0
  MONTH TO DATE    3.6                       0.6    3.0      2.9
  SINCE MAR 1      3.6                       0.6    3.0      2.9
  SINCE JUL 1     31.6                      22.0    9.6     53.9
  SNOW DEPTH       5

DEGREE DAYS
 HEATING
  YESTERDAY       34                        28      6       50
  MONTH TO DATE  112                        84     28      116
  SINCE MAR 1    112                        84     28      116
  SINCE JUL 1   4666                      4079    587     4500

 COOLING
  YESTERDAY        0                         0      0        0
  MONTH TO DATE    0                         0      0        0
  SINCE MAR 1      0                         0      0        0
  SINCE JAN 1      0                         0      0        0
..................................................................


WIND (MPH)
  RESULTANT WIND SPEED   3   RESULTANT WIND DIRECTION  SE (140)
  HIGHEST WIND SPEED    16   HIGHEST WIND DIRECTION     W (270)
  HIGHEST GUST SPEED    20   HIGHEST GUST DIRECTION     W (270)
  AVERAGE WIND SPEED     6.9


SKY COVER
  POSSIBLE SUNSHINE  MM
  AVERAGE SKY COVER 1.0


WEATHER CONDITIONS
 THE FOLLOWING WEATHER WAS RECORDED YESTERDAY.
  HEAVY RAIN
  RAIN
  LIGHT RAIN
  LT FREEZING RAIN
  LIGHT SNOW
  FOG
  FOG W/VISIBILITY <= 1/4 MILE


RELATIVE HUMIDITY (PERCENT)
 HIGHEST   100           700 PM
 LOWEST     60           300 AM
 AVERAGE    80

..........................................................


THE COLUMBUS OH CLIMATE NORMALS FOR TODAY
                         NORMAL    RECORD    YEAR
 MAXIMUM TEMPERATURE (F)   46        78      1976
 MINIMUM TEMPERATURE (F)   29         1      1943


SUNRISE AND SUNSET
MARCH  4 2015.........SUNRISE   701 AM EST   SUNSET   626 PM EST
MARCH  5 2015.........SUNRISE   659 AM EST   SUNSET   627 PM EST


-  INDICATES NEGATIVE NUMBERS.
R  INDICATES RECORD WAS SET OR TIED.
MM INDICATES DATA IS MISSING.
T  INDICATES TRACE AMOUNT.




$$
