000
CDUS41 KILN 222154
CLICMH


CLIMATE REPORT
NATIONAL WEATHER SERVICE WILMINGTON OH
454 PM EST WED FEB 22 2017


...................................

...THE COLUMBUS OH CLIMATE SUMMARY FOR FEBRUARY 22 2017...
VALID TODAY AS OF 0400 PM LOCAL TIME.

CLIMATE NORMAL PERIOD 1981 TO 2010
CLIMATE RECORD PERIOD 1869 TO 2017


WEATHER ITEM   OBSERVED TIME   RECORD YEAR NORMAL DEPARTURE LAST
                VALUE   (LST)  VALUE       VALUE  FROM      YEAR
                                                  NORMAL
..................................................................
TEMPERATURE (F)
 TODAY
  MAXIMUM         60    435 PM  70    1930  43     17       47
  MINIMUM         54    537 AM  -8    1963  26     28       30
  AVERAGE         57                        34     23       39

PRECIPITATION (IN)
  TODAY            0.03          0.96 1971   0.07  -0.04     0.00
  MONTH TO DATE    1.19                      1.76  -0.57     1.85
  SINCE DEC 1      7.11                      7.46  -0.35     7.85
  SINCE JAN 1      4.02                      4.49  -0.47     2.97

SNOWFALL (IN)
  TODAY            0.0           2.0  1900   0.3   -0.3      0.0
  MONTH TO DATE    0.6                       4.8   -4.2      7.8
  SINCE DEC 1      7.6                      19.0  -11.4     13.2
  SINCE JUL 1      7.6                      20.1  -12.5     13.2
  SNOW DEPTH       0

DEGREE DAYS
 HEATING
  TODAY            8                        31    -23       26
  MONTH TO DATE  548                       726   -178      723
  SINCE DEC 1   2416                      2804   -388     2473
  SINCE JUL 1   3182                      3818   -636     3278

 COOLING
  TODAY            0                         0      0        0
  MONTH TO DATE    0                         0      0        0
  SINCE DEC 1      0                         0      0        0
  SINCE JAN 1      0                         0      0        0
..................................................................


WIND (MPH)
  HIGHEST WIND SPEED    14   HIGHEST WIND DIRECTION     S (190)
  HIGHEST GUST SPEED    17   HIGHEST GUST DIRECTION     S (200)
  AVERAGE WIND SPEED     5.8


SKY COVER
  POSSIBLE SUNSHINE  MM
  AVERAGE SKY COVER 1.0


WEATHER CONDITIONS
 THE FOLLOWING WEATHER WAS RECORDED TODAY.
  LIGHT RAIN
  FOG


RELATIVE HUMIDITY (PERCENT)
 HIGHEST    93           200 AM
 LOWEST     84           300 PM
 AVERAGE    89

..........................................................


THE COLUMBUS OH CLIMATE NORMALS FOR TOMORROW
                         NORMAL    RECORD    YEAR
 MAXIMUM TEMPERATURE (F)   43        66      1985
                                             1906
 MINIMUM TEMPERATURE (F)   27        -4      1885


SUNRISE AND SUNSET
FEBRUARY 22 2017......SUNRISE   715 AM EST   SUNSET   616 PM EST
FEBRUARY 23 2017......SUNRISE   713 AM EST   SUNSET   617 PM EST


-  INDICATES NEGATIVE NUMBERS.
R  INDICATES RECORD WAS SET OR TIED.
MM INDICATES DATA IS MISSING.
T  INDICATES TRACE AMOUNT.




$$
