000
CDUS41 KILN 222057
CLICMH


CLIMATE REPORT
NATIONAL WEATHER SERVICE WILMINGTON OH
456 PM EDT THU JUN 22 2017


...................................

...THE COLUMBUS OH CLIMATE SUMMARY FOR JUNE 22 2017...
VALID TODAY AS OF 0400 PM LOCAL TIME.

CLIMATE NORMAL PERIOD 1981 TO 2010
CLIMATE RECORD PERIOD 1869 TO 2017


WEATHER ITEM   OBSERVED TIME   RECORD YEAR NORMAL DEPARTURE LAST
                VALUE   (LST)  VALUE       VALUE  FROM      YEAR
                                                  NORMAL
..................................................................
TEMPERATURE (F)
 TODAY
  MAXIMUM         85    119 PM  97    1988  83      2       78
                                      1888
  MINIMUM         73    554 AM  41    1992  63     10       60
  AVERAGE         79                        73      6       69

PRECIPITATION (IN)
  TODAY            0.00          1.55 1942   0.13  -0.13     0.02
  MONTH TO DATE    1.94                      2.99  -1.05     1.07
  SINCE JUN 1      1.94                      2.99  -1.05     1.07
  SINCE JAN 1     20.62                     18.56   2.06    14.80

SNOWFALL (IN)
  TODAY            0.0           0.0         0.0    0.0      0.0
  MONTH TO DATE    0.0                       0.0    0.0      0.0
  SINCE JUN 1      0.0                       0.0    0.0      0.0
  SINCE JUL 1      9.3                      26.7  -17.4     17.1
  SNOW DEPTH       0

DEGREE DAYS
 HEATING
  TODAY            0                         0      0        0
  MONTH TO DATE    6                        18    -12        4
  SINCE JUN 1      6                        18    -12        4
  SINCE JUL 1   4277                      5245   -968     4551

 COOLING
  TODAY           14                         9      5        4
  MONTH TO DATE  191                       141     50      190
  SINCE JUN 1    191                       141     50      190
  SINCE JAN 1    316                       223     93      255
..................................................................


WIND (MPH)
  HIGHEST WIND SPEED    18   HIGHEST WIND DIRECTION    SW (210)
  HIGHEST GUST SPEED    23   HIGHEST GUST DIRECTION    SW (240)
  AVERAGE WIND SPEED     8.2


SKY COVER
  POSSIBLE SUNSHINE  MM
  AVERAGE SKY COVER 0.8


WEATHER CONDITIONS
 THE FOLLOWING WEATHER WAS RECORDED TODAY.
  NO SIGNIFICANT WEATHER WAS OBSERVED.


RELATIVE HUMIDITY (PERCENT)
 HIGHEST    87           300 AM
 LOWEST     61          1100 AM
 AVERAGE    74

..........................................................


THE COLUMBUS OH CLIMATE NORMALS FOR TOMORROW
                         NORMAL    RECORD    YEAR
 MAXIMUM TEMPERATURE (F)   84        96      1948
 MINIMUM TEMPERATURE (F)   64        44      1918


SUNRISE AND SUNSET
JUNE 22 2017..........SUNRISE   603 AM EDT   SUNSET   904 PM EDT
JUNE 23 2017..........SUNRISE   603 AM EDT   SUNSET   904 PM EDT


-  INDICATES NEGATIVE NUMBERS.
R  INDICATES RECORD WAS SET OR TIED.
MM INDICATES DATA IS MISSING.
T  INDICATES TRACE AMOUNT.




$$
