989
CDUS41 KILN 210644
CLICMH


CLIMATE REPORT
NATIONAL WEATHER SERVICE WILMINGTON OH
143 AM EST SAT JAN 21 2017


...................................

...THE COLUMBUS OH CLIMATE SUMMARY FOR JANUARY 20 2017...

CLIMATE NORMAL PERIOD 1981 TO 2010
CLIMATE RECORD PERIOD 1869 TO 2017


WEATHER ITEM   OBSERVED TIME   RECORD YEAR NORMAL DEPARTURE LAST
                VALUE   (LST)  VALUE       VALUE  FROM      YEAR
                                                  NORMAL
..................................................................
TEMPERATURE (F)
 YESTERDAY
  MAXIMUM         61    330 PM  68    1906  36     25       19
  MINIMUM         41    214 AM -19    1985  22     19       10
  AVERAGE         51                        29     22       15

PRECIPITATION (IN)
  YESTERDAY        0.63          1.74 1900   0.08   0.55     0.05
  MONTH TO DATE    2.46                      1.81   0.65     1.06
  SINCE DEC 1      5.55                      4.78   0.77     5.94
  SINCE JAN 1      2.46                      1.81   0.65     1.06

SNOWFALL (IN)
  YESTERDAY        0.0           6.8  1978   0.3   -0.3      1.1
  MONTH TO DATE    0.9                       6.0   -5.1      5.0
  SINCE DEC 1      6.3                      11.0   -4.7      5.0
  SINCE JUL 1      6.3                      12.1   -5.8      5.0
  SNOW DEPTH       0

DEGREE DAYS
 HEATING
  YESTERDAY       14                        36    -22       50
  MONTH TO DATE  575                       713   -138      764
  SINCE DEC 1   1576                      1690   -114     1388
  SINCE JUL 1   2342                      2704   -362     2193

 COOLING
  YESTERDAY        0                         0      0        0
  MONTH TO DATE    0                         0      0        0
  SINCE DEC 1      0                         0      0        0
  SINCE JAN 1      0                         0      0        0
..................................................................


WIND (MPH)
  RESULTANT WIND SPEED   6   RESULTANT WIND DIRECTION   S (170)
  HIGHEST WIND SPEED    21   HIGHEST WIND DIRECTION    SW (220)
  HIGHEST GUST SPEED    27   HIGHEST GUST DIRECTION    SW (220)
  AVERAGE WIND SPEED     9.5


SKY COVER
  POSSIBLE SUNSHINE  MM
  AVERAGE SKY COVER 0.9


WEATHER CONDITIONS
 THE FOLLOWING WEATHER WAS RECORDED YESTERDAY.
  HEAVY RAIN
  RAIN
  LIGHT RAIN
  FOG


RELATIVE HUMIDITY (PERCENT)
 HIGHEST    92           700 AM
 LOWEST     64           300 PM
 AVERAGE    78

..........................................................


THE COLUMBUS OH CLIMATE NORMALS FOR TODAY
                         NORMAL    RECORD    YEAR
 MAXIMUM TEMPERATURE (F)   36        72      1906
 MINIMUM TEMPERATURE (F)   22       -16      1985
                                             1984


SUNRISE AND SUNSET
JANUARY 21 2017.......SUNRISE   748 AM EST   SUNSET   538 PM EST
JANUARY 22 2017.......SUNRISE   748 AM EST   SUNSET   539 PM EST


-  INDICATES NEGATIVE NUMBERS.
R  INDICATES RECORD WAS SET OR TIED.
MM INDICATES DATA IS MISSING.
T  INDICATES TRACE AMOUNT.




$$
