491
CDUS41 KILN 200553
CLICMH


CLIMATE REPORT
NATIONAL WEATHER SERVICE WILMINGTON OH
147 AM EDT FRI OCT 20 2017


...................................

...THE COLUMBUS OH CLIMATE SUMMARY FOR OCTOBER 19 2017...

CLIMATE NORMAL PERIOD 1981 TO 2010
CLIMATE RECORD PERIOD 1869 TO 2017


WEATHER ITEM   OBSERVED TIME   RECORD YEAR NORMAL DEPARTURE LAST
                VALUE   (LST)  VALUE       VALUE  FROM      YEAR
                                                  NORMAL
..................................................................
TEMPERATURE (F)
 YESTERDAY
  MAXIMUM         74    402 PM  85    1953  64     10       78
  MINIMUM         45    211 AM  25    1896  44      1       61
  AVERAGE         60                        54      6       70

PRECIPITATION (IN)
  YESTERDAY        0.00          1.83 2011   0.08  -0.08     0.74
  MONTH TO DATE    2.82                      1.61   1.21     0.76
  SINCE SEP 1      5.40                      4.45   0.95     5.44
  SINCE JAN 1     39.43                     32.14   7.29    32.70

SNOWFALL (IN)
  YESTERDAY        0.0           0.4  1989   0.0    0.0      0.0
  MONTH TO DATE    0.0                       0.0    0.0      0.0
  SINCE SEP 1      0.0                       0.0    0.0      0.0
  SINCE JUL 1      0.0                       0.0    0.0      0.0
  SNOW DEPTH       0

DEGREE DAYS
 HEATING
  YESTERDAY        5                        11     -6        0
  MONTH TO DATE   50                       165   -115       71
  SINCE SEP 1    101                       234   -133       89
  SINCE JUL 1    101                       234   -133       89

 COOLING
  YESTERDAY        0                         0      0        5
  MONTH TO DATE   41                        13     28       43
  SINCE SEP 1    184                       135     49      231
  SINCE JAN 1   1093                      1024     69     1324
..................................................................


WIND (MPH)
  RESULTANT WIND SPEED   6   RESULTANT WIND DIRECTION  SW (210)
  HIGHEST WIND SPEED    17   HIGHEST WIND DIRECTION    SW (220)
  HIGHEST GUST SPEED    21   HIGHEST GUST DIRECTION    SW (220)
  AVERAGE WIND SPEED     6.0


SKY COVER
  POSSIBLE SUNSHINE  MM
  AVERAGE SKY COVER 0.2


WEATHER CONDITIONS
 THE FOLLOWING WEATHER WAS RECORDED YESTERDAY.
  NO SIGNIFICANT WEATHER WAS OBSERVED.


RELATIVE HUMIDITY (PERCENT)
 HIGHEST    93           200 AM
 LOWEST     41           300 PM
 AVERAGE    67

..........................................................


THE COLUMBUS OH CLIMATE NORMALS FOR TODAY
                         NORMAL    RECORD    YEAR
 MAXIMUM TEMPERATURE (F)   64        84      1953
 MINIMUM TEMPERATURE (F)   44        24      1972
                                             1952


SUNRISE AND SUNSET
OCTOBER 20 2017.......SUNRISE   748 AM EDT   SUNSET   644 PM EDT
OCTOBER 21 2017.......SUNRISE   749 AM EDT   SUNSET   643 PM EDT


-  INDICATES NEGATIVE NUMBERS.
R  INDICATES RECORD WAS SET OR TIED.
MM INDICATES DATA IS MISSING.
T  INDICATES TRACE AMOUNT.




$$
