000
CDUS41 KILN 230548
CLICMH


CLIMATE REPORT
NATIONAL WEATHER SERVICE WILMINGTON OH
146 AM EDT TUE SEP 23 2014


...................................

...THE COLUMBUS OH CLIMATE SUMMARY FOR SEPTEMBER 22 2014...

CLIMATE NORMAL PERIOD 1981 TO 2010
CLIMATE RECORD PERIOD 1869 TO 2014


WEATHER ITEM   OBSERVED TIME   RECORD YEAR NORMAL DEPARTURE LAST
                VALUE   (LST)  VALUE       VALUE  FROM      YEAR
                                                  NORMAL
..................................................................
TEMPERATURE (F)
 YESTERDAY
  MAXIMUM         66    414 PM  95    1895  75     -9       66
  MINIMUM         49   1159 PM  37    1995  54     -5       50
                                      1974
  AVERAGE         58                        64     -6       58

PRECIPITATION (IN)
  YESTERDAY        0.00          1.74 2003   0.09  -0.09     0.00
  MONTH TO DATE    0.61                      2.12  -1.51     2.51
  SINCE SEP 1      0.61                      2.12  -1.51     2.51
  SINCE JAN 1     31.12                     29.81   1.31    29.15

SNOWFALL (IN)
  YESTERDAY        0.0          MM      MM   0.0    0.0      0.0
  MONTH TO DATE    0.0                       0.0    0.0      0.0
  SINCE SEP 1      0.0                       0.0    0.0      0.0
  SINCE JUL 1      0.0                       0.0    0.0      0.0
  SNOW DEPTH       0

DEGREE DAYS
 HEATING
  YESTERDAY        7                         3      4        7
  MONTH TO DATE   36                        32      4       29
  SINCE SEP 1     36                        32      4       29
  SINCE JUL 1     36                        32      4       33

 COOLING
  YESTERDAY        0                         3     -3        0
  MONTH TO DATE  119                       106     13      126
  SINCE SEP 1    119                       106     13      126
  SINCE JAN 1   1141                       995    146     1127
..................................................................


WIND (MPH)
  RESULTANT WIND SPEED   6   RESULTANT WIND DIRECTION   N (350)
  HIGHEST WIND SPEED    18   HIGHEST WIND DIRECTION     N (350)
  HIGHEST GUST SPEED    23   HIGHEST GUST DIRECTION     N (360)
  AVERAGE WIND SPEED     5.8


SKY COVER
  POSSIBLE SUNSHINE  MM
  AVERAGE SKY COVER 0.5


WEATHER CONDITIONS
 THE FOLLOWING WEATHER WAS RECORDED YESTERDAY.
  NO SIGNIFICANT WEATHER WAS OBSERVED.


RELATIVE HUMIDITY (PERCENT)
 HIGHEST    72           300 AM
 LOWEST     34           300 PM
 AVERAGE    53

..........................................................


THE COLUMBUS OH CLIMATE NORMALS FOR TODAY
                         NORMAL    RECORD    YEAR
 MAXIMUM TEMPERATURE (F)   74        93      2010
 MINIMUM TEMPERATURE (F)   54        33      1995


SUNRISE AND SUNSET
SEPTEMBER 23 2014.....SUNRISE   720 AM EDT   SUNSET   727 PM EDT
SEPTEMBER 24 2014.....SUNRISE   721 AM EDT   SUNSET   725 PM EDT


-  INDICATES NEGATIVE NUMBERS.
R  INDICATES RECORD WAS SET OR TIED.
MM INDICATES DATA IS MISSING.
T  INDICATES TRACE AMOUNT.




$$
