938
CDUS41 KILN 110540
CLICMH


CLIMATE REPORT
NATIONAL WEATHER SERVICE WILMINGTON OH
1239 AM EST THU FEB 11 2016


...................................

...THE COLUMBUS OH CLIMATE SUMMARY FOR FEBRUARY 10 2016...

CLIMATE NORMAL PERIOD 1981 TO 2010
CLIMATE RECORD PERIOD 1869 TO 2016


WEATHER ITEM   OBSERVED TIME   RECORD YEAR NORMAL DEPARTURE LAST
                VALUE   (LST)  VALUE       VALUE  FROM      YEAR
                                                  NORMAL
..................................................................
TEMPERATURE (F)
 YESTERDAY
  MAXIMUM         21   1233 AM  69    1932  39    -18       32
  MINIMUM         12   1159 PM -20    1899  24    -12       20
  AVERAGE         17                        32    -15       26

PRECIPITATION (IN)
  YESTERDAY        0.04          1.33 1959   0.08  -0.04     0.00
  MONTH TO DATE    1.28                      0.83   0.45     0.83
  SINCE DEC 1      7.28                      6.53   0.75     6.40
  SINCE JAN 1      2.40                      3.56  -1.16     3.70

SNOWFALL (IN)
  YESTERDAY        1.0           4.2  1923   0.2    0.8      0.0
  MONTH TO DATE    3.7                       2.3    1.4      3.0
  SINCE DEC 1      9.1                      16.5   -7.4     11.4
  SINCE JUL 1      9.1                      17.6   -8.5     15.5
  SNOW DEPTH       2

DEGREE DAYS
 HEATING
  YESTERDAY       48                        33     15       39
  MONTH TO DATE  304                       342    -38      346
  SINCE DEC 1   2054                      2420   -366     2442
  SINCE JUL 1   2859                      3434   -575     3627

 COOLING
  YESTERDAY        0                         0      0        0
  MONTH TO DATE    0                         0      0        0
  SINCE DEC 1      0                         0      0        0
  SINCE JAN 1      0                         0      0        0
..................................................................


WIND (MPH)
  RESULTANT WIND SPEED  13   RESULTANT WIND DIRECTION   W (260)
  HIGHEST WIND SPEED    21   HIGHEST WIND DIRECTION     W (270)
  HIGHEST GUST SPEED    25   HIGHEST GUST DIRECTION     W (280)
  AVERAGE WIND SPEED    13.6


SKY COVER
  POSSIBLE SUNSHINE  MM
  AVERAGE SKY COVER 0.9


WEATHER CONDITIONS
 THE FOLLOWING WEATHER WAS RECORDED YESTERDAY.
  LIGHT SNOW
  HAZE


RELATIVE HUMIDITY (PERCENT)
 HIGHEST    80           900 AM
 LOWEST     61           600 PM
 AVERAGE    71

..........................................................


THE COLUMBUS OH CLIMATE NORMALS FOR TODAY
                         NORMAL    RECORD    YEAR
 MAXIMUM TEMPERATURE (F)   39        74      1999
 MINIMUM TEMPERATURE (F)   24       -11      1885


SUNRISE AND SUNSET
FEBRUARY 11 2016......SUNRISE   730 AM EST   SUNSET   602 PM EST
FEBRUARY 12 2016......SUNRISE   729 AM EST   SUNSET   603 PM EST


-  INDICATES NEGATIVE NUMBERS.
R  INDICATES RECORD WAS SET OR TIED.
MM INDICATES DATA IS MISSING.
T  INDICATES TRACE AMOUNT.




$$
