000
CDUS41 KILN 242150
CLICMH


CLIMATE REPORT
NATIONAL WEATHER SERVICE WILMINGTON OH
450 PM EST MON NOV 24 2014


...................................

...THE COLUMBUS OH CLIMATE SUMMARY FOR NOVEMBER 24 2014...
VALID TODAY AS OF 0400 PM LOCAL TIME.

CLIMATE NORMAL PERIOD 1981 TO 2010
CLIMATE RECORD PERIOD 1869 TO 2014


WEATHER ITEM   OBSERVED TIME   RECORD YEAR NORMAL DEPARTURE LAST
                VALUE   (LST)  VALUE       VALUE  FROM      YEAR
                                                  NORMAL
..................................................................
TEMPERATURE (F)
 TODAY
  MAXIMUM         64   1123 AM  68    1931  49     15       28
  MINIMUM         46    436 PM   8    1950  33     13       17
  AVERAGE         55                        41     14       23

PRECIPITATION (IN)
  TODAY            0.05          0.95 1900   0.11  -0.06     0.00
  MONTH TO DATE    1.44                      2.57  -1.13     1.83
  SINCE SEP 1      4.86                      8.02  -3.16    10.26
  SINCE JAN 1     35.37                     35.71  -0.34    36.90

SNOWFALL (IN)
  TODAY            0.0           1.4  1971   0.1   -0.1      0.0
  MONTH TO DATE    4.0                       0.6    3.4      1.2
  SINCE SEP 1      4.0                       0.8    3.2      1.2
  SINCE JUL 1      4.0                       0.8    3.2      1.2
  SNOW DEPTH       0

DEGREE DAYS
 HEATING
  TODAY           10                        24    -14       42
  MONTH TO DATE  642                       468    174      500
  SINCE SEP 1   1018                       862    156      849
  SINCE JUL 1   1018                       862    156      853

 COOLING
  TODAY            0                         0      0        0
  MONTH TO DATE    0                         0      0        0
  SINCE SEP 1    141                       135      6      178
  SINCE JAN 1   1163                      1024    139     1179
..................................................................


WIND (MPH)
  HIGHEST WIND SPEED    43   HIGHEST WIND DIRECTION    SW (240)
  HIGHEST GUST SPEED    55   HIGHEST GUST DIRECTION    SW (240)
  AVERAGE WIND SPEED    19.9


SKY COVER
  POSSIBLE SUNSHINE  MM
  AVERAGE SKY COVER 0.9


WEATHER CONDITIONS
 THE FOLLOWING WEATHER WAS RECORDED TODAY.
  LIGHT RAIN
  FOG
  HAZE


RELATIVE HUMIDITY (PERCENT)
 HIGHEST    86           500 AM
 LOWEST     56          1100 AM
 AVERAGE    71

..........................................................


THE COLUMBUS OH CLIMATE NORMALS FOR TOMORROW
                         NORMAL    RECORD    YEAR
 MAXIMUM TEMPERATURE (F)   48        68      1908
 MINIMUM TEMPERATURE (F)   33         5      1950


SUNRISE AND SUNSET
NOVEMBER 24 2014......SUNRISE   727 AM EST   SUNSET   509 PM EST
NOVEMBER 25 2014......SUNRISE   728 AM EST   SUNSET   509 PM EST


-  INDICATES NEGATIVE NUMBERS.
R  INDICATES RECORD WAS SET OR TIED.
MM INDICATES DATA IS MISSING.
T  INDICATES TRACE AMOUNT.




$$
