000
CDUS41 KILN 240538
CLICMH


CLIMATE REPORT
NATIONAL WEATHER SERVICE WILMINGTON OH
138 AM EDT SUN MAY 24 2015


...................................

...THE COLUMBUS OH CLIMATE SUMMARY FOR MAY 23 2015...

CLIMATE NORMAL PERIOD 1981 TO 2010
CLIMATE RECORD PERIOD 1869 TO 2015


WEATHER ITEM   OBSERVED TIME   RECORD YEAR NORMAL DEPARTURE LAST
                VALUE   (LST)  VALUE       VALUE  FROM      YEAR
                                                  NORMAL
..................................................................
TEMPERATURE (F)
 YESTERDAY
  MAXIMUM         77    523 PM  90    1939  75      2       72
  MINIMUM         44    459 AM  34    1963  54    -10       55
  AVERAGE         61                        65     -4       64

PRECIPITATION (IN)
  YESTERDAY        0.00          1.92 1968   0.14  -0.14     0.00
  MONTH TO DATE    2.71                      3.01  -0.30     4.00
  SINCE MAR 1     10.72                      9.43   1.29    12.06
  SINCE JAN 1     15.29                     14.41   0.88    16.85

SNOWFALL (IN)
  YESTERDAY        0.0          MM      MM   0.0    0.0      0.0
  MONTH TO DATE    0.0                       0.0    0.0      0.0
  SINCE MAR 1      5.4                       5.3    0.1      5.4
  SINCE JUL 1     33.4                      26.7    6.7     56.4
  SNOW DEPTH       0

DEGREE DAYS
 HEATING
  YESTERDAY        4                         3      1        1
  MONTH TO DATE   85                       124    -39      111
  SINCE MAR 1   1264                      1211     53     1248
  SINCE JUL 1   5818                      5206    612     5632

 COOLING
  YESTERDAY        0                         3     -3        0
  MONTH TO DATE   91                        41     50       80
  SINCE MAR 1     91                        53     38       88
  SINCE JAN 1     91                        53     38       88
..................................................................


WIND (MPH)
  RESULTANT WIND SPEED   3   RESULTANT WIND DIRECTION  SE (140)
  HIGHEST WIND SPEED    12   HIGHEST WIND DIRECTION    SE (140)
  HIGHEST GUST SPEED    15   HIGHEST GUST DIRECTION    SE (140)
  AVERAGE WIND SPEED     3.5


SKY COVER
  POSSIBLE SUNSHINE  MM
  AVERAGE SKY COVER 0.3


WEATHER CONDITIONS
 THE FOLLOWING WEATHER WAS RECORDED YESTERDAY.
  NO SIGNIFICANT WEATHER WAS OBSERVED.


RELATIVE HUMIDITY (PERCENT)
 HIGHEST    76           600 AM
 LOWEST     27           200 PM
 AVERAGE    52

..........................................................


THE COLUMBUS OH CLIMATE NORMALS FOR TODAY
                         NORMAL    RECORD    YEAR
 MAXIMUM TEMPERATURE (F)   75        90      1975
                                             1880
 MINIMUM TEMPERATURE (F)   55        36      1956
                                             1925


SUNRISE AND SUNSET
MAY 24 2015...........SUNRISE   609 AM EDT   SUNSET   848 PM EDT
MAY 25 2015...........SUNRISE   609 AM EDT   SUNSET   849 PM EDT


-  INDICATES NEGATIVE NUMBERS.
R  INDICATES RECORD WAS SET OR TIED.
MM INDICATES DATA IS MISSING.
T  INDICATES TRACE AMOUNT.




$$
