000
CDUS41 KILN 291155
CLICMH


CLIMATE REPORT
NATIONAL WEATHER SERVICE WILMINGTON OH
754 AM EDT FRI JUL 29 2016


...................................

...THE COLUMBUS OH CLIMATE SUMMARY FOR JULY 28 2016...

CLIMATE NORMAL PERIOD 1981 TO 2010
CLIMATE RECORD PERIOD 1869 TO 2016


WEATHER ITEM   OBSERVED TIME   RECORD YEAR NORMAL DEPARTURE LAST
                VALUE   (LST)  VALUE       VALUE  FROM      YEAR
                                                  NORMAL
..................................................................
TEMPERATURE (F)
 YESTERDAY
  MAXIMUM         81    421 PM 100    1952  85     -4       91
  MINIMUM         71   1151 PM  50    1962  65      6       70
  AVERAGE         76                        75      1       81

PRECIPITATION (IN)
  YESTERDAY        0.13          1.72 1896   0.14  -0.01     0.00
  MONTH TO DATE    2.46                      4.39  -1.93     5.33
  SINCE JUN 1      7.68                      8.40  -0.72    12.05
  SINCE JAN 1     21.41                     23.97  -2.56    28.19

SNOWFALL (IN)
  YESTERDAY        0.0           0.0    MM   0.0    0.0      0.0
  MONTH TO DATE    0.0                       0.0    0.0      0.0
  SINCE JUN 1      0.0                       0.0    0.0      0.0
  SINCE JUL 1      0.0                       0.0    0.0      0.0
  SNOW DEPTH       0

DEGREE DAYS
 HEATING
  YESTERDAY        0                         0      0        0
  MONTH TO DATE    0                         0      0        0
  SINCE JUN 1      4                        19    -15       20
  SINCE JUL 1      0                         0      0        0

 COOLING
  YESTERDAY       11                        10      1       16
  MONTH TO DATE  332                       280     52      222
  SINCE JUN 1    591                       496     95      442
  SINCE JAN 1    656                       578     78      595
..................................................................


WIND (MPH)
  RESULTANT WIND SPEED   3   RESULTANT WIND DIRECTION   S (170)
  HIGHEST WIND SPEED    16   HIGHEST WIND DIRECTION     W (290)
  HIGHEST GUST SPEED    18   HIGHEST GUST DIRECTION     W (280)
  AVERAGE WIND SPEED     3.9


SKY COVER
  POSSIBLE SUNSHINE  MM
  AVERAGE SKY COVER 0.9


WEATHER CONDITIONS
 THE FOLLOWING WEATHER WAS RECORDED YESTERDAY.
  THUNDERSTORM
  RAIN
  LIGHT RAIN
  FOG
  FOG W/VISIBILITY <= 1/4 MILE


RELATIVE HUMIDITY (PERCENT)
 HIGHEST   100           900 PM
 LOWEST     64           200 AM
 AVERAGE    82

..........................................................


THE COLUMBUS OH CLIMATE NORMALS FOR TODAY
                         NORMAL    RECORD    YEAR
 MAXIMUM TEMPERATURE (F)   85        98      1940
 MINIMUM TEMPERATURE (F)   65        51      1968


SUNRISE AND SUNSET
JULY 29 2016..........SUNRISE   628 AM EDT   SUNSET   848 PM EDT
JULY 30 2016..........SUNRISE   629 AM EDT   SUNSET   847 PM EDT


-  INDICATES NEGATIVE NUMBERS.
R  INDICATES RECORD WAS SET OR TIED.
MM INDICATES DATA IS MISSING.
T  INDICATES TRACE AMOUNT.




$$
