000
CDUS43 KILX 190644
CLICMI


CLIMATE REPORT
NATIONAL WEATHER SERVICE LINCOLN IL
1233 AM CST FRI DEC 19 2014


...................................

...THE CHAMPAIGN IL AIRPORT CLIMATE SUMMARY FOR DECEMBER 18 2014...

CLIMATE NORMAL PERIOD 1981 TO 2010
CLIMATE RECORD PERIOD 9999 TO 9999


WEATHER ITEM   OBSERVED TIME   RECORD YEAR NORMAL DEPARTURE LAST
                VALUE   (LST)  VALUE       VALUE  FROM      YEAR
                                                  NORMAL
..................................................................
TEMPERATURE (F)
 YESTERDAY
  MAXIMUM         28    727 PM  MM      MM  35     -7       37
  MINIMUM         20   1159 PM  MM      MM  21     -1        4
  AVERAGE         24                        28     -4       21

PRECIPITATION (IN)
  YESTERDAY        T            MM      MM   0.07  -0.07     0.00
  MONTH TO DATE    0.68                      1.37  -0.69     0.74
  SINCE DEC 1      0.68                      1.37  -0.69     0.74
  SINCE JAN 1     38.07                     38.57  -0.50    30.63

DEGREE DAYS
 HEATING
  YESTERDAY       41                        37      4       44
  MONTH TO DATE  571                       618    -47      712
  SINCE DEC 1    571                       618    -47      712
  SINCE JUL 1   1921                      1782    139     1906

 COOLING
  YESTERDAY        0                         0      0        0
  MONTH TO DATE    0                         0      0        0
  SINCE DEC 1      0                         0      0        0
  SINCE JAN 1    948                       945      3     1067
..................................................................


WIND (MPH)
  HIGHEST WIND SPEED     7   HIGHEST WIND DIRECTION     W (270)
  HIGHEST GUST SPEED     7   HIGHEST GUST DIRECTION    NW (300)
  AVERAGE WIND SPEED     3.5


SKY COVER
  POSSIBLE SUNSHINE  MM
  AVERAGE SKY COVER 0.9


WEATHER CONDITIONS
 THE FOLLOWING WEATHER WAS RECORDED YESTERDAY.
  LIGHT SNOW
  FOG
  HAZE


RELATIVE HUMIDITY (PERCENT)
 HIGHEST    88           800 AM
 LOWEST     68          1200 AM
 AVERAGE    78

..........................................................


THE CHAMPAIGN IL AIRPORT CLIMATE NORMALS FOR TODAY
                         NORMAL    RECORD    YEAR
 MAXIMUM TEMPERATURE (F)   35        MM        MM
 MINIMUM TEMPERATURE (F)   20        MM        MM


SUNRISE AND SUNSET
DECEMBER 19 2014......SUNRISE   710 AM CST   SUNSET   430 PM CST
DECEMBER 20 2014......SUNRISE   711 AM CST   SUNSET   431 PM CST


-  INDICATES NEGATIVE NUMBERS.
R  INDICATES RECORD WAS SET OR TIED.
MM INDICATES DATA IS MISSING.
T  INDICATES TRACE AMOUNT.




$$
