762
CDUS43 KILX 060634
CLICMI


CLIMATE REPORT
NATIONAL WEATHER SERVICE LINCOLN IL
134 AM CDT FRI MAY 6 2016


...................................

...THE CHAMPAIGN IL AIRPORT CLIMATE SUMMARY FOR MAY 5 2016...

CLIMATE NORMAL PERIOD 1981 TO 2010
CLIMATE RECORD PERIOD 9999 TO 9999


WEATHER ITEM   OBSERVED TIME   RECORD YEAR NORMAL DEPARTURE LAST
                VALUE   (LST)  VALUE       VALUE  FROM      YEAR
                                                  NORMAL
..................................................................
TEMPERATURE (F)
 YESTERDAY
  MAXIMUM         67    431 PM  MM      MM  71     -4       88
  MINIMUM         40    256 AM  MM      MM  47     -7       61
  AVERAGE         54                        59     -5       75

PRECIPITATION (IN)
  YESTERDAY        0.00         MM      MM   0.16  -0.16     0.00
  MONTH TO DATE    0.17                      0.81  -0.64     0.09
  SINCE MAR 1      6.49                      7.35  -0.86     4.24
  SINCE JAN 1      8.15                     11.42  -3.27     5.91

DEGREE DAYS
 HEATING
  YESTERDAY       11                         7      4        0
  MONTH TO DATE   55                        37     18       13
  SINCE MAR 1    974                      1199   -225     1214
  SINCE JUL 1   4661                      5701  -1040     6090

 COOLING
  YESTERDAY        0                         1     -1       10
  MONTH TO DATE    0                         5     -5       23
  SINCE MAR 1     14                        16     -2       26
  SINCE JAN 1     14                        16     -2       26
..................................................................


WIND (MPH)
  HIGHEST WIND SPEED    23   HIGHEST WIND DIRECTION     N (350)
  HIGHEST GUST SPEED    28   HIGHEST GUST DIRECTION     N (350)
  AVERAGE WIND SPEED    11.6


SKY COVER
  POSSIBLE SUNSHINE  MM
  AVERAGE SKY COVER 0.3


WEATHER CONDITIONS
 THE FOLLOWING WEATHER WAS RECORDED YESTERDAY.
  HAZE


RELATIVE HUMIDITY (PERCENT)
 HIGHEST    85           300 AM
 LOWEST     37           500 PM
 AVERAGE    61

..........................................................


THE CHAMPAIGN IL AIRPORT CLIMATE NORMALS FOR TODAY
                         NORMAL    RECORD    YEAR
 MAXIMUM TEMPERATURE (F)   72        MM        MM
 MINIMUM TEMPERATURE (F)   48        MM        MM


SUNRISE AND SUNSET
MAY  6 2016...........SUNRISE   547 AM CDT   SUNSET   753 PM CDT
MAY  7 2016...........SUNRISE   545 AM CDT   SUNSET   754 PM CDT


-  INDICATES NEGATIVE NUMBERS.
R  INDICATES RECORD WAS SET OR TIED.
MM INDICATES DATA IS MISSING.
T  INDICATES TRACE AMOUNT.




$$
