000
CDUS43 KILX 270637
CLICMI


CLIMATE REPORT
NATIONAL WEATHER SERVICE LINCOLN IL
135 AM CDT FRI MAY 27 2016


...................................

...THE CHAMPAIGN IL AIRPORT CLIMATE SUMMARY FOR MAY 26 2016...

CLIMATE NORMAL PERIOD 1981 TO 2010
CLIMATE RECORD PERIOD 9999 TO 9999


WEATHER ITEM   OBSERVED TIME   RECORD YEAR NORMAL DEPARTURE LAST
                VALUE   (LST)  VALUE       VALUE  FROM      YEAR
                                                  NORMAL
..................................................................
TEMPERATURE (F)
 YESTERDAY
  MAXIMUM         83    132 PM  MM      MM  79      4       80
  MINIMUM         63    803 AM  MM      MM  55      8       66
  AVERAGE         73                        66      7       73

PRECIPITATION (IN)
  YESTERDAY        0.20         MM      MM   0.12   0.08     0.20
  MONTH TO DATE    1.98                      3.85  -1.87     3.00
  SINCE MAR 1      8.30                     10.39  -2.09     7.15
  SINCE JAN 1      9.96                     14.46  -4.50     8.82

DEGREE DAYS
 HEATING
  YESTERDAY        0                         2     -2        0
  MONTH TO DATE  153                       131     22       77
  SINCE MAR 1   1072                      1293   -221     1278
  SINCE JUL 1   4759                      5795  -1036     6154

 COOLING
  YESTERDAY        8                         4      4        8
  MONTH TO DATE   36                        60    -24      127
  SINCE MAR 1     50                        71    -21      130
  SINCE JAN 1     50                        71    -21      130
..................................................................


WIND (MPH)
  HIGHEST WIND SPEED    37   HIGHEST WIND DIRECTION     W (250)
  HIGHEST GUST SPEED    46   HIGHEST GUST DIRECTION     W (250)
  AVERAGE WIND SPEED    11.7


SKY COVER
  POSSIBLE SUNSHINE  MM
  AVERAGE SKY COVER 0.4


WEATHER CONDITIONS
 THE FOLLOWING WEATHER WAS RECORDED YESTERDAY.
  THUNDERSTORM
  HEAVY RAIN
  RAIN
  LIGHT RAIN
  FOG


RELATIVE HUMIDITY (PERCENT)
 HIGHEST    93           300 AM
 LOWEST     51           100 PM
 AVERAGE    72

..........................................................


THE CHAMPAIGN IL AIRPORT CLIMATE NORMALS FOR TODAY
                         NORMAL    RECORD    YEAR
 MAXIMUM TEMPERATURE (F)   79        MM        MM
 MINIMUM TEMPERATURE (F)   55        MM        MM


SUNRISE AND SUNSET
MAY 27 2016...........SUNRISE   528 AM CDT   SUNSET   813 PM CDT
MAY 28 2016...........SUNRISE   528 AM CDT   SUNSET   813 PM CDT


-  INDICATES NEGATIVE NUMBERS.
R  INDICATES RECORD WAS SET OR TIED.
MM INDICATES DATA IS MISSING.
T  INDICATES TRACE AMOUNT.




$$
