000
CDUS43 KILX 020652
CLICMI


CLIMATE REPORT
NATIONAL WEATHER SERVICE LINCOLN IL
152 AM CDT WED SEP 2 2015


...................................

...THE CHAMPAIGN IL AIRPORT CLIMATE SUMMARY FOR SEPTEMBER 1 2015...

CLIMATE NORMAL PERIOD 1981 TO 2010
CLIMATE RECORD PERIOD 9999 TO 9999


WEATHER ITEM   OBSERVED TIME   RECORD YEAR NORMAL DEPARTURE LAST
                VALUE   (LST)  VALUE       VALUE  FROM      YEAR
                                                  NORMAL
..................................................................
TEMPERATURE (F)
 YESTERDAY
  MAXIMUM         88    340 PM  MM      MM  82      6       82
  MINIMUM         69    955 AM  MM      MM  59     10       70
  AVERAGE         79                        70      9       76

PRECIPITATION (IN)
  YESTERDAY        1.37         MM      MM   0.15   1.22     0.23
  MONTH TO DATE    1.37                      0.15   1.22     0.23
  SINCE SEP 1      1.37                      0.15   1.22     0.23
  SINCE JAN 1     26.57                     27.43  -0.86    28.80

DEGREE DAYS
 HEATING
  YESTERDAY        0                         0      0        0
  MONTH TO DATE    0                         0      0        0
  SINCE SEP 1      0                         0      0        0
  SINCE JUL 1      6                         9     -3        9

 COOLING
  YESTERDAY       14                         6      8       11
  MONTH TO DATE   14                         6      8       11
  SINCE SEP 1     14                         6      8       11
  SINCE JAN 1    878                       833     45      867
..................................................................


WIND (MPH)
  HIGHEST WIND SPEED    31   HIGHEST WIND DIRECTION     W (250)
  HIGHEST GUST SPEED    44   HIGHEST GUST DIRECTION     W (250)
  AVERAGE WIND SPEED     6.5


SKY COVER
  POSSIBLE SUNSHINE  MM
  AVERAGE SKY COVER 0.3


WEATHER CONDITIONS
 THE FOLLOWING WEATHER WAS RECORDED YESTERDAY.
  THUNDERSTORM
  HEAVY RAIN
  RAIN
  LIGHT RAIN
  FOG
  HAZE


RELATIVE HUMIDITY (PERCENT)
 HIGHEST   100           900 PM
 LOWEST     59           200 PM
 AVERAGE    80

..........................................................


THE CHAMPAIGN IL AIRPORT CLIMATE NORMALS FOR TODAY
                         NORMAL    RECORD    YEAR
 MAXIMUM TEMPERATURE (F)   82        MM        MM
 MINIMUM TEMPERATURE (F)   58        MM        MM


SUNRISE AND SUNSET
SEPTEMBER  2 2015.....SUNRISE   622 AM CDT   SUNSET   723 PM CDT
SEPTEMBER  3 2015.....SUNRISE   622 AM CDT   SUNSET   722 PM CDT


-  INDICATES NEGATIVE NUMBERS.
R  INDICATES RECORD WAS SET OR TIED.
MM INDICATES DATA IS MISSING.
T  INDICATES TRACE AMOUNT.




$$
