382
CDUS43 KILX 082228
CLICMI


CLIMATE REPORT
NATIONAL WEATHER SERVICE LINCOLN IL
428 PM CST THU DEC 8 2016


...................................

...THE CHAMPAIGN IL AIRPORT CLIMATE SUMMARY FOR DECEMBER 8 2016...
VALID TODAY AS OF 0400 PM LOCAL TIME.

CLIMATE NORMAL PERIOD 1981 TO 2010
CLIMATE RECORD PERIOD 9999 TO 9999


WEATHER ITEM   OBSERVED TIME   RECORD YEAR NORMAL DEPARTURE LAST
                VALUE   (LST)  VALUE       VALUE  FROM      YEAR
                                                  NORMAL
..................................................................
TEMPERATURE (F)
 TODAY
  MAXIMUM         24   1241 PM  MM      MM  39    -15       52
  MINIMUM         20    844 AM  MM      MM  23     -3       39
  AVERAGE         22                        31     -9       46

PRECIPITATION (IN)
  TODAY            T            MM      MM   0.08  -0.08     0.00
  MONTH TO DATE    0.40                      0.69  -0.29     0.12
  SINCE DEC 1      0.40                      0.69  -0.29     0.12
  SINCE JAN 1     36.01                     37.89  -1.88    36.72

DEGREE DAYS
 HEATING
  TODAY           43                        34      9       19
  MONTH TO DATE  252                       260     -8      224
  SINCE DEC 1    252                       260     -8      224
  SINCE JUL 1    985                      1424   -439     1091

 COOLING
  TODAY            0                         0      0        0
  MONTH TO DATE    0                         0      0        0
  SINCE DEC 1      0                         0      0        0
  SINCE JAN 1   1284                       945    339     1085
..................................................................


WIND (MPH)
  HIGHEST WIND SPEED    25   HIGHEST WIND DIRECTION     W (280)
  HIGHEST GUST SPEED    31   HIGHEST GUST DIRECTION     W (270)
  AVERAGE WIND SPEED    19.4


SKY COVER
  POSSIBLE SUNSHINE  MM
  AVERAGE SKY COVER 0.6


WEATHER CONDITIONS
 THE FOLLOWING WEATHER WAS RECORDED TODAY.
  LIGHT SNOW


RELATIVE HUMIDITY (PERCENT)
 HIGHEST    73           500 AM
 LOWEST     65           100 PM
 AVERAGE    69

..........................................................


THE CHAMPAIGN IL AIRPORT CLIMATE NORMALS FOR TOMORROW
                         NORMAL    RECORD    YEAR
 MAXIMUM TEMPERATURE (F)   38        MM        MM
 MINIMUM TEMPERATURE (F)   23        MM        MM


SUNRISE AND SUNSET
DECEMBER  8 2016......SUNRISE   703 AM CST   SUNSET   428 PM CST
DECEMBER  9 2016......SUNRISE   704 AM CST   SUNSET   428 PM CST


-  INDICATES NEGATIVE NUMBERS.
R  INDICATES RECORD WAS SET OR TIED.
MM INDICATES DATA IS MISSING.
T  INDICATES TRACE AMOUNT.




$$
