000
CDUS43 KILX 270628
CLICMI


CLIMATE REPORT
NATIONAL WEATHER SERVICE LINCOLN IL
128 AM CDT WED AUG 27 2014


...................................

...THE CHAMPAIGN IL AIRPORT CLIMATE SUMMARY FOR AUGUST 26 2014...

CLIMATE NORMAL PERIOD 1981 TO 2010
CLIMATE RECORD PERIOD 9999 TO 9999


WEATHER ITEM   OBSERVED TIME   RECORD YEAR NORMAL DEPARTURE LAST
                VALUE   (LST)  VALUE       VALUE  FROM      YEAR
                                                  NORMAL
..................................................................
TEMPERATURE (F)
 YESTERDAY
  MAXIMUM         90    357 PM  MM      MM  83      7       89
  MINIMUM         66    544 AM  MM      MM  60      6       63
  AVERAGE         78                        72      6       76

PRECIPITATION (IN)
  YESTERDAY        T            MM      MM   0.15  -0.15     0.00
  MONTH TO DATE    1.60                      2.91  -1.31     0.09
  SINCE JUN 1     13.92                     11.42   2.50     8.37
  SINCE JAN 1     28.46                     26.58   1.88    24.05

DEGREE DAYS
 HEATING
  YESTERDAY        0                         0      0        0
  MONTH TO DATE    2                         0      2        7
  SINCE JUN 1      9                        19    -10       28
  SINCE JUL 1      9                         2      7       15

 COOLING
  YESTERDAY       13                         7      6       11
  MONTH TO DATE  202                       199      3      177
  SINCE JUN 1    642                       704    -62      646
  SINCE JAN 1    794                       796     -2      778
..................................................................


WIND (MPH)
  HIGHEST WIND SPEED    21   HIGHEST WIND DIRECTION     E (100)
  HIGHEST GUST SPEED    26   HIGHEST GUST DIRECTION     W (270)
  AVERAGE WIND SPEED     4.7


SKY COVER
  POSSIBLE SUNSHINE  MM
  AVERAGE SKY COVER 0.1


WEATHER CONDITIONS
 THE FOLLOWING WEATHER WAS RECORDED YESTERDAY.
  THUNDERSTORM
  LIGHT RAIN
  FOG


RELATIVE HUMIDITY (PERCENT)
 HIGHEST   100           600 AM
 LOWEST     68           300 PM
 AVERAGE    84

..........................................................


THE CHAMPAIGN IL AIRPORT CLIMATE NORMALS FOR TODAY
                         NORMAL    RECORD    YEAR
 MAXIMUM TEMPERATURE (F)   83        MM        MM
 MINIMUM TEMPERATURE (F)   60        MM        MM


SUNRISE AND SUNSET
AUGUST 27 2014........SUNRISE   616 AM CDT   SUNSET   732 PM CDT
AUGUST 28 2014........SUNRISE   617 AM CDT   SUNSET   731 PM CDT


-  INDICATES NEGATIVE NUMBERS.
R  INDICATES RECORD WAS SET OR TIED.
MM INDICATES DATA IS MISSING.
T  INDICATES TRACE AMOUNT.




$$
