103
CDUS43 KTOP 130633
CLICNK


CLIMATE REPORT
NATIONAL WEATHER SERVICE TOPEKA KS
1231 AM CST SAT FEB 13 2016


...................................

...THE CONCORDIA KS CLIMATE SUMMARY FOR FEBRUARY 12 2016...

CLIMATE NORMAL PERIOD 1981 TO 2010
CLIMATE RECORD PERIOD 1885 TO 2016


WEATHER ITEM   OBSERVED TIME   RECORD YEAR NORMAL DEPARTURE LAST
                VALUE   (LST)  VALUE       VALUE  FROM      YEAR
                                                  NORMAL
..................................................................
TEMPERATURE (F)
 YESTERDAY
  MAXIMUM         35    235 PM  71    1911  42     -7       29
  MINIMUM         23   1159 PM -25    1899  21      2       11
  AVERAGE         29                        32     -3       20

PRECIPITATION (IN)
  YESTERDAY        0.00          0.50 1894   0.02  -0.02     0.00
  MONTH TO DATE    0.49                      0.31   0.18     0.17
  SINCE DEC 1      4.18                      1.74   2.44     2.08
  SINCE JAN 1      1.54                      0.89   0.65     1.34

SNOWFALL (IN)
  YESTERDAY        0.0           5.9  1978   0.2   -0.2      0.0
  MONTH TO DATE    4.7                       2.6    2.1      0.9
  SINCE JAN 1     12.3                       8.3    4.0      3.2
  SINCE JUL 1     13.6                      14.8   -1.2      9.3
  SNOW DEPTH       0

DEGREE DAYS
 HEATING
  YESTERDAY       36                        33      3       45
  MONTH TO DATE  398                       413    -15      385
  SINCE DEC 1   2362                      2625   -263     2387
  SINCE JUL 1   3130                      3717   -587     3550

 COOLING
  YESTERDAY        0                         0      0        0
  MONTH TO DATE    0                         0      0        0
  SINCE DEC 1      0                         0      0        0
  SINCE JAN 1      0                         0      0        0
..................................................................


WIND (MPH)
  HIGHEST WIND SPEED    18   HIGHEST WIND DIRECTION     N (20)
  HIGHEST GUST SPEED    23   HIGHEST GUST DIRECTION     N (20)
  AVERAGE WIND SPEED    10.9


SKY COVER
  AVERAGE SKY COVER 0.7


WEATHER CONDITIONS
 THE FOLLOWING WEATHER WAS RECORDED YESTERDAY.
  NO SIGNIFICANT WEATHER WAS OBSERVED.


RELATIVE HUMIDITY (PERCENT)
 HIGHEST    92           200 AM
 LOWEST     63           600 PM
 AVERAGE    78

..........................................................


THE CONCORDIA KS CLIMATE NORMALS FOR TODAY
                         NORMAL    RECORD    YEAR
 MAXIMUM TEMPERATURE (F)   43        72      1921
 MINIMUM TEMPERATURE (F)   22       -21      1905


SUNRISE AND SUNSET
FEBRUARY 13 2016......SUNRISE   726 AM CST   SUNSET   604 PM CST
FEBRUARY 14 2016......SUNRISE   725 AM CST   SUNSET   605 PM CST


-  INDICATES NEGATIVE NUMBERS.
R  INDICATES RECORD WAS SET OR TIED.
MM INDICATES DATA IS MISSING.
T  INDICATES TRACE AMOUNT.




$$
