000
CDUS43 KICT 180625
CLICNU


CLIMATE REPORT
NATIONAL WEATHER SERVICE WICHITA KS
1225 AM CST MON DEC 18 2017


...................................

...THE CHANUTE KS CLIMATE SUMMARY FOR DECEMBER 17 2017...

CLIMATE NORMAL PERIOD 1981 TO 2010
CLIMATE RECORD PERIOD 1894 TO 2017


WEATHER ITEM   OBSERVED TIME   RECORD YEAR NORMAL DEPARTURE LAST
                VALUE   (LST)  VALUE       VALUE  FROM      YEAR
                                                  NORMAL
..................................................................
TEMPERATURE (F)
 YESTERDAY
  MAXIMUM         51   1207 AM  73    1939  43      8       47
  MINIMUM         43    823 AM  -6    2016  25     18       24
  AVERAGE         47                        34     13       36

PRECIPITATION (IN)
  YESTERDAY        0.22          0.60 1924   0.06   0.16     0.10
  MONTH TO DATE    0.22                      1.04  -0.82     0.47
  SINCE DEC 1      0.22                      1.04  -0.82     0.47
  SINCE JAN 1     46.27                     41.36   4.91    36.59

DEGREE DAYS
 HEATING
  YESTERDAY       18                        31    -13       29
  MONTH TO DATE  384                       491   -107      526
  SINCE DEC 1    384                       491   -107      526
  SINCE JUL 1   1085                      1343   -258     1004

 COOLING
  YESTERDAY        0                         0      0        0
  MONTH TO DATE    0                         0      0        0
  SINCE DEC 1      0                         0      0        0
  SINCE JAN 1   1619                      1532     87     1846
..................................................................


WIND (MPH)
  HIGHEST WIND SPEED    20   HIGHEST WIND DIRECTION     S (190)
  HIGHEST GUST SPEED    24   HIGHEST GUST DIRECTION     S (200)
  AVERAGE WIND SPEED     8.0


SKY COVER
  POSSIBLE SUNSHINE  MM
  AVERAGE SKY COVER 1.0


WEATHER CONDITIONS
 THE FOLLOWING WEATHER WAS RECORDED YESTERDAY.
  LIGHT RAIN
  FOG


RELATIVE HUMIDITY (PERCENT)
 HIGHEST   100           400 AM
 LOWEST     44          1200 AM
 AVERAGE    72

..........................................................


THE CHANUTE KS CLIMATE NORMALS FOR TODAY
                         NORMAL    RECORD    YEAR
 MAXIMUM TEMPERATURE (F)   43        68      1966
 MINIMUM TEMPERATURE (F)   25        -6      2016


SUNRISE AND SUNSET
DECEMBER 18 2017......SUNRISE   732 AM CST   SUNSET   506 PM CST
DECEMBER 19 2017......SUNRISE   732 AM CST   SUNSET   506 PM CST


-  INDICATES NEGATIVE NUMBERS.
R  INDICATES RECORD WAS SET OR TIED.
MM INDICATES DATA IS MISSING.
T  INDICATES TRACE AMOUNT.




$$
