963
CDUS43 KICT 070629
CLICNU


CLIMATE REPORT
NATIONAL WEATHER SERVICE WICHITA KS
1229 AM CST SUN FEB 7 2016


...................................

...THE CHANUTE KS CLIMATE SUMMARY FOR FEBRUARY 6 2016...

CLIMATE NORMAL PERIOD 1981 TO 2010
CLIMATE RECORD PERIOD 1894 TO 2016


WEATHER ITEM   OBSERVED TIME   RECORD YEAR NORMAL DEPARTURE LAST
                VALUE   (LST)  VALUE       VALUE  FROM      YEAR
                                                  NORMAL
..................................................................
TEMPERATURE (F)
 YESTERDAY
  MAXIMUM         51    429 PM  70    2009  45      6       56
                                      1900
  MINIMUM         25    730 AM  -9    1985  25      0       27
  AVERAGE         38                        35      3       42

PRECIPITATION (IN)
  YESTERDAY        0.00          1.12 1928   0.05  -0.05     0.00
  MONTH TO DATE    0.29                      0.30  -0.01     0.23
  SINCE DEC 1      4.62                      3.31   1.31     3.23
  SINCE JAN 1      1.07                      1.56  -0.49     0.86

DEGREE DAYS
 HEATING
  YESTERDAY       27                        30     -3       23
  MONTH TO DATE  161                       184    -23      212
  SINCE DEC 1   1847                      2131   -284     2004
  SINCE JUL 1   2490                      2983   -493     2946

 COOLING
  YESTERDAY        0                         0      0        0
  MONTH TO DATE    0                         0      0        0
  SINCE DEC 1      0                         0      0        0
  SINCE JAN 1      0                         0      0        0
..................................................................


WIND (MPH)
  HIGHEST WIND SPEED    15   HIGHEST WIND DIRECTION     W (250)
  HIGHEST GUST SPEED    20   HIGHEST GUST DIRECTION     W (270)
  AVERAGE WIND SPEED     8.0


SKY COVER
  POSSIBLE SUNSHINE  MM
  AVERAGE SKY COVER 0.0


WEATHER CONDITIONS
 THE FOLLOWING WEATHER WAS RECORDED YESTERDAY.
  NO SIGNIFICANT WEATHER WAS OBSERVED.


RELATIVE HUMIDITY (PERCENT)
 HIGHEST    85           600 AM
 LOWEST     41           300 PM
 AVERAGE    63

..........................................................


THE CHANUTE KS CLIMATE NORMALS FOR TODAY
                         NORMAL    RECORD    YEAR
 MAXIMUM TEMPERATURE (F)   46        72      2009
                                             1926
 MINIMUM TEMPERATURE (F)   25        -6      1933


SUNRISE AND SUNSET
FEBRUARY  7 2016......SUNRISE   721 AM CST   SUNSET   552 PM CST
FEBRUARY  8 2016......SUNRISE   720 AM CST   SUNSET   553 PM CST


-  INDICATES NEGATIVE NUMBERS.
R  INDICATES RECORD WAS SET OR TIED.
MM INDICATES DATA IS MISSING.
T  INDICATES TRACE AMOUNT.




$$
