000
CDUS43 KICT 300652
CLICNU


CLIMATE REPORT
NATIONAL WEATHER SERVICE WICHITA KS
151 AM CDT SAT APR 30 2016


...................................

...THE CHANUTE KS CLIMATE SUMMARY FOR APRIL 29 2016...

CLIMATE NORMAL PERIOD 1981 TO 2010
CLIMATE RECORD PERIOD 1894 TO 2016


WEATHER ITEM   OBSERVED TIME   RECORD YEAR NORMAL DEPARTURE LAST
                VALUE   (LST)  VALUE       VALUE  FROM      YEAR
                                                  NORMAL
..................................................................
TEMPERATURE (F)
 YESTERDAY
  MAXIMUM         64   1111 PM  92    1910  72     -8       75
  MINIMUM         50    559 AM  36    1969  51     -1       44
  AVERAGE         57                        61     -4       60

PRECIPITATION (IN)
  YESTERDAY        0.65          2.02 1984   0.17   0.48     0.00
  MONTH TO DATE    5.47                      4.22   1.25     4.53
  SINCE MAR 1      6.88                      7.26  -0.38     5.08
  SINCE JAN 1      7.96                     10.42  -2.46     6.39

DEGREE DAYS
 HEATING
  YESTERDAY        8                         5      3        5
  MONTH TO DATE  169                       266    -97      182
  SINCE MAR 1    557                       825   -268      677
  SINCE JUL 1   3522                      4397   -875     4367

 COOLING
  YESTERDAY        0                         1     -1        0
  MONTH TO DATE   24                        25     -1       22
  SINCE MAR 1     24                        29     -5       22
  SINCE JAN 1     24                        29     -5       22
..................................................................


WIND (MPH)
  HIGHEST WIND SPEED    26   HIGHEST WIND DIRECTION     E (80)
  HIGHEST GUST SPEED    38   HIGHEST GUST DIRECTION     E (80)
  AVERAGE WIND SPEED    14.1


SKY COVER
  POSSIBLE SUNSHINE  MM
  AVERAGE SKY COVER 0.5


WEATHER CONDITIONS
 THE FOLLOWING WEATHER WAS RECORDED YESTERDAY.
  THUNDERSTORM
  HEAVY RAIN
  LIGHT RAIN
  FOG


RELATIVE HUMIDITY (PERCENT)
 HIGHEST    86           700 PM
 LOWEST     64          1100 AM
 AVERAGE    75

..........................................................


THE CHANUTE KS CLIMATE NORMALS FOR TODAY
                         NORMAL    RECORD    YEAR
 MAXIMUM TEMPERATURE (F)   72        90      1959
 MINIMUM TEMPERATURE (F)   51        32      2005


SUNRISE AND SUNSET
APRIL 30 2016.........SUNRISE   627 AM CDT   SUNSET   812 PM CDT
MAY  1 2016...........SUNRISE   626 AM CDT   SUNSET   813 PM CDT


-  INDICATES NEGATIVE NUMBERS.
R  INDICATES RECORD WAS SET OR TIED.
MM INDICATES DATA IS MISSING.
T  INDICATES TRACE AMOUNT.




$$
