000
CDUS41 KGYX 190912
CLICON


CLIMATE REPORT
NATIONAL WEATHER SERVICE GRAY ME
412 AM EST SUN NOV 19 2017


...................................

...THE CONCORD NH CLIMATE SUMMARY FOR NOVEMBER 18 2017...

CLIMATE NORMAL PERIOD 1981 TO 2010
CLIMATE RECORD PERIOD 1868 TO 2017


WEATHER ITEM   OBSERVED TIME   RECORD YEAR NORMAL DEPARTURE LAST
                VALUE   (LST)  VALUE       VALUE  FROM      YEAR
                                                  NORMAL
..................................................................
TEMPERATURE (F)
 YESTERDAY
  MAXIMUM         41    343 PM  71    1953  47     -6       65
  MINIMUM         20    711 AM  10    1904  28     -8       29
  AVERAGE         31                        38     -7       47

PRECIPITATION (IN)
  YESTERDAY        0.07          1.16 1968   0.13  -0.06     0.00
  MONTH TO DATE    0.90                      2.27  -1.37     1.02
  SINCE SEP 1     11.87                      9.69   2.18    10.22
  SINCE JAN 1     40.39                     35.96   4.43    28.40

SNOWFALL (IN)
  YESTERDAY        0.0           8.3  1980   0.1   -0.1      0.0
  MONTH TO DATE    0.6                       0.8   -0.2      0.0
  SINCE SEP 1      0.6                       0.8   -0.2      0.0
  SINCE JUL 1      0.6                       0.8   -0.2      0.0
  SNOW DEPTH       0

DEGREE DAYS
 HEATING
  YESTERDAY       34                        27      7       18
  MONTH TO DATE  463                       442     21      364
  SINCE SEP 1    810                      1153   -343      900
  SINCE JUL 1    863                      1201   -338      912

 COOLING
  YESTERDAY        0                         0      0        0
  MONTH TO DATE    0                         0      0        0
  SINCE SEP 1    119                        39     80       91
  SINCE JAN 1    564                       452    112      715
..................................................................


WIND (MPH)
  RESULTANT WIND SPEED   1   RESULTANT WIND DIRECTION  NW (300)
  HIGHEST WIND SPEED     9   HIGHEST WIND DIRECTION    NW (320)
  HIGHEST GUST SPEED    11   HIGHEST GUST DIRECTION    NW (320)
  AVERAGE WIND SPEED     3.4


SKY COVER
  AVERAGE SKY COVER 0.4


WEATHER CONDITIONS
 THE FOLLOWING WEATHER WAS RECORDED YESTERDAY.
  LIGHT RAIN
  FOG


RELATIVE HUMIDITY (PERCENT)
 HIGHEST    92           900 PM
 LOWEST     34           100 PM
 AVERAGE    63

..........................................................


THE CONCORD NH CLIMATE NORMALS FOR TODAY
                         NORMAL    RECORD    YEAR
 MAXIMUM TEMPERATURE (F)   47        72      1941
 MINIMUM TEMPERATURE (F)   28         4      1924


SUNRISE AND SUNSET
NOVEMBER 19 2017......SUNRISE   644 AM EST   SUNSET   418 PM EST
NOVEMBER 20 2017......SUNRISE   645 AM EST   SUNSET   418 PM EST


-  INDICATES NEGATIVE NUMBERS.
R  INDICATES RECORD WAS SET OR TIED.
MM INDICATES DATA IS MISSING.
T  INDICATES TRACE AMOUNT.




$$
