000
CDUS41 KGYX 311505
CLICON


CLIMATE REPORT
NATIONAL WEATHER SERVICE GRAY ME
1005 AM EST SAT JAN 31 2015


...................................

...THE CONCORD NH CLIMATE SUMMARY FOR JANUARY 30 2015...

CLIMATE NORMAL PERIOD 1981 TO 2010
CLIMATE RECORD PERIOD 1868 TO 2015


WEATHER ITEM   OBSERVED TIME   RECORD YEAR NORMAL DEPARTURE LAST
                VALUE   (LST)  VALUE       VALUE  FROM      YEAR
                                                  NORMAL
..................................................................
TEMPERATURE (F)
 YESTERDAY
  MAXIMUM         32    426 PM  56    1877  32      0       28
  MINIMUM         15   1159 PM -26    1873  11      4       -4
                                      1952
  AVERAGE         24                        21      3       12

PRECIPITATION (IN)
  YESTERDAY        0.16          0.88 1990   0.09   0.07     0.00
  MONTH TO DATE    3.27                      2.61   0.66     3.21
  SINCE DEC 1      8.43                      5.81   2.62     6.60
  SINCE JAN 1      3.27                      2.61   0.66     3.21

SNOWFALL (IN)
  YESTERDAY        2.2           7.2  1939   0.5    1.7      0.0
  MONTH TO DATE   25.1                      17.5    7.6     14.4
  SINCE DEC 1     28.8                      32.0   -3.2     34.3
  SINCE JUL 1     41.7                      34.6    7.1     34.5
  SNOW DEPTH      12

DEGREE DAYS
 HEATING
  YESTERDAY       41                        44     -3       53
  MONTH TO DATE 1386                      1334     52     1364
  SINCE DEC 1   2422                      2520    -98     2642
  SINCE JUL 1   3926                      4080   -154     4159

 COOLING
  YESTERDAY        0                         0      0        0
  MONTH TO DATE    0                         0      0        0
  SINCE DEC 1      0                         0      0        0
  SINCE JAN 1      0                         0      0        0
..................................................................


WIND (MPH)
  RESULTANT WIND SPEED   6   RESULTANT WIND DIRECTION  NW (300)
  HIGHEST WIND SPEED    31   HIGHEST WIND DIRECTION    NW (310)
  HIGHEST GUST SPEED    38   HIGHEST GUST DIRECTION    NW (320)
  AVERAGE WIND SPEED     8.1


SKY COVER
  AVERAGE SKY COVER 1.0


WEATHER CONDITIONS
 THE FOLLOWING WEATHER WAS RECORDED YESTERDAY.
  LT FREEZING RAIN
  SNOW
  LIGHT SNOW
  FOG
  HAZE


RELATIVE HUMIDITY (PERCENT)
 HIGHEST    92           500 AM
 LOWEST     56           900 PM
 AVERAGE    74

..........................................................


THE CONCORD NH CLIMATE NORMALS FOR TODAY
                         NORMAL    RECORD    YEAR
 MAXIMUM TEMPERATURE (F)   32        59      1913
 MINIMUM TEMPERATURE (F)   11       -24      1898


SUNRISE AND SUNSET
JANUARY 31 2015.......SUNRISE   703 AM EST   SUNSET   456 PM EST
FEBRUARY  1 2015......SUNRISE   702 AM EST   SUNSET   458 PM EST


-  INDICATES NEGATIVE NUMBERS.
R  INDICATES RECORD WAS SET OR TIED.
MM INDICATES DATA IS MISSING.
T  INDICATES TRACE AMOUNT.




$$
