000
CDUS41 KGYX 270819
CLICON


CLIMATE REPORT
NATIONAL WEATHER SERVICE GRAY ME
419 AM EDT WED MAY 27 2015


...................................

...THE CONCORD NH CLIMATE SUMMARY FOR MAY 26 2015...

CLIMATE NORMAL PERIOD 1981 TO 2010
CLIMATE RECORD PERIOD 1868 TO 2015


WEATHER ITEM   OBSERVED TIME   RECORD YEAR NORMAL DEPARTURE LAST
                VALUE   (LST)  VALUE       VALUE  FROM      YEAR
                                                  NORMAL
..................................................................
TEMPERATURE (F)
 YESTERDAY
  MAXIMUM         91    254 PM  96    2010  72     19       79
  MINIMUM         63    516 AM  28    1956  46     17       48
  AVERAGE         77                        59     18       64

PRECIPITATION (IN)
  YESTERDAY        0.03          1.21 2003   0.13  -0.10     0.02
  MONTH TO DATE    0.10                      3.03  -2.93     3.30
  SINCE MAR 1      3.84                      9.71  -5.87    10.15
  SINCE JAN 1      9.90                     15.03  -5.13    17.47

SNOWFALL (IN)
  YESTERDAY        0.0           T    1967   0.0    0.0      0.0
  MONTH TO DATE    0.0                       0.2   -0.2      0.0
  SINCE MAR 1      7.9                      14.1   -6.2     10.6
  SINCE JUL 1     92.1                      61.6   30.5     80.4
  SNOW DEPTH       0

DEGREE DAYS
 HEATING
  YESTERDAY        0                         7     -7        1
  MONTH TO DATE  151                       272   -121      215
  SINCE MAR 1   1908                      1859     49     2048
  SINCE JUL 1   7362                      7119    243     7517

 COOLING
  YESTERDAY       12                         1     11        0
  MONTH TO DATE   30                         9     21        2
  SINCE MAR 1     30                        11     19        2
  SINCE JAN 1     30                        11     19        2
..................................................................


WIND (MPH)
  RESULTANT WIND SPEED   7   RESULTANT WIND DIRECTION  SW (210)
  HIGHEST WIND SPEED    17   HIGHEST WIND DIRECTION     W (260)
  HIGHEST GUST SPEED    24   HIGHEST GUST DIRECTION     W (250)
  AVERAGE WIND SPEED     8.1


SKY COVER
  AVERAGE SKY COVER 0.3


WEATHER CONDITIONS
 THE FOLLOWING WEATHER WAS RECORDED YESTERDAY.
  LIGHT RAIN


RELATIVE HUMIDITY (PERCENT)
 HIGHEST    93           500 AM
 LOWEST     34           400 PM
 AVERAGE    64

..........................................................


THE CONCORD NH CLIMATE NORMALS FOR TODAY
                         NORMAL    RECORD    YEAR
 MAXIMUM TEMPERATURE (F)   72        93      1944
                                             1914
 MINIMUM TEMPERATURE (F)   46        24      1969


SUNRISE AND SUNSET
MAY 27 2015...........SUNRISE   512 AM EDT   SUNSET   815 PM EDT
MAY 28 2015...........SUNRISE   511 AM EDT   SUNSET   816 PM EDT


-  INDICATES NEGATIVE NUMBERS.
R  INDICATES RECORD WAS SET OR TIED.
MM INDICATES DATA IS MISSING.
T  INDICATES TRACE AMOUNT.




$$
