000
CDUS41 KGYX 210808
CLICON


CLIMATE REPORT
NATIONAL WEATHER SERVICE GRAY ME
408 AM EDT THU SEP 21 2017


...................................

...THE CONCORD NH CLIMATE SUMMARY FOR SEPTEMBER 20 2017...

CLIMATE NORMAL PERIOD 1981 TO 2010
CLIMATE RECORD PERIOD 1868 TO 2017


WEATHER ITEM   OBSERVED TIME   RECORD YEAR NORMAL DEPARTURE LAST
                VALUE   (LST)  VALUE       VALUE  FROM      YEAR
                                                  NORMAL
..................................................................
TEMPERATURE (F)
 YESTERDAY
  MAXIMUM         77    132 PM  92    1983  71      6       86
  MINIMUM         67   1049 PM  28    1993  46     21       62
                                      1979
  AVERAGE         72                        58     14       74

PRECIPITATION (IN)
  YESTERDAY        0.01          2.74 1938   0.13  -0.12     0.00
  MONTH TO DATE    2.98                      2.15   0.83     2.67
  SINCE SEP 1      2.98                      2.15   0.83     2.67
  SINCE JAN 1     31.50                     28.42   3.08    20.85

SNOWFALL (IN)
  YESTERDAY        0.0           0.0  2002   0.0    0.0      0.0
                                      2001
                                      2000
  MONTH TO DATE    0.0                       0.0    0.0      0.0
  SINCE SEP 1      0.0                       0.0    0.0      0.0
  SINCE JUL 1      0.0                       0.0    0.0      0.0
  SNOW DEPTH       0

DEGREE DAYS
 HEATING
  YESTERDAY        0                         7     -7        0
  MONTH TO DATE   57                        91    -34       20
  SINCE SEP 1     57                        91    -34       20
  SINCE JUL 1    110                       139    -29       32

 COOLING
  YESTERDAY        7                         1      6        9
  MONTH TO DATE   52                        33     19       83
  SINCE SEP 1     52                        33     19       83
  SINCE JAN 1    497                       446     51      707
..................................................................


WIND (MPH)
  RESULTANT WIND SPEED   7   RESULTANT WIND DIRECTION   N (10)
  HIGHEST WIND SPEED    16   HIGHEST WIND DIRECTION     N (20)
  HIGHEST GUST SPEED    22   HIGHEST GUST DIRECTION    NE (40)
  AVERAGE WIND SPEED     7.0


SKY COVER
  AVERAGE SKY COVER 0.8


WEATHER CONDITIONS
 THE FOLLOWING WEATHER WAS RECORDED YESTERDAY.
  LIGHT RAIN
  FOG


RELATIVE HUMIDITY (PERCENT)
 HIGHEST    93          1000 PM
 LOWEST     69           300 PM
 AVERAGE    81

..........................................................


THE CONCORD NH CLIMATE NORMALS FOR TODAY
                         NORMAL    RECORD    YEAR
 MAXIMUM TEMPERATURE (F)   71        93      1978
 MINIMUM TEMPERATURE (F)   45        28      1962


SUNRISE AND SUNSET
SEPTEMBER 21 2017.....SUNRISE   632 AM EDT   SUNSET   645 PM EDT
SEPTEMBER 22 2017.....SUNRISE   633 AM EDT   SUNSET   643 PM EDT


-  INDICATES NEGATIVE NUMBERS.
R  INDICATES RECORD WAS SET OR TIED.
MM INDICATES DATA IS MISSING.
T  INDICATES TRACE AMOUNT.




$$
