000
CDUS41 KGYX 190913
CLICON


CLIMATE REPORT
NATIONAL WEATHER SERVICE GRAY ME
413 AM EST THU JAN 19 2017


...................................

...THE CONCORD NH CLIMATE SUMMARY FOR JANUARY 18 2017...

CLIMATE NORMAL PERIOD 1981 TO 2010
CLIMATE RECORD PERIOD 1868 TO 2017


WEATHER ITEM   OBSERVED TIME   RECORD YEAR NORMAL DEPARTURE LAST
                VALUE   (LST)  VALUE       VALUE  FROM      YEAR
                                                  NORMAL
..................................................................
TEMPERATURE (F)
 YESTERDAY
  MAXIMUM         33    521 AM  57    2006  30      3       26
                                      1990
  MINIMUM         28   1159 PM -30    1957  10     18       13
  AVERAGE         31                        20     11       20

PRECIPITATION (IN)
  YESTERDAY        0.16          1.08 1926   0.09   0.07     0.09
  MONTH TO DATE    1.64                      1.56   0.08     1.36
  SINCE DEC 1      4.96                      4.76   0.20     6.14
  SINCE JAN 1      1.64                      1.56   0.08     1.36

SNOWFALL (IN)
  YESTERDAY        1.8          10.3  2009   0.5    1.3      2.2
  MONTH TO DATE    7.5                      10.5   -3.0      7.6
  SINCE DEC 1     30.7                      25.0    5.7     12.0
  SINCE JUL 1     31.4                      27.6    3.8     12.0
  SNOW DEPTH      12

DEGREE DAYS
 HEATING
  YESTERDAY       34                        45    -11       45
  MONTH TO DATE  700                       800   -100      687
  SINCE DEC 1   1851                      1986   -135     1521
  SINCE JUL 1   3103                      3546   -443     2801

 COOLING
  YESTERDAY        0                         0      0        0
  MONTH TO DATE    0                         0      0        0
  SINCE DEC 1      0                         0      0        0
  SINCE JAN 1      0                         0      0        0
..................................................................


WIND (MPH)
  RESULTANT WIND SPEED   5   RESULTANT WIND DIRECTION   N (20)
  HIGHEST WIND SPEED    13   HIGHEST WIND DIRECTION    NE (30)
  HIGHEST GUST SPEED    15   HIGHEST GUST DIRECTION    NE (30)
  AVERAGE WIND SPEED     5.8


SKY COVER
  AVERAGE SKY COVER 1.0


WEATHER CONDITIONS
 THE FOLLOWING WEATHER WAS RECORDED YESTERDAY.
  LIGHT SNOW
  FOG
  HAZE


RELATIVE HUMIDITY (PERCENT)
 HIGHEST    92           600 AM
 LOWEST     78           700 PM
 AVERAGE    85

..........................................................


THE CONCORD NH CLIMATE NORMALS FOR TODAY
                         NORMAL    RECORD    YEAR
 MAXIMUM TEMPERATURE (F)   30        58      1876
 MINIMUM TEMPERATURE (F)   10       -30      1976


SUNRISE AND SUNSET
JANUARY 19 2017.......SUNRISE   713 AM EST   SUNSET   441 PM EST
JANUARY 20 2017.......SUNRISE   712 AM EST   SUNSET   443 PM EST


-  INDICATES NEGATIVE NUMBERS.
R  INDICATES RECORD WAS SET OR TIED.
MM INDICATES DATA IS MISSING.
T  INDICATES TRACE AMOUNT.




$$
