000
CDUS41 KGYX 250806
CLICON


CLIMATE REPORT
NATIONAL WEATHER SERVICE GRAY ME
406 AM EDT TUE JUL 25 2017


...................................

...THE CONCORD NH CLIMATE SUMMARY FOR JULY 24 2017...

CLIMATE NORMAL PERIOD 1981 TO 2010
CLIMATE RECORD PERIOD 1868 TO 2017


WEATHER ITEM   OBSERVED TIME   RECORD YEAR NORMAL DEPARTURE LAST
                VALUE   (LST)  VALUE       VALUE  FROM      YEAR
                                                  NORMAL
..................................................................
TEMPERATURE (F)
 YESTERDAY
  MAXIMUM         61   1129 AM 100    1870  83    -22       89
  MINIMUM         55   1037 PM  42    1985  58     -3       58
  AVERAGE         58                        70    -12       74

PRECIPITATION (IN)
  YESTERDAY        0.49          3.15 1887   0.12   0.37     0.00
  MONTH TO DATE    1.20                      2.87  -1.67     1.71
  SINCE JUN 1      6.35                      6.56  -0.21     3.12
  SINCE JAN 1     25.42                     22.22   3.20    15.82

SNOWFALL (IN)
  YESTERDAY        0.0           0.0  2002   0.0    0.0      0.0
                                      2001
                                      2000
  MONTH TO DATE    0.0                       0.0    0.0      0.0
  SINCE JUN 1      0.0                       0.0    0.0      0.0
  SINCE JUL 1      0.0                       0.0    0.0      0.0
  SNOW DEPTH       0

DEGREE DAYS
 HEATING
  YESTERDAY        7                         0      7        0
  MONTH TO DATE   11                        13     -2       11
  SINCE JUN 1     90                        98     -8       53
  SINCE JUL 1     11                        13     -2       11

 COOLING
  YESTERDAY        0                         6     -6        9
  MONTH TO DATE  164                       134     30      177
  SINCE JUN 1    284                       218     66      259
  SINCE JAN 1    316                       236     80      299
..................................................................


WIND (MPH)
  RESULTANT WIND SPEED   4   RESULTANT WIND DIRECTION  NE (60)
  HIGHEST WIND SPEED    13   HIGHEST WIND DIRECTION    NE (50)
  HIGHEST GUST SPEED    19   HIGHEST GUST DIRECTION    NE (50)
  AVERAGE WIND SPEED     4.5


SKY COVER
  AVERAGE SKY COVER 0.8


WEATHER CONDITIONS
 THE FOLLOWING WEATHER WAS RECORDED YESTERDAY.
  RAIN
  LIGHT RAIN
  FOG


RELATIVE HUMIDITY (PERCENT)
 HIGHEST    93           800 PM
 LOWEST     78          1200 AM
 AVERAGE    86

..........................................................


THE CONCORD NH CLIMATE NORMALS FOR TODAY
                         NORMAL    RECORD    YEAR
 MAXIMUM TEMPERATURE (F)   83        98      1963
 MINIMUM TEMPERATURE (F)   58        44      1976


SUNRISE AND SUNSET
JULY 25 2017..........SUNRISE   529 AM EDT   SUNSET   815 PM EDT
JULY 26 2017..........SUNRISE   530 AM EDT   SUNSET   814 PM EDT


-  INDICATES NEGATIVE NUMBERS.
R  INDICATES RECORD WAS SET OR TIED.
MM INDICATES DATA IS MISSING.
T  INDICATES TRACE AMOUNT.




$$
