683
CDUS41 KGYX 022051
CLICON


CLIMATE REPORT
NATIONAL WEATHER SERVICE GRAY ME
451 PM EDT MON MAY 2 2016


...................................

...THE CONCORD NH CLIMATE SUMMARY FOR MAY 2 2016...
VALID TODAY AS OF 0400 PM LOCAL TIME.

CLIMATE NORMAL PERIOD 1981 TO 2010
CLIMATE RECORD PERIOD 1868 TO 2016


WEATHER ITEM   OBSERVED TIME   RECORD YEAR NORMAL DEPARTURE LAST
                VALUE   (LST)  VALUE       VALUE  FROM      YEAR
                                                  NORMAL
..................................................................
TEMPERATURE (F)
 TODAY
  MAXIMUM         48    259 PM  91    2001  65    -17       73
  MINIMUM         41    340 AM  25    1969  38      3       32
  AVERAGE         45                        51     -6       53

PRECIPITATION (IN)
  TODAY            0.47          1.87 1989   0.12   0.35     0.00
  MONTH TO DATE    0.68                      0.23   0.45     0.00
  SINCE MAR 1      5.00                      6.91  -1.91     3.74
  SINCE JAN 1     10.75                     12.23  -1.48     9.80

SNOWFALL (IN)
  TODAY            0.0           2.6  1917   0.0    0.0      0.0
  MONTH TO DATE    0.0                       0.0    0.0      0.0
  SINCE MAR 1      5.0                      13.9   -8.9      7.9
  SINCE JUL 1     29.7                      61.4  -31.7     92.1
  SNOW DEPTH       0

DEGREE DAYS
 HEATING
  TODAY           20                        14      6       12
  MONTH TO DATE   40                        28     12       28
  SINCE MAR 1   1448                      1615   -167     1785
  SINCE JUL 1   5797                      6875  -1078     7239

 COOLING
  TODAY            0                         0      0        0
  MONTH TO DATE    0                         0      0        0
  SINCE MAR 1      0                         2     -2        0
  SINCE JAN 1      0                         2     -2        0
..................................................................


WIND (MPH)
  HIGHEST WIND SPEED     9   HIGHEST WIND DIRECTION     E (80)
  HIGHEST GUST SPEED    14   HIGHEST GUST DIRECTION     E (90)
  AVERAGE WIND SPEED     4.2


SKY COVER
  POSSIBLE SUNSHINE  MM
  AVERAGE SKY COVER 0.9


WEATHER CONDITIONS
 THE FOLLOWING WEATHER WAS RECORDED TODAY.
  HEAVY RAIN
  RAIN
  LIGHT RAIN
  FOG


RELATIVE HUMIDITY (PERCENT)
 HIGHEST    93           200 AM
 LOWEST     86           100 AM
 AVERAGE    90

..........................................................


THE CONCORD NH CLIMATE NORMALS FOR TOMORROW
                         NORMAL    RECORD    YEAR
 MAXIMUM TEMPERATURE (F)   65        91      2001
 MINIMUM TEMPERATURE (F)   38        21      1966


SUNRISE AND SUNSET
MAY  2 2016...........SUNRISE   537 AM EDT   SUNSET   749 PM EDT
MAY  3 2016...........SUNRISE   536 AM EDT   SUNSET   750 PM EDT


-  INDICATES NEGATIVE NUMBERS.
R  INDICATES RECORD WAS SET OR TIED.
MM INDICATES DATA IS MISSING.
T  INDICATES TRACE AMOUNT.




$$
