921
CDUS41 KGYX 242042
CLICON


CLIMATE REPORT
NATIONAL WEATHER SERVICE GRAY ME
442 PM EDT SUN JUL 24 2016


...................................

...THE CONCORD NH CLIMATE SUMMARY FOR JULY 24 2016...
VALID TODAY AS OF 0400 PM LOCAL TIME.

CLIMATE NORMAL PERIOD 1981 TO 2010
CLIMATE RECORD PERIOD 1868 TO 2016


WEATHER ITEM   OBSERVED TIME   RECORD YEAR NORMAL DEPARTURE LAST
                VALUE   (LST)  VALUE       VALUE  FROM      YEAR
                                                  NORMAL
..................................................................
TEMPERATURE (F)
 TODAY
  MAXIMUM         89    219 PM 100    1870  83      6       80
  MINIMUM         59    432 AM  42    1985  58      1       54
  AVERAGE         74                        70      4       67

PRECIPITATION (IN)
  TODAY            0.00          2.57 2008   0.12  -0.12     0.01
  MONTH TO DATE    1.71                      2.87  -1.16     1.94
  SINCE JUN 1      3.12                      6.56  -3.44     7.24
  SINCE JAN 1     15.82                     22.22  -6.40    17.69

SNOWFALL (IN)
  TODAY            0.0           0.0  2002   0.0    0.0      0.0
                                      2001
                                      2000
  MONTH TO DATE    0.0                       0.0    0.0      0.0
  SINCE JUN 1      0.0                       0.0    0.0      0.0
  SINCE JUL 1      0.0                       0.0    0.0      0.0
  SNOW DEPTH       0

DEGREE DAYS
 HEATING
  TODAY            0                         0      0        0
  MONTH TO DATE   11                        13     -2        7
  SINCE JUN 1     53                        98    -45      102
  SINCE JUL 1     11                        13     -2        7

 COOLING
  TODAY            9                         6      3        2
  MONTH TO DATE  177                       134     43      130
  SINCE JUN 1    259                       218     41      195
  SINCE JAN 1    299                       236     63      261
..................................................................


WIND (MPH)
  HIGHEST WIND SPEED    18   HIGHEST WIND DIRECTION    NW (300)
  HIGHEST GUST SPEED    27   HIGHEST GUST DIRECTION    NW (300)
  AVERAGE WIND SPEED     9.2


SKY COVER
  POSSIBLE SUNSHINE  MM
  AVERAGE SKY COVER 0.0


WEATHER CONDITIONS
 THE FOLLOWING WEATHER WAS RECORDED TODAY.
  NO SIGNIFICANT WEATHER WAS OBSERVED.


RELATIVE HUMIDITY (PERCENT)
 HIGHEST    90           300 AM
 LOWEST     26           300 PM
 AVERAGE    58

..........................................................


THE CONCORD NH CLIMATE NORMALS FOR TOMORROW
                         NORMAL    RECORD    YEAR
 MAXIMUM TEMPERATURE (F)   83        98      1963
 MINIMUM TEMPERATURE (F)   58        44      1976


SUNRISE AND SUNSET
JULY 24 2016..........SUNRISE   529 AM EDT   SUNSET   816 PM EDT
JULY 25 2016..........SUNRISE   530 AM EDT   SUNSET   815 PM EDT


-  INDICATES NEGATIVE NUMBERS.
R  INDICATES RECORD WAS SET OR TIED.
MM INDICATES DATA IS MISSING.
T  INDICATES TRACE AMOUNT.




$$
