000
CDUS45 KPUB 110030
CLICOS


CLIMATE REPORT
NATIONAL WEATHER SERVICE PUEBLO
530 PM MST SAT DEC 10 2016


...................................

...THE COLORADO SPRINGS CO CLIMATE SUMMARY FOR DECEMBER 10 2016...
VALID TODAY AS OF 0500 PM LOCAL TIME.

CLIMATE NORMAL PERIOD 1981 TO 2010
CLIMATE RECORD PERIOD 1872 TO 2016


WEATHER ITEM   OBSERVED TIME   RECORD YEAR NORMAL DEPARTURE LAST
                VALUE   (LST)  VALUE       VALUE  FROM      YEAR
                                                  NORMAL
..................................................................
TEMPERATURE (F)
 TODAY
  MAXIMUM         64    322 PM  66    2015  42     22       66
                                      1975
                                      1929
  MINIMUM         22    215 AM -13    1898  18      4       41
  AVERAGE         43                        30     13       54

PRECIPITATION (IN)
  TODAY            0.00          0.21 1961   0.01  -0.01     0.00
  MONTH TO DATE    0.13                      0.12   0.01     0.02
  SINCE DEC 1      0.13                      0.12   0.01     0.02
  SINCE JAN 1     13.80                     16.32  -2.52    25.02

SNOWFALL (IN)
  TODAY            0.0           3.0  1961   0.2   -0.2      0.0
  MONTH TO DATE    2.4                       1.9    0.5       T
  SINCE DEC 1      2.4                       1.9    0.5       T
  SINCE JUL 1      2.4                       9.7   -7.3      5.8
  SNOW DEPTH       0

DEGREE DAYS
 HEATING
  TODAY           22                        35    -13       11
  MONTH TO DATE  393                       343     50      244
  SINCE DEC 1    393                       343     50      244
  SINCE JUL 1   1296                      1824   -528     1347

 COOLING
  TODAY            0                         0      0        0
  MONTH TO DATE    0                         0      0        0
  SINCE DEC 1      0                         0      0        0
  SINCE JAN 1    710                       455    255      617
..................................................................


WIND (MPH)
  HIGHEST WIND SPEED    20   HIGHEST WIND DIRECTION     W (260)
  HIGHEST GUST SPEED    24   HIGHEST GUST DIRECTION     S (200)
  AVERAGE WIND SPEED     8.1


SKY COVER
  POSSIBLE SUNSHINE  MM
  AVERAGE SKY COVER 0.7


WEATHER CONDITIONS
 THE FOLLOWING WEATHER WAS RECORDED TODAY.
  NO SIGNIFICANT WEATHER WAS OBSERVED.


RELATIVE HUMIDITY (PERCENT)
 HIGHEST    74           200 AM
 LOWEST     14           300 PM
 AVERAGE    44

..........................................................


THE COLORADO SPRINGS CO CLIMATE NORMALS FOR TOMORROW
                         NORMAL    RECORD    YEAR
 MAXIMUM TEMPERATURE (F)   42        72      1939
 MINIMUM TEMPERATURE (F)   17       -21      1932


SUNRISE AND SUNSET
DECEMBER 10 2016......SUNRISE   707 AM MST   SUNSET   437 PM MST
DECEMBER 11 2016......SUNRISE   707 AM MST   SUNSET   437 PM MST


-  INDICATES NEGATIVE NUMBERS.
R  INDICATES RECORD WAS SET OR TIED.
MM INDICATES DATA IS MISSING.
T  INDICATES TRACE AMOUNT.




$$
