000
CDUS45 KPUB 251104
CLICOS


CLIMATE REPORT
NATIONAL WEATHER SERVICE PUEBLO
502 AM MDT SUN SEP 25 2016


...................................

...THE COLORADO SPRINGS CO CLIMATE SUMMARY FOR SEPTEMBER 24 2016...

CLIMATE NORMAL PERIOD 1981 TO 2010
CLIMATE RECORD PERIOD 1872 TO 2016


WEATHER ITEM   OBSERVED TIME   RECORD YEAR NORMAL DEPARTURE LAST
                VALUE   (LST)  VALUE       VALUE  FROM      YEAR
                                                  NORMAL
..................................................................
TEMPERATURE (F)
 YESTERDAY
  MAXIMUM         71    342 PM  88    1992  71      0       83
  MINIMUM         41    440 AM  31    2000  44     -3       49
  AVERAGE         56                        58     -2       66

PRECIPITATION (IN)
  YESTERDAY        0.00          1.02 1955   0.03  -0.03     0.00
  MONTH TO DATE    0.05                      1.05  -1.00     0.29
  SINCE SEP 1      0.05                      1.05  -1.00     0.29
  SINCE JAN 1     13.49                     14.84  -1.35    23.11

SNOWFALL (IN)
  YESTERDAY        0.0           1.0  2000   0.0    0.0      0.0
  MONTH TO DATE    0.0                       0.1   -0.1      0.0
  SINCE SEP 1      0.0                       0.1   -0.1      0.0
  SINCE JUL 1      T                         0.1   -0.1       T
  SNOW DEPTH       0

DEGREE DAYS
 HEATING
  YESTERDAY        9                         8      1        0
  MONTH TO DATE   36                       105    -69       15
  SINCE SEP 1     36                       105    -69       15
  SINCE JUL 1     57                       136    -79       34

 COOLING
  YESTERDAY        0                         0      0        1
  MONTH TO DATE   74                        35     39       88
  SINCE SEP 1     74                        35     39       88
  SINCE JAN 1    700                       453    247      603
..................................................................


WIND (MPH)
  HIGHEST WIND SPEED    24   HIGHEST WIND DIRECTION    NW (310)
  HIGHEST GUST SPEED    31   HIGHEST GUST DIRECTION    NW (320)
  AVERAGE WIND SPEED     9.3


SKY COVER
  POSSIBLE SUNSHINE  MM
  AVERAGE SKY COVER 0.3


WEATHER CONDITIONS
 THE FOLLOWING WEATHER WAS RECORDED YESTERDAY.
  NO SIGNIFICANT WEATHER WAS OBSERVED.


RELATIVE HUMIDITY (PERCENT)
 HIGHEST    46          1100 PM
 LOWEST     16           200 PM
 AVERAGE    31

..........................................................


THE COLORADO SPRINGS CO CLIMATE NORMALS FOR TODAY
                         NORMAL    RECORD    YEAR
 MAXIMUM TEMPERATURE (F)   71        87      1998
 MINIMUM TEMPERATURE (F)   43        23      1926


SUNRISE AND SUNSET
SEPTEMBER 25 2016.....SUNRISE   650 AM MDT   SUNSET   650 PM MDT
SEPTEMBER 26 2016.....SUNRISE   651 AM MDT   SUNSET   649 PM MDT


-  INDICATES NEGATIVE NUMBERS.
R  INDICATES RECORD WAS SET OR TIED.
MM INDICATES DATA IS MISSING.
T  INDICATES TRACE AMOUNT.




$$
