000
CDUS45 KPUB 241045
CLICOS


CLIMATE REPORT
NATIONAL WEATHER SERVICE PUEBLO
444 AM MDT SUN JUL 24 2016


...................................

...THE COLORADO SPRINGS CO CLIMATE SUMMARY FOR JULY 23 2016...

CLIMATE NORMAL PERIOD 1981 TO 2010
CLIMATE RECORD PERIOD 1872 TO 2016


WEATHER ITEM   OBSERVED TIME   RECORD YEAR NORMAL DEPARTURE LAST
                VALUE   (LST)  VALUE       VALUE  FROM      YEAR
                                                  NORMAL
..................................................................
TEMPERATURE (F)
 YESTERDAY
  MAXIMUM         94    147 PM  97    2005  85      9       90
  MINIMUM         68   1159 PM  49    1950  58     10       57
                                      1915
                                      1905
  AVERAGE         81                        71     10       74

PRECIPITATION (IN)
  YESTERDAY        0.13          0.95 1975   0.12   0.01     0.00
  MONTH TO DATE    1.86                      1.97  -0.11     2.73
  SINCE JUN 1      2.90                      4.47  -1.57     8.45
  SINCE JAN 1      9.83                      9.58   0.25    20.68

SNOWFALL (IN)
  YESTERDAY        0.0           0.0  2002   0.0    0.0      0.0
                                      2001
  MONTH TO DATE    T                         0.0    0.0      0.0
  SINCE JUN 1      T                         0.0    0.0       T
  SINCE JUL 1      T                         0.0    0.0      0.0
  SNOW DEPTH       0

DEGREE DAYS
 HEATING
  YESTERDAY        0                         0      0        0
  MONTH TO DATE    0                         3     -3       10
  SINCE JUN 1      8                        82    -74       20
  SINCE JUL 1      0                         3     -3       10

 COOLING
  YESTERDAY       16                         6     10        9
  MONTH TO DATE  232                       141     91      120
  SINCE JUN 1    413                       224    189      242
  SINCE JAN 1    415                       234    181      242
..................................................................


WIND (MPH)
  HIGHEST WIND SPEED    36   HIGHEST WIND DIRECTION    NW (330)
  HIGHEST GUST SPEED    49   HIGHEST GUST DIRECTION    NW (320)
  AVERAGE WIND SPEED    10.6


SKY COVER
  POSSIBLE SUNSHINE  MM
  AVERAGE SKY COVER 0.6


WEATHER CONDITIONS
 THE FOLLOWING WEATHER WAS RECORDED YESTERDAY.
  THUNDERSTORM
  HEAVY RAIN
  RAIN
  LIGHT RAIN


RELATIVE HUMIDITY (PERCENT)
 HIGHEST    59          1100 PM
 LOWEST     16          1200 PM
 AVERAGE    38

..........................................................


THE COLORADO SPRINGS CO CLIMATE NORMALS FOR TODAY
                         NORMAL    RECORD    YEAR
 MAXIMUM TEMPERATURE (F)   85       100      2003
 MINIMUM TEMPERATURE (F)   58        49      1950
                                             1932
                                             1928


SUNRISE AND SUNSET
JULY 24 2016..........SUNRISE   554 AM MDT   SUNSET   817 PM MDT
JULY 25 2016..........SUNRISE   554 AM MDT   SUNSET   816 PM MDT


-  INDICATES NEGATIVE NUMBERS.
R  INDICATES RECORD WAS SET OR TIED.
MM INDICATES DATA IS MISSING.
T  INDICATES TRACE AMOUNT.




$$
