000
CDUS45 KPUB 011054
CLICOS


CLIMATE REPORT
NATIONAL WEATHER SERVICE PUEBLO
454 AM MDT MON SEP 1 2014


...................................

...THE COLORADO SPRINGS CO CLIMATE SUMMARY FOR AUGUST 31 2014...

CLIMATE NORMAL PERIOD 1981 TO 2010
CLIMATE RECORD PERIOD 1872 TO 2014


WEATHER ITEM   OBSERVED TIME   RECORD YEAR NORMAL DEPARTURE LAST
                VALUE   (LST)  VALUE       VALUE  FROM      YEAR
                                                  NORMAL
..................................................................
TEMPERATURE (F)
 YESTERDAY
  MAXIMUM         84   1111 AM  93    1985  80      4       89
  MINIMUM         55   1147 PM  38    1910  53      2       63
  AVERAGE         70                        66      4       76

PRECIPITATION (IN)
  YESTERDAY        0.00          0.97 1972   0.09  -0.09     0.07
  MONTH TO DATE    2.34                      3.34  -1.00     5.72
  SINCE JUN 1      8.26                      8.68  -0.42    10.93
  SINCE JAN 1     13.05                     13.79  -0.74    13.66

SNOWFALL (IN)
  YESTERDAY        0.0           0.0  2002   0.0    0.0      0.0
  MONTH TO DATE    T                         0.0    0.0       T
  SINCE JUN 1      T                         0.0    0.0       T
  SINCE JUL 1      T                         0.0    0.0       T
  SNOW DEPTH       0

DEGREE DAYS
 HEATING
  YESTERDAY        0                         2     -2        0
  MONTH TO DATE    7                        17    -10        5
  SINCE JUN 1     69                       110    -41       35
  SINCE JUL 1     30                        31     -1       10

 COOLING
  YESTERDAY        5                         3      2       11
  MONTH TO DATE  116                       134    -18      192
  SINCE JUN 1    414                       408      6      580
  SINCE JAN 1    427                       418      9      602
..................................................................


WIND (MPH)
  HIGHEST WIND SPEED    25   HIGHEST WIND DIRECTION    NE (30)
  HIGHEST GUST SPEED    30   HIGHEST GUST DIRECTION    NE (40)
  AVERAGE WIND SPEED     8.6


SKY COVER
  POSSIBLE SUNSHINE  MM
  AVERAGE SKY COVER 0.5


WEATHER CONDITIONS
 THE FOLLOWING WEATHER WAS RECORDED YESTERDAY.
  NO SIGNIFICANT WEATHER WAS OBSERVED.


RELATIVE HUMIDITY (PERCENT)
 HIGHEST    64          1000 PM
 LOWEST     23          1100 AM
 AVERAGE    44

..........................................................


THE COLORADO SPRINGS CO CLIMATE NORMALS FOR TODAY
                         NORMAL    RECORD    YEAR
 MAXIMUM TEMPERATURE (F)   79        94      1995
 MINIMUM TEMPERATURE (F)   53        30      1911


SUNRISE AND SUNSET
SEPTEMBER  1 2014.....SUNRISE   628 AM MDT   SUNSET   729 PM MDT
SEPTEMBER  2 2014.....SUNRISE   629 AM MDT   SUNSET   728 PM MDT


-  INDICATES NEGATIVE NUMBERS.
R  INDICATES RECORD WAS SET OR TIED.
MM INDICATES DATA IS MISSING.
T  INDICATES TRACE AMOUNT.




$$
