000
CDUS45 KPUB 301032
CLICOS


CLIMATE REPORT
NATIONAL WEATHER SERVICE PUEBLO
432 AM MDT SAT MAY 30 2015


...................................

...THE COLORADO SPRINGS CO CLIMATE SUMMARY FOR MAY 29 2015...

CLIMATE NORMAL PERIOD 1981 TO 2010
CLIMATE RECORD PERIOD 1872 TO 2015


WEATHER ITEM   OBSERVED TIME   RECORD YEAR NORMAL DEPARTURE LAST
                VALUE   (LST)  VALUE       VALUE  FROM      YEAR
                                                  NORMAL
..................................................................
TEMPERATURE (F)
 YESTERDAY
  MAXIMUM         67    137 PM  93    2000  73     -6       83
  MINIMUM         46    452 AM  31    1947  47     -1       52
  AVERAGE         57                        60     -3       68

PRECIPITATION (IN)
  YESTERDAY        0.24          1.34 1990   0.08   0.16     0.15
  MONTH TO DATE    8.13                      1.86   6.27     1.89
  SINCE MAR 1      9.91                      4.28   5.63     3.23
  SINCE JAN 1     12.23                      4.94   7.29     4.12

SNOWFALL (IN)
  YESTERDAY        T             0.2  1975   0.0    0.0      0.0
  MONTH TO DATE    T                         0.7   -0.7      0.4
  SINCE MAR 1      5.6                      13.7   -8.1     10.7
  SINCE JUL 1     46.5                      37.7    8.8     34.8
  SNOW DEPTH       0

DEGREE DAYS
 HEATING
  YESTERDAY        8                         6      2        0
  MONTH TO DATE  376                       279     97      260
  SINCE MAR 1   1534                      1638   -104     1558
  SINCE JUL 1   5755                      6201   -446     6045

 COOLING
  YESTERDAY        0                         1     -1        3
  MONTH TO DATE    0                         5     -5       13
  SINCE MAR 1      0                         6     -6       13
  SINCE JAN 1      0                         6     -6       13
..................................................................


WIND (MPH)
  HIGHEST WIND SPEED    21   HIGHEST WIND DIRECTION     N (10)
  HIGHEST GUST SPEED    26   HIGHEST GUST DIRECTION     E (110)
  AVERAGE WIND SPEED     8.4


SKY COVER
  POSSIBLE SUNSHINE  MM
  AVERAGE SKY COVER 0.7


WEATHER CONDITIONS
 THE FOLLOWING WEATHER WAS RECORDED YESTERDAY.
  THUNDERSTORM
  HEAVY RAIN
  RAIN
  LIGHT RAIN
  HAIL


RELATIVE HUMIDITY (PERCENT)
 HIGHEST    86           500 AM
 LOWEST     36          1200 PM
 AVERAGE    61

..........................................................


THE COLORADO SPRINGS CO CLIMATE NORMALS FOR TODAY
                         NORMAL    RECORD    YEAR
 MAXIMUM TEMPERATURE (F)   73        94      2000
 MINIMUM TEMPERATURE (F)   47        33      1924


SUNRISE AND SUNSET
MAY 30 2015...........SUNRISE   537 AM MDT   SUNSET   817 PM MDT
MAY 31 2015...........SUNRISE   536 AM MDT   SUNSET   817 PM MDT


-  INDICATES NEGATIVE NUMBERS.
R  INDICATES RECORD WAS SET OR TIED.
MM INDICATES DATA IS MISSING.
T  INDICATES TRACE AMOUNT.




$$
