364
CDUS45 KPUB 230037
CLICOS


CLIMATE REPORT
NATIONAL WEATHER SERVICE PUEBLO
537 PM MST SUN JAN 22 2017


...................................

...THE COLORADO SPRINGS CO CLIMATE SUMMARY FOR JANUARY 22 2017...
VALID TODAY AS OF 0500 PM LOCAL TIME.

CLIMATE NORMAL PERIOD 1981 TO 2010
CLIMATE RECORD PERIOD 1872 TO 2017


WEATHER ITEM   OBSERVED TIME   RECORD YEAR NORMAL DEPARTURE LAST
                VALUE   (LST)  VALUE       VALUE  FROM      YEAR
                                                  NORMAL
..................................................................
TEMPERATURE (F)
 TODAY
  MAXIMUM         45    200 PM  70    1943  43      2       55
  MINIMUM         25    627 AM -10    1917  18      7       18
  AVERAGE         35                        31      4       37

PRECIPITATION (IN)
  TODAY            0.00          0.07 1977   0.01  -0.01     0.00
  MONTH TO DATE    0.29                      0.22   0.07     0.20
  SINCE DEC 1      0.97                      0.56   0.41     0.45
  SINCE JAN 1      0.29                      0.22   0.07     0.20

SNOWFALL (IN)
  TODAY            0.0           1.6  1985   0.2   -0.2      0.0
                                      1957
  MONTH TO DATE    4.9                       3.9    1.0      3.0
  SINCE DEC 1     11.3                       9.6    1.7      7.3
  SINCE JUL 1     11.3                      17.4   -6.1     13.1
  SNOW DEPTH       0

DEGREE DAYS
 HEATING
  TODAY           30                        34     -4       28
  MONTH TO DATE  767                       758      9      752
  SINCE DEC 1   1867                      1849     18     1753
  SINCE JUL 1   2770                      3330   -560     2856

 COOLING
  TODAY            0                         0      0        0
  MONTH TO DATE    0                         0      0        0
  SINCE DEC 1      0                         0      0        0
  SINCE JAN 1      0                         0      0        0
..................................................................


WIND (MPH)
  HIGHEST WIND SPEED    23   HIGHEST WIND DIRECTION    NW (300)
  HIGHEST GUST SPEED    27   HIGHEST GUST DIRECTION     W (290)
  AVERAGE WIND SPEED    10.5


SKY COVER
  POSSIBLE SUNSHINE  MM
  AVERAGE SKY COVER 0.5


WEATHER CONDITIONS
 THE FOLLOWING WEATHER WAS RECORDED TODAY.
  NO SIGNIFICANT WEATHER WAS OBSERVED.


RELATIVE HUMIDITY (PERCENT)
 HIGHEST    63           200 AM
 LOWEST     12          1200 PM
 AVERAGE    38

..........................................................


THE COLORADO SPRINGS CO CLIMATE NORMALS FOR TOMORROW
                         NORMAL    RECORD    YEAR
 MAXIMUM TEMPERATURE (F)   43        68      2013
 MINIMUM TEMPERATURE (F)   18       -11      1963


SUNRISE AND SUNSET
JANUARY 22 2017.......SUNRISE   712 AM MST   SUNSET   509 PM MST
JANUARY 23 2017.......SUNRISE   712 AM MST   SUNSET   510 PM MST


-  INDICATES NEGATIVE NUMBERS.
R  INDICATES RECORD WAS SET OR TIED.
MM INDICATES DATA IS MISSING.
T  INDICATES TRACE AMOUNT.




$$
