000
CDUS45 KPUB 211146
CLICOS


CLIMATE REPORT
NATIONAL WEATHER SERVICE PUEBLO
446 AM MST TUE NOV 21 2017


...................................

...THE COLORADO SPRINGS CO CLIMATE SUMMARY FOR NOVEMBER 20 2017...

CLIMATE NORMAL PERIOD 1981 TO 2010
CLIMATE RECORD PERIOD 1872 TO 2017


WEATHER ITEM   OBSERVED TIME   RECORD YEAR NORMAL DEPARTURE LAST
                VALUE   (LST)  VALUE       VALUE  FROM      YEAR
                                                  NORMAL
..................................................................
TEMPERATURE (F)
 YESTERDAY
  MAXIMUM         67    217 PM  72    1955  49     18       70
                                      1897
  MINIMUM         31    421 AM  -6    1906  23      8       38
  AVERAGE         49                        36     13       54

PRECIPITATION (IN)
  YESTERDAY        0.00          0.64 1979   0.01  -0.01     0.00
  MONTH TO DATE    0.15                      0.28  -0.13     0.01
  SINCE SEP 1      3.15                      2.29   0.86     0.17
  SINCE JAN 1     18.43                     16.08   2.35    13.61

SNOWFALL (IN)
  YESTERDAY        0.0           8.0  1992   0.2   -0.2      0.0
  MONTH TO DATE    0.7                       2.9   -2.2       T
  SINCE SEP 1      1.6                       6.0   -4.4       T
  SINCE JUL 1      1.6                       6.0   -4.4       T
  SNOW DEPTH       0

DEGREE DAYS
 HEATING
  YESTERDAY       16                        29    -13       11
  MONTH TO DATE  413                       495    -82      325
  SINCE SEP 1    995                      1138   -143      608
  SINCE JUL 1   1004                      1169   -165      629

 COOLING
  YESTERDAY        0                         0      0        0
  MONTH TO DATE    0                         0      0        0
  SINCE SEP 1     91                        37     54       84
  SINCE JAN 1    639                       455    184      710
..................................................................


WIND (MPH)
  HIGHEST WIND SPEED    33   HIGHEST WIND DIRECTION     W (290)
  HIGHEST GUST SPEED    44   HIGHEST GUST DIRECTION    NW (300)
  AVERAGE WIND SPEED    12.8


SKY COVER
  POSSIBLE SUNSHINE  MM
  AVERAGE SKY COVER 0.6


WEATHER CONDITIONS
 THE FOLLOWING WEATHER WAS RECORDED YESTERDAY.
  NO SIGNIFICANT WEATHER WAS OBSERVED.


RELATIVE HUMIDITY (PERCENT)
 HIGHEST    23           200 AM
 LOWEST      8          1000 AM
 AVERAGE    16

..........................................................


THE COLORADO SPRINGS CO CLIMATE NORMALS FOR TODAY
                         NORMAL    RECORD    YEAR
 MAXIMUM TEMPERATURE (F)   48        73      1989
 MINIMUM TEMPERATURE (F)   23        -1      1957


SUNRISE AND SUNSET
NOVEMBER 21 2017......SUNRISE   648 AM MST   SUNSET   441 PM MST
NOVEMBER 22 2017......SUNRISE   649 AM MST   SUNSET   441 PM MST


-  INDICATES NEGATIVE NUMBERS.
R  INDICATES RECORD WAS SET OR TIED.
MM INDICATES DATA IS MISSING.
T  INDICATES TRACE AMOUNT.




$$
