000
CDUS43 KLSX 030802
CLICOU


CLIMATE REPORT
NATIONAL WEATHER SERVICE ST LOUIS MO
301 AM CDT THU SEP 3 2015


...................................

...THE COLUMBIA ASOS CLIMATE SUMMARY FOR SEPTEMBER 2 2015...

CLIMATE NORMAL PERIOD 1981 TO 2010
CLIMATE RECORD PERIOD 1890 TO 2015


WEATHER ITEM   OBSERVED TIME   RECORD YEAR NORMAL DEPARTURE LAST
                VALUE   (LST)  VALUE       VALUE  FROM      YEAR
                                                  NORMAL
..................................................................
TEMPERATURE (F)
 YESTERDAY
  MAXIMUM         87    444 PM 100    1913  84      3       82
                                      1897
  MINIMUM         70    626 AM  46    1893  62      8       65
  AVERAGE         79                        73      6       74

PRECIPITATION (IN)
  YESTERDAY        0.00          6.61 1918   0.13  -0.13     0.05
  MONTH TO DATE    0.00                      0.27  -0.27     4.55
  SINCE SEP 1      0.00                      0.27  -0.27     4.55
  SINCE JAN 1     31.96                     30.02   1.94    28.84

SNOWFALL (IN)
  YESTERDAY        0.0           0.0  2013   0.0    0.0      0.0
  MONTH TO DATE    0.0                       0.0    0.0      0.0
  SINCE SEP 1      0.0                       0.0    0.0      0.0
  SINCE JUL 1      0.0                       0.0    0.0      0.0
  SNOW DEPTH       0

DEGREE DAYS
 HEATING
  YESTERDAY        0                         0      0        0
  MONTH TO DATE    0                         0      0        0
  SINCE SEP 1      0                         0      0        0
  SINCE JUL 1      2                         2      0        0

 COOLING
  YESTERDAY       14                         8      6        9
  MONTH TO DATE   29                        17     12       19
  SINCE SEP 1     29                        17     12       19
  SINCE JAN 1   1150                      1100     50     1129
..................................................................


WIND (MPH)
  HIGHEST WIND SPEED    14   HIGHEST WIND DIRECTION     S (190)
  HIGHEST GUST SPEED    16   HIGHEST GUST DIRECTION    SW (210)
  AVERAGE WIND SPEED     7.4


SKY COVER
  AVERAGE SKY COVER 0.0


WEATHER CONDITIONS
 THE FOLLOWING WEATHER WAS RECORDED YESTERDAY.
  FOG


RELATIVE HUMIDITY (PERCENT)
 HIGHEST   100
 LOWEST     55
 AVERAGE    78

..........................................................


THE COLUMBIA ASOS CLIMATE NORMALS FOR TODAY
                         NORMAL    RECORD    YEAR
 MAXIMUM TEMPERATURE (F)   84       103      1939
 MINIMUM TEMPERATURE (F)   62        43      1974


SUNRISE AND SUNSET
SEPTEMBER  3 2015.....SUNRISE   639 AM CDT   SUNSET   736 PM CDT
SEPTEMBER  4 2015.....SUNRISE   640 AM CDT   SUNSET   735 PM CDT


-  INDICATES NEGATIVE NUMBERS.
R  INDICATES RECORD WAS SET OR TIED.
MM INDICATES DATA IS MISSING.
T  INDICATES TRACE AMOUNT.




$$
