000
CDUS43 KLSX 252250
CLICOU


CLIMATE REPORT
NATIONAL WEATHER SERVICE ST LOUIS MO
534 PM CDT MON MAY 25 2015


...................................

...THE COLUMBIA ASOS CLIMATE SUMMARY FOR MAY 25 2015...
VALID TODAY AS OF 0500 PM LOCAL TIME.

CLIMATE NORMAL PERIOD 1981 TO 2010
CLIMATE RECORD PERIOD 1890 TO 2015


WEATHER ITEM   OBSERVED TIME   RECORD YEAR NORMAL DEPARTURE LAST
                VALUE   (LST)  VALUE       VALUE  FROM      YEAR
                                                  NORMAL
..................................................................
TEMPERATURE (F)
 TODAY
  MAXIMUM         82    359 PM  93    1911  77      5       84
  MINIMUM         63    638 AM  33    1925  56      7       64
  AVERAGE         73                        67      6       74

PRECIPITATION (IN)
  TODAY            0.08          1.96 1903   0.16  -0.08     0.00
  MONTH TO DATE    4.12                      4.05   0.07     2.61
  SINCE MAR 1      8.95                     11.45  -2.50    12.12
  SINCE JAN 1     11.30                     15.62  -4.32    14.38

SNOWFALL (IN)
  TODAY            0.0           0.0  2014   0.0    0.0      0.0
  MONTH TO DATE    0.0                       0.0    0.0      0.0
  SINCE MAR 1      1.6                       1.9   -0.3      0.5
  SINCE JUL 1     12.0                      18.0   -6.0     17.8
  SNOW DEPTH       0

DEGREE DAYS
 HEATING
  TODAY            0                         2     -2        0
  MONTH TO DATE   73                        99    -26      113
  SINCE MAR 1    877                      1056   -179     1143
  SINCE JUL 1   4932                      5002    -70     5572

 COOLING
  TODAY            8                         4      4        9
  MONTH TO DATE   74                        53     21       92
  SINCE MAR 1     89                        78     11      103
  SINCE JAN 1     89                        78     11      103
..................................................................


WIND (MPH)
  HIGHEST WIND SPEED    23   HIGHEST WIND DIRECTION    SW (240)
  HIGHEST GUST SPEED    28   HIGHEST GUST DIRECTION    SW (240)
  AVERAGE WIND SPEED    11.3


SKY COVER
  AVERAGE SKY COVER 0.7



RELATIVE HUMIDITY (PERCENT)
 HIGHEST   100          1200 AM
 LOWEST     55           400 PM
 AVERAGE    78

..........................................................


THE COLUMBIA ASOS CLIMATE NORMALS FOR TOMORROW
                         NORMAL    RECORD    YEAR
 MAXIMUM TEMPERATURE (F)   77        93      1953
                                             1911
 MINIMUM TEMPERATURE (F)   57        38      1901


SUNRISE AND SUNSET
MAY 25 2015...........SUNRISE   549 AM CDT   SUNSET   823 PM CDT
MAY 26 2015...........SUNRISE   549 AM CDT   SUNSET   824 PM CDT


-  INDICATES NEGATIVE NUMBERS.
R  INDICATES RECORD WAS SET OR TIED.
MM INDICATES DATA IS MISSING.
T  INDICATES TRACE AMOUNT.




$$
