000
CDUS43 KLSX 030745
CLICOU


CLIMATE REPORT
NATIONAL WEATHER SERVICE ST LOUIS MO
245 AM CDT TUE MAY 3 2016


...................................

...THE COLUMBIA ASOS CLIMATE SUMMARY FOR MAY 2 2016...

CLIMATE NORMAL PERIOD 1981 TO 2010
CLIMATE RECORD PERIOD 1890 TO 2016


WEATHER ITEM   OBSERVED TIME   RECORD YEAR NORMAL DEPARTURE LAST
                VALUE   (LST)  VALUE       VALUE  FROM      YEAR
                                                  NORMAL
..................................................................
TEMPERATURE (F)
 YESTERDAY
  MAXIMUM         54    521 PM  90    1968  71    -17       77
                                      1952
  MINIMUM         44   1153 PM  33    1961  49     -5       51
                                      1911
                                      1908
  AVERAGE         49                        60    -11       64

PRECIPITATION (IN)
  YESTERDAY        0.03          2.63 1891   0.16  -0.13      T
  MONTH TO DATE    0.03                      0.32  -0.29      T
  SINCE MAR 1      4.55                      7.72  -3.17     4.83
  SINCE JAN 1      6.20                     11.89  -5.69     7.18

SNOWFALL (IN)
  YESTERDAY       MM             0.0  2015   0.0   MM        0.0
  MONTH TO DATE    0.0                       0.0    0.0      0.0
  SINCE MAR 1      T                         1.9   -1.9      1.6
  SINCE JUL 1      9.0                      18.0   -9.0     12.0
  SNOW DEPTH       0

DEGREE DAYS
 HEATING
  YESTERDAY       16                         6     10        1
  MONTH TO DATE   21                        12      9        9
  SINCE MAR 1    668                       969   -301      813
  SINCE JUL 1   3845                      4915  -1070     4868

 COOLING
  YESTERDAY        0                         1     -1        0
  MONTH TO DATE    0                         2     -2        0
  SINCE MAR 1     32                        27      5       15
  SINCE JAN 1     32                        27      5       15
..................................................................


WIND (MPH)
  HIGHEST WIND SPEED    16   HIGHEST WIND DIRECTION     N (340)
  HIGHEST GUST SPEED    20   HIGHEST GUST DIRECTION    NW (330)
  AVERAGE WIND SPEED     5.8


SKY COVER
  AVERAGE SKY COVER 1.0


WEATHER CONDITIONS
 THE FOLLOWING WEATHER WAS RECORDED YESTERDAY.
  LIGHT RAIN
  FOG
  FOG W/VISIBILITY <= 1/4 MILE


RELATIVE HUMIDITY (PERCENT)
 HIGHEST   100
 LOWEST     71
 AVERAGE    86

..........................................................


THE COLUMBIA ASOS CLIMATE NORMALS FOR TODAY
                         NORMAL    RECORD    YEAR
 MAXIMUM TEMPERATURE (F)   71        89      1949
                                             1901
 MINIMUM TEMPERATURE (F)   50        29      1976


SUNRISE AND SUNSET
MAY  3 2016...........SUNRISE   608 AM CDT   SUNSET   804 PM CDT
MAY  4 2016...........SUNRISE   607 AM CDT   SUNSET   805 PM CDT


-  INDICATES NEGATIVE NUMBERS.
R  INDICATES RECORD WAS SET OR TIED.
MM INDICATES DATA IS MISSING.
T  INDICATES TRACE AMOUNT.




$$
