000
CDUS43 KLSX 020736
CLICOU


CLIMATE REPORT
NATIONAL WEATHER SERVICE ST LOUIS MO
136 AM CST FRI DEC 2 2016


...................................

...THE COLUMBIA ASOS CLIMATE SUMMARY FOR DECEMBER 1 2016...

CLIMATE NORMAL PERIOD 1981 TO 2010
CLIMATE RECORD PERIOD 1890 TO 2016


WEATHER ITEM   OBSERVED TIME   RECORD YEAR NORMAL DEPARTURE LAST
                VALUE   (LST)  VALUE       VALUE  FROM      YEAR
                                                  NORMAL
..................................................................
TEMPERATURE (F)
 YESTERDAY
  MAXIMUM         44    322 PM  68    1982  46     -2       49
  MINIMUM         28   1155 PM   4    1893  28      0       32
  AVERAGE         36                        37     -1       41

PRECIPITATION (IN)
  YESTERDAY        0.00          0.84 1986   0.10  -0.10      T
                                      1909
  MONTH TO DATE    0.00                      0.10  -0.10      T
  SINCE DEC 1      0.00                      0.10  -0.10      T
  SINCE JAN 1     39.05                     40.28  -1.23    42.71

SNOWFALL (IN)
  YESTERDAY        0.0          13.0  2006   0.1   -0.1      0.0
  MONTH TO DATE    0.0                       0.1   -0.1      0.0
  SINCE DEC 1      0.0                       0.1   -0.1      0.0
  SINCE JUL 1      0.0                       1.0   -1.0       T
  SNOW DEPTH       0

DEGREE DAYS
 HEATING
  YESTERDAY       29                        28      1       24
  MONTH TO DATE   29                        28      1       24
  SINCE DEC 1     29                        28      1       24
  SINCE JUL 1    612                      1013   -401      720

 COOLING
  YESTERDAY        0                         0      0        0
  MONTH TO DATE    0                         0      0        0
  SINCE DEC 1      0                         0      0        0
  SINCE JAN 1   1632                      1249    383     1387
..................................................................


WIND (MPH)
  HIGHEST WIND SPEED    17   HIGHEST WIND DIRECTION     W (270)
  HIGHEST GUST SPEED    21   HIGHEST GUST DIRECTION     W (260)
  AVERAGE WIND SPEED     8.0


SKY COVER
  AVERAGE SKY COVER 0.0


WEATHER CONDITIONS
 THE FOLLOWING WEATHER WAS RECORDED YESTERDAY.
  NO SIGNIFICANT WEATHER WAS OBSERVED.


RELATIVE HUMIDITY (PERCENT)
 HIGHEST    78
 LOWEST     53
 AVERAGE    66

..........................................................


THE COLUMBIA ASOS CLIMATE NORMALS FOR TODAY
                         NORMAL    RECORD    YEAR
 MAXIMUM TEMPERATURE (F)   45        72      1917
 MINIMUM TEMPERATURE (F)   28         5      1985
                                             1929


SUNRISE AND SUNSET
DECEMBER  2 2016......SUNRISE   710 AM CST   SUNSET   447 PM CST
DECEMBER  3 2016......SUNRISE   711 AM CST   SUNSET   447 PM CST


-  INDICATES NEGATIVE NUMBERS.
R  INDICATES RECORD WAS SET OR TIED.
MM INDICATES DATA IS MISSING.
T  INDICATES TRACE AMOUNT.




$$
