000
CDUS43 KLSX 252240
CLICOU


CLIMATE REPORT
NATIONAL WEATHER SERVICE ST LOUIS MO
438 PM CST TUE NOV 25 2014


...................................

...THE COLUMBIA ASOS CLIMATE SUMMARY FOR NOVEMBER 25 2014...
VALID TODAY AS OF 0400 PM LOCAL TIME.

CLIMATE NORMAL PERIOD 1981 TO 2010
CLIMATE RECORD PERIOD 1890 TO 2014


WEATHER ITEM   OBSERVED TIME   RECORD YEAR NORMAL DEPARTURE LAST
                VALUE   (LST)  VALUE       VALUE  FROM      YEAR
                                                  NORMAL
..................................................................
TEMPERATURE (F)
 TODAY
  MAXIMUM         40    336 PM  72    1990  49     -9       38
  MINIMUM         24    733 AM   5    1950  31     -7       27
  AVERAGE         32                        40     -8       33

PRECIPITATION (IN)
  TODAY            0.00          1.32 1915   0.11  -0.11     0.00
  MONTH TO DATE    1.20                      2.71  -1.51     1.47
  SINCE SEP 1     17.53                      9.89   7.64     6.72
  SINCE JAN 1     41.82                     39.64   2.18    39.81

SNOWFALL (IN)
  TODAY            0.0           4.0  1895   0.0    0.0      0.0
  MONTH TO DATE    0.5                       0.6   -0.1      0.0
  SINCE SEP 1      0.5                       0.6   -0.1      0.0
  SINCE JUL 1      0.5                       0.6   -0.1      0.0
  SNOW DEPTH       0

DEGREE DAYS
 HEATING
  TODAY           33                        25      8       32
  MONTH TO DATE  669                       486    183      524
  SINCE SEP 1    963                       849    114      848
  SINCE JUL 1    963                       851    112      848

 COOLING
  TODAY            0                         0      0        0
  MONTH TO DATE    0                         0      0        0
  SINCE SEP 1    156                       164     -8      255
  SINCE JAN 1   1266                      1247     19     1322
..................................................................


WIND (MPH)
  HIGHEST WIND SPEED    18   HIGHEST WIND DIRECTION    NW (310)
  HIGHEST GUST SPEED    26   HIGHEST GUST DIRECTION    NW (310)
  AVERAGE WIND SPEED     9.0


SKY COVER
  AVERAGE SKY COVER 0.0



RELATIVE HUMIDITY (PERCENT)
 HIGHEST    81           500 AM
 LOWEST     37           400 PM
 AVERAGE    59

..........................................................


THE COLUMBIA ASOS CLIMATE NORMALS FOR TOMORROW
                         NORMAL    RECORD    YEAR
 MAXIMUM TEMPERATURE (F)   48        77      1965
 MINIMUM TEMPERATURE (F)   30         6      1898


SUNRISE AND SUNSET
NOVEMBER 25 2014......SUNRISE   702 AM CST   SUNSET   449 PM CST
NOVEMBER 26 2014......SUNRISE   703 AM CST   SUNSET   449 PM CST


-  INDICATES NEGATIVE NUMBERS.
R  INDICATES RECORD WAS SET OR TIED.
MM INDICATES DATA IS MISSING.
T  INDICATES TRACE AMOUNT.




$$
