000
CDUS43 KLSX 272231
CLICOU


CLIMATE REPORT
NATIONAL WEATHER SERVICE ST LOUIS MO
530 PM CDT SAT AUG 27 2016


...................................

...THE COLUMBIA ASOS CLIMATE SUMMARY FOR AUGUST 27 2016...
VALID TODAY AS OF 0500 PM LOCAL TIME.

CLIMATE NORMAL PERIOD 1981 TO 2010
CLIMATE RECORD PERIOD 1890 TO 2016


WEATHER ITEM   OBSERVED TIME   RECORD YEAR NORMAL DEPARTURE LAST
                VALUE   (LST)  VALUE       VALUE  FROM      YEAR
                                                  NORMAL
..................................................................
TEMPERATURE (F)
 TODAY
  MAXIMUM         88    223 PM 103    1983  86      2       77
                                      1936
  MINIMUM         70    616 AM  46    1910  64      6       57
  AVERAGE         79                        75      4       67

PRECIPITATION (IN)
  TODAY            0.00          1.64 1981   0.14  -0.14     0.00
  MONTH TO DATE    5.44                      3.80   1.64     3.11
  SINCE JUN 1     17.81                     12.64   5.17    19.07
  SINCE JAN 1     27.94                     29.19  -1.25    31.93

SNOWFALL (IN)
  TODAY            0.0           0.0  2015   0.0    0.0      0.0
  MONTH TO DATE    0.0                       0.0    0.0      0.0
  SINCE JUN 1      0.0                       0.0    0.0      0.0
  SINCE JUL 1      0.0                       0.0    0.0      0.0
  SNOW DEPTH       0

DEGREE DAYS
 HEATING
  TODAY            0                         0      0        0
  MONTH TO DATE    0                         0      0        1
  SINCE JUN 1      0                        11    -11        9
  SINCE JUL 1      0                         0      0        2

 COOLING
  TODAY           14                        10      4        2
  MONTH TO DATE  313                       311      2      251
  SINCE JUN 1   1131                       941    190      960
  SINCE JAN 1   1255                      1044    211     1079
..................................................................


WIND (MPH)
  HIGHEST WIND SPEED     9   HIGHEST WIND DIRECTION     S (190)
  HIGHEST GUST SPEED    13   HIGHEST GUST DIRECTION    SE (130)
  AVERAGE WIND SPEED     5.7


SKY COVER
  AVERAGE SKY COVER 0.2



RELATIVE HUMIDITY (PERCENT)
 HIGHEST   100           300 AM
 LOWEST     61           100 PM
 AVERAGE    81

..........................................................


THE COLUMBIA ASOS CLIMATE NORMALS FOR TOMORROW
                         NORMAL    RECORD    YEAR
 MAXIMUM TEMPERATURE (F)   86       106      1984
 MINIMUM TEMPERATURE (F)   64        42      1986
                                             1891


SUNRISE AND SUNSET
AUGUST 27 2016........SUNRISE   634 AM CDT   SUNSET   746 PM CDT
AUGUST 28 2016........SUNRISE   635 AM CDT   SUNSET   744 PM CDT


-  INDICATES NEGATIVE NUMBERS.
R  INDICATES RECORD WAS SET OR TIED.
MM INDICATES DATA IS MISSING.
T  INDICATES TRACE AMOUNT.




$$
