000
CDUS45 KRIW 290045
CLICPR


CLIMATE REPORT
NATIONAL WEATHER SERVICE RIVERTON WY
640 PM MDT SAT MAY 28 2016


...................................

...THE CASPER WY CLIMATE SUMMARY FOR MAY 28 2016...
VALID TODAY AS OF 0500 PM LOCAL TIME.

CLIMATE NORMAL PERIOD 1981 TO 2010
CLIMATE RECORD PERIOD 1939 TO 2016


WEATHER ITEM   OBSERVED TIME   RECORD YEAR NORMAL DEPARTURE LAST
                VALUE   (LST)  VALUE       VALUE  FROM      YEAR
                                                  NORMAL
..................................................................
TEMPERATURE (F)
 TODAY
  MAXIMUM         69        MM  92    2014  71     -2       69
  MINIMUM         35        MM  28    1947  41     -6       45
  AVERAGE         52                        56     -4       57

PRECIPITATION (IN)
  TODAY            T             0.90 1975   0.06  -0.06     0.01
  MONTH TO DATE    2.82                      1.83   0.99     3.46
  SINCE MAR 1      7.81                      3.94   3.87     5.76
  SINCE JAN 1      9.27                      5.02   4.25     7.07

SNOWFALL (IN)
  TODAY           MM                         0.0   MM        0.0
  MONTH TO DATE    0.0                       2.9   -2.9      6.3
  SINCE MAR 1     27.9                      25.4    2.5     20.3
  SINCE JUL 1     86.6                      74.8   11.8     71.7
  SNOW DEPTH       0

DEGREE DAYS
 HEATING
  TODAY           13                         9      4        8
  MONTH TO DATE  431                       375     56      457
  SINCE MAR 1   1937                      1969    -32     1858
  SINCE JUL 1   6872                      7417   -545     6909

 COOLING
  TODAY            0                         0      0        0
  MONTH TO DATE    0                         0      0        0
  SINCE MAR 1      0                         0      0        0
  SINCE JAN 1      0                         0      0        0
..................................................................


WIND (MPH)
  HIGHEST WIND SPEED    13   HIGHEST WIND DIRECTION    SW (210)
  HIGHEST GUST SPEED    35   HIGHEST GUST DIRECTION    SW (210)
  AVERAGE WIND SPEED     5.7


SKY COVER
  POSSIBLE SUNSHINE  MM
  AVERAGE SKY COVER 0.3


WEATHER CONDITIONS
 THE FOLLOWING WEATHER WAS RECORDED TODAY.
  THUNDERSTORM
  LIGHT RAIN


RELATIVE HUMIDITY (PERCENT)
 HIGHEST    92           400 AM
 LOWEST     34           400 PM
 AVERAGE    63

..........................................................


THE CASPER WY CLIMATE NORMALS FOR TOMORROW
                         NORMAL    RECORD    YEAR
 MAXIMUM TEMPERATURE (F)   72        95      2003
 MINIMUM TEMPERATURE (F)   41        29      1947


SUNRISE AND SUNSET
MAY 28 2016...........SUNRISE   532 AM MDT   SUNSET   835 PM MDT
MAY 29 2016...........SUNRISE   531 AM MDT   SUNSET   836 PM MDT


-  INDICATES NEGATIVE NUMBERS.
R  INDICATES RECORD WAS SET OR TIED.
MM INDICATES DATA IS MISSING.
T  INDICATES TRACE AMOUNT.




$$
