187
CDUS45 KRIW 260029
CLICPR


CLIMATE REPORT
NATIONAL WEATHER SERVICE RIVERTON WY
629 PM MDT MON JUL 25 2016


...................................

...THE CASPER WY CLIMATE SUMMARY FOR JULY 25 2016...
VALID TODAY AS OF 0500 PM LOCAL TIME.

CLIMATE NORMAL PERIOD 1981 TO 2010
CLIMATE RECORD PERIOD 1939 TO 2016


WEATHER ITEM   OBSERVED TIME   RECORD YEAR NORMAL DEPARTURE LAST
                VALUE   (LST)  VALUE       VALUE  FROM      YEAR
                                                  NORMAL
..................................................................
TEMPERATURE (F)
 TODAY
  MAXIMUM         97        MM  98    2011  89      8       90
  MINIMUM         46R       MM  46    2004  54     -8       48
  AVERAGE         72                        72      0       69

PRECIPITATION (IN)
  TODAY            0.00          1.62 2007   0.05  -0.05     0.00
  MONTH TO DATE    0.08                      1.14  -1.06     0.55
  SINCE JUN 1      1.25                      2.75  -1.50     2.05
  SINCE JAN 1     10.71                      7.96   2.75     9.55

SNOWFALL (IN)
  TODAY            0.0                       0.0    0.0      0.0
  MONTH TO DATE    0.0                       0.0    0.0      0.0
  SINCE JUN 1      0.0                       0.1   -0.1      0.0
  SINCE JUL 1      0.0                       0.0    0.0      0.0
  SNOW DEPTH       0

DEGREE DAYS
 HEATING
  TODAY            0                         0      0        0
  MONTH TO DATE    5                        11     -6        7
  SINCE JUN 1     42                       147   -105       33
  SINCE JUL 1      5                        11     -6        7

 COOLING
  TODAY            7                         7      0        4
  MONTH TO DATE  157                       148      9      111
  SINCE JUN 1    260                       201     59      187
  SINCE JAN 1    260                       205     55      187
..................................................................


WIND (MPH)
  HIGHEST WIND SPEED    16   HIGHEST WIND DIRECTION     W (260)
  HIGHEST GUST SPEED    33   HIGHEST GUST DIRECTION    NW (320)
  AVERAGE WIND SPEED     5.3


SKY COVER
  POSSIBLE SUNSHINE  MM
  AVERAGE SKY COVER 0.0


WEATHER CONDITIONS
 THE FOLLOWING WEATHER WAS RECORDED TODAY.
  NO SIGNIFICANT WEATHER WAS OBSERVED.


RELATIVE HUMIDITY (PERCENT)
 HIGHEST    86           400 AM
 LOWEST      6           300 PM
 AVERAGE    46

..........................................................


THE CASPER WY CLIMATE NORMALS FOR TOMORROW
                         NORMAL    RECORD    YEAR
 MAXIMUM TEMPERATURE (F)   89        98      2010
                                             2008
 MINIMUM TEMPERATURE (F)   54        40      1971


SUNRISE AND SUNSET
JULY 25 2016..........SUNRISE   550 AM MDT   SUNSET   834 PM MDT
JULY 26 2016..........SUNRISE   551 AM MDT   SUNSET   833 PM MDT


-  INDICATES NEGATIVE NUMBERS.
R  INDICATES RECORD WAS SET OR TIED.
MM INDICATES DATA IS MISSING.
T  INDICATES TRACE AMOUNT.




$$
