000
CDUS46 KLOX 312212
CLICQT


CLIMATE REPORT
NATIONAL WEATHER SERVICE LOS ANGELES/OXNARD CA
312 PM PDT FRI OCT 31 2014


...................................

...THE DOWNTOWN LOS ANGELES (USC) CA CLIMATE SUMMARY FOR OCTOBER 31 2014...
VALID AS OF 0300 PM LOCAL TIME.

CLIMATE NORMAL PERIOD 1981 TO 2010
CLIMATE RECORD PERIOD 1877 TO 2014


WEATHER ITEM   OBSERVED TIME   RECORD YEAR NORMAL DEPARTURE LAST
                VALUE   (LST)  VALUE       VALUE  FROM      YEAR
                                                  NORMAL
..................................................................
TEMPERATURE (F)
 TODAY
  MAXIMUM         71   1020 AM  96    1918  76     -5       80
  MINIMUM         62    507 AM  42    1886  56      6       53
  AVERAGE         67                        66      1       67

PRECIPITATION (IN)
  TODAY            0.00          1.64 1927   0.03  -0.03     0.00
  MONTH TO DATE    0.00                      0.66  -0.66     0.06
  SINCE JUL 1      0.05                      0.95  -0.90     0.15
  SINCE JAN 1      5.16                     11.56  -6.40     2.78

SNOWFALL (IN)
  TODAY            0.0
  MONTH TO DATE    0.0
  SINCE SEP 1      0.0
  SINCE JUL 1      0.0

DEGREE DAYS
 HEATING
  TODAY            0                         1     -1        0
  MONTH TO DATE    0                        14    -14       24
  SINCE SEP 1      0                        20    -20       24
  SINCE JUL 1      0                        20    -20       24

 COOLING
  TODAY            2                         3     -1        2
  MONTH TO DATE  253                       129    124       97
  SINCE SEP 1    606                       373    233      359
  SINCE JAN 1   1683                      1207    476     1164
..................................................................


WIND (MPH)
  HIGHEST WIND SPEED     7   HIGHEST WIND DIRECTION     W (270)
  HIGHEST GUST SPEED    10   HIGHEST GUST DIRECTION     W (280)
  AVERAGE WIND SPEED     0.2


SKY COVER
  POSSIBLE SUNSHINE  MM
  AVERAGE SKY COVER 0.7


WEATHER CONDITIONS
 THE FOLLOWING WEATHER WAS RECORDED TODAY.
  HAZE


RELATIVE HUMIDITY (PERCENT)
 HIGHEST    90           100 AM
 LOWEST     57           200 PM
 AVERAGE    74

..........................................................


THE DOWNTOWN LOS ANGELES (USC) CA CLIMATE NORMALS FOR TOMORROW
                         NORMAL    RECORD    YEAR
 MAXIMUM TEMPERATURE (F)   76       100      1966
 MINIMUM TEMPERATURE (F)   56        38      1886


SUNRISE AND SUNSET
OCTOBER 31 2014.......SUNRISE   712 AM PDT   SUNSET   601 PM PDT
NOVEMBER  1 2014......SUNRISE   713 AM PDT   SUNSET   600 PM PDT


-  INDICATES NEGATIVE NUMBERS.
R  INDICATES RECORD WAS SET OR TIED.
MM INDICATES DATA IS MISSING.
T  INDICATES TRACE AMOUNT.




$$
