624
CDUS46 KLOX 070111
CLICQT


CLIMATE REPORT
NATIONAL WEATHER SERVICE LOS ANGELES/OXNARD CA
511 PM PST SAT FEB 6 2016


...................................

...THE DOWNTOWN LOS ANGELES (USC) CA CLIMATE SUMMARY FOR FEBRUARY 6 2016...
VALID TODAY AS OF 0500 PM LOCAL TIME.

CLIMATE NORMAL PERIOD 1981 TO 2010
CLIMATE RECORD PERIOD 1877 TO 2016


WEATHER ITEM   OBSERVED TIME   RECORD YEAR NORMAL DEPARTURE LAST
                VALUE   (LST)  VALUE       VALUE  FROM      YEAR
                                                  NORMAL
..................................................................
TEMPERATURE (F)
 TODAY
  MAXIMUM         77    247 PM  86    1987  68      9       75
  MINIMUM         50    735 AM  28    1883  49      1       54
  AVERAGE         64                        58      6       65

PRECIPITATION (IN)
  TODAY            0.00          2.39 1937   0.13  -0.13     0.00
  MONTH TO DATE    0.00                      0.73  -0.73     0.00
  SINCE OCT 1      4.20                      7.88  -3.68     5.70
  SINCE JAN 1      3.17                      3.85  -0.68     1.09

SNOWFALL (IN)
  TODAY            0.0
  MONTH TO DATE    0.0
  SINCE DEC 1      0.0
  SINCE JUL 1      0.0

DEGREE DAYS
 HEATING
  TODAY            1                         7     -6        0
  MONTH TO DATE   50                        42      8        6
  SINCE DEC 1    517                       502     15      295
  SINCE JUL 1    621                       633    -12      318

 COOLING
  TODAY            0                         0      0        0
  MONTH TO DATE    0                         0      0        3
  SINCE DEC 1     10                        13     -3       29
  SINCE JAN 1      0                         9     -9       25
..................................................................


WIND (MPH)
  HIGHEST WIND SPEED     8   HIGHEST WIND DIRECTION     W (270)
  HIGHEST GUST SPEED    12   HIGHEST GUST DIRECTION     W (270)
  AVERAGE WIND SPEED     0.8


SKY COVER
  POSSIBLE SUNSHINE  MM
  AVERAGE SKY COVER 0.0


WEATHER CONDITIONS
 THE FOLLOWING WEATHER WAS RECORDED TODAY.
  HAZE


RELATIVE HUMIDITY (PERCENT)
 HIGHEST    42           600 AM
 LOWEST     13           300 PM
 AVERAGE    28

..........................................................


THE DOWNTOWN LOS ANGELES (USC) CA CLIMATE NORMALS FOR TOMORROW
                         NORMAL    RECORD    YEAR
 MAXIMUM TEMPERATURE (F)   68        89      1996
 MINIMUM TEMPERATURE (F)   49        32      1883


SUNRISE AND SUNSET
FEBRUARY  6 2016......SUNRISE   647 AM PST   SUNSET   528 PM PST
FEBRUARY  7 2016......SUNRISE   646 AM PST   SUNSET   529 PM PST


-  INDICATES NEGATIVE NUMBERS.
R  INDICATES RECORD WAS SET OR TIED.
MM INDICATES DATA IS MISSING.
T  INDICATES TRACE AMOUNT.




$$
