000
CDUS46 KLOX 200113
CLICQT


CLIMATE REPORT
NATIONAL WEATHER SERVICE LOS ANGELES/OXNARD CA
613 PM PDT SUN OCT 19 2014


...................................

...THE DOWNTOWN LOS ANGELES (USC) CA CLIMATE SUMMARY FOR OCTOBER 19 2014...
VALID TODAY AS OF 0600 PM LOCAL TIME.

CLIMATE NORMAL PERIOD 1981 TO 2010
CLIMATE RECORD PERIOD 1877 TO 2014


WEATHER ITEM   OBSERVED TIME   RECORD YEAR NORMAL DEPARTURE LAST
                VALUE   (LST)  VALUE       VALUE  FROM      YEAR
                                                  NORMAL
..................................................................
TEMPERATURE (F)
 TODAY
  MAXIMUM         77    103 PM  99    1940  78     -1       84
  MINIMUM         62    548 AM  43    1881  58      4       56
  AVERAGE         70                        68      2       70

PRECIPITATION (IN)
  TODAY            0.00          0.79 2004   0.02  -0.02     0.00
  MONTH TO DATE    0.00                      0.35  -0.35     0.04
  SINCE JUL 1      0.05                      0.64  -0.59     0.13
  SINCE JAN 1      5.16                     11.25  -6.09     2.76

SNOWFALL (IN)
  TODAY            0.0
  MONTH TO DATE    0.0
  SINCE SEP 1      0.0
  SINCE JUL 1      0.0

DEGREE DAYS
 HEATING
  TODAY            0                         1     -1        0
  MONTH TO DATE    0                         2     -2        9
  SINCE SEP 1      0                         4     -4        9
  SINCE JUL 1      0                         4     -4        9

 COOLING
  TODAY            5                         4      1        5
  MONTH TO DATE  182                        93     89       90
  SINCE SEP 1    535                       337    198      352
  SINCE JAN 1   1612                      1171    441     1157
..................................................................


WIND (MPH)
  HIGHEST WIND SPEED     9   HIGHEST WIND DIRECTION     W (270)
  HIGHEST GUST SPEED    13   HIGHEST GUST DIRECTION     W (280)
  AVERAGE WIND SPEED     1.5


SKY COVER
  POSSIBLE SUNSHINE  MM
  AVERAGE SKY COVER 0.2


WEATHER CONDITIONS
 THE FOLLOWING WEATHER WAS RECORDED TODAY.
  NO SIGNIFICANT WEATHER WAS OBSERVED.


RELATIVE HUMIDITY (PERCENT)
 HIGHEST    84           200 AM
 LOWEST     54          1100 AM
 AVERAGE    69

..........................................................


THE DOWNTOWN LOS ANGELES (USC) CA CLIMATE NORMALS FOR TOMORROW
                         NORMAL    RECORD    YEAR
 MAXIMUM TEMPERATURE (F)   78        96      1964
 MINIMUM TEMPERATURE (F)   58        43      1886


SUNRISE AND SUNSET
OCTOBER 19 2014.......SUNRISE   702 AM PDT   SUNSET   614 PM PDT
OCTOBER 20 2014.......SUNRISE   702 AM PDT   SUNSET   613 PM PDT


-  INDICATES NEGATIVE NUMBERS.
R  INDICATES RECORD WAS SET OR TIED.
MM INDICATES DATA IS MISSING.
T  INDICATES TRACE AMOUNT.




$$
