000
CDUS42 KILM 250841
CLICRE


CLIMATE REPORT
NATIONAL WEATHER SERVICE WILMINGTON NC
441 AM EDT SAT OCT 25 2014


...................................

...THE NORTH MYRTLE BEACH SC CLIMATE SUMMARY FOR OCTOBER 24 2014...

CLIMATE NORMAL PERIOD 1981 TO 2010
CLIMATE RECORD PERIOD 1949 TO 2014


WEATHER ITEM   OBSERVED TIME   RECORD YEAR NORMAL DEPARTURE LAST
                VALUE   (LST)  VALUE       VALUE  FROM      YEAR
                                                  NORMAL
..................................................................
TEMPERATURE (F)
 YESTERDAY
  MAXIMUM         68    313 PM  84    2001  73     -5       63
  MINIMUM         47    217 AM  36    2006  53     -6       40
                                      1952
  AVERAGE         58                        63     -5       52

PRECIPITATION (IN)
  YESTERDAY        0.00                      0.10  -0.10     0.00
  MONTH TO DATE    0.35                      3.20  -2.85     1.37
  SINCE SEP 1      4.92                      9.48  -4.56     2.73
  SINCE JAN 1     33.57                     44.83 -11.26    43.49

DEGREE DAYS
 HEATING
  YESTERDAY        7                         4      3       13
  MONTH TO DATE   45                        50     -5       23
  SINCE SEP 1     46                        54     -8       23
  SINCE JUL 1     46                        54     -8       23

 COOLING
  YESTERDAY        0                         2     -2        0
  MONTH TO DATE  101                        86     15       89
  SINCE SEP 1    422                       394     28      366
  SINCE JAN 1   2010                      1870    140     1817
..................................................................


WIND (MPH)
  HIGHEST WIND SPEED    10   HIGHEST WIND DIRECTION     N (20)
  HIGHEST GUST SPEED    13   HIGHEST GUST DIRECTION    NE (30)
  AVERAGE WIND SPEED     3.8


SKY COVER
  POSSIBLE SUNSHINE  MM
  AVERAGE SKY COVER 0.0


WEATHER CONDITIONS
 THE FOLLOWING WEATHER WAS RECORDED YESTERDAY.
  FOG


RELATIVE HUMIDITY (PERCENT)
 HIGHEST    96          1000 PM
 LOWEST     48           100 PM
 AVERAGE    72

..........................................................


THE NORTH MYRTLE BEACH SC CLIMATE NORMALS FOR TODAY
                         NORMAL    RECORD    YEAR
 MAXIMUM TEMPERATURE (F)   73        88      2001
 MINIMUM TEMPERATURE (F)   52        35      2006


SUNRISE AND SUNSET
OCTOBER 25 2014.......SUNRISE   728 AM EDT   SUNSET   629 PM EDT
OCTOBER 26 2014.......SUNRISE   729 AM EDT   SUNSET   628 PM EDT


-  INDICATES NEGATIVE NUMBERS.
R  INDICATES RECORD WAS SET OR TIED.
MM INDICATES DATA IS MISSING.
T  INDICATES TRACE AMOUNT.




$$
