000
CDUS42 KILM 292055
CLICRE


CLIMATE REPORT
NATIONAL WEATHER SERVICE WILMINGTON NC
454 PM EDT SAT APR 29 2017


...................................

...THE NORTH MYRTLE BEACH SC CLIMATE SUMMARY FOR APRIL 29 2017...
VALID TODAY AS OF 0400 PM LOCAL TIME.

CLIMATE NORMAL PERIOD 1981 TO 2010
CLIMATE RECORD PERIOD 1949 TO 2017


WEATHER ITEM   OBSERVED TIME   RECORD YEAR NORMAL DEPARTURE LAST
                VALUE   (LST)  VALUE       VALUE  FROM      YEAR
                                                  NORMAL
..................................................................
TEMPERATURE (F)
 TODAY
  MAXIMUM         81   1246 PM  90    2002  75      6       85
  MINIMUM         73    223 AM  42    1992  56     17       68
  AVERAGE         77                        65     12       77

PRECIPITATION (IN)
  TODAY            0.00                      0.09  -0.09     0.00
  MONTH TO DATE    3.44                      2.87   0.57     0.99
  SINCE MAR 1      5.38                      6.79  -1.41     2.46
  SINCE JAN 1      8.91                     13.90  -4.99    10.53

SNOWFALL (IN)
  TODAY           MM
  MONTH TO DATE   MM
  SINCE MAR 1     MM
  SINCE JUL 1     MM
  SNOW DEPTH      MM

DEGREE DAYS
 HEATING
  TODAY            0                         2     -2        0
  MONTH TO DATE   48                       138    -90      123
  SINCE MAR 1    392                       476    -84      294
  SINCE JUL 1   1796                      2420   -624     1769

 COOLING
  TODAY           12                         2     10       12
  MONTH TO DATE   91                        35     56       61
  SINCE MAR 1    103                        38     65       97
  SINCE JAN 1    104                        38     66       97
..................................................................


WIND (MPH)
  HIGHEST WIND SPEED    17   HIGHEST WIND DIRECTION     S (200)
  HIGHEST GUST SPEED    23   HIGHEST GUST DIRECTION     S (200)
  AVERAGE WIND SPEED    10.1


SKY COVER
  POSSIBLE SUNSHINE  MM
  AVERAGE SKY COVER 0.5


WEATHER CONDITIONS
 THE FOLLOWING WEATHER WAS RECORDED TODAY.
  FOG


RELATIVE HUMIDITY (PERCENT)
 HIGHEST   100          1200 AM
 LOWEST     79          1200 PM
 AVERAGE    90

..........................................................


THE NORTH MYRTLE BEACH SC CLIMATE NORMALS FOR TOMORROW
                         NORMAL    RECORD    YEAR
 MAXIMUM TEMPERATURE (F)   75        84      1990
 MINIMUM TEMPERATURE (F)   56        41      2008


SUNRISE AND SUNSET
APRIL 29 2017.........SUNRISE   628 AM EDT   SUNSET   757 PM EDT
APRIL 30 2017.........SUNRISE   627 AM EDT   SUNSET   758 PM EDT


-  INDICATES NEGATIVE NUMBERS.
R  INDICATES RECORD WAS SET OR TIED.
MM INDICATES DATA IS MISSING.
T  INDICATES TRACE AMOUNT.




$$
