000
CDUS42 KILM 030843
CLICRE


CLIMATE REPORT
NATIONAL WEATHER SERVICE WILMINGTON NC
441 AM EDT FRI JUL 3 2015


...................................

...THE NORTH MYRTLE BEACH SC CLIMATE SUMMARY FOR JULY 2 2015...

CLIMATE NORMAL PERIOD 1981 TO 2010
CLIMATE RECORD PERIOD 1949 TO 2015


WEATHER ITEM   OBSERVED TIME   RECORD YEAR NORMAL DEPARTURE LAST
                VALUE   (LST)  VALUE       VALUE  FROM      YEAR
                                                  NORMAL
..................................................................
TEMPERATURE (F)
 YESTERDAY
  MAXIMUM         91   1254 PM  93    2012  87      4       87
  MINIMUM         71    828 PM  62    1955  73     -2       79
  AVERAGE         81                        80      1       83

PRECIPITATION (IN)
  YESTERDAY        0.77                      0.17   0.60     0.00
  MONTH TO DATE    0.77                      0.35   0.42     0.00
  SINCE JUN 1      3.93                      4.99  -1.06     2.63
  SINCE JAN 1     23.99                     22.39   1.60    15.61

DEGREE DAYS
 HEATING
  YESTERDAY        0                         0      0        0
  MONTH TO DATE    0                         0      0        0
  SINCE JUN 1      0                         0      0        0
  SINCE JUL 1      0                         0      0        0

 COOLING
  YESTERDAY       16                        15      1       18
  MONTH TO DATE   31                        30      1       32
  SINCE JUN 1    506                       387    119      437
  SINCE JAN 1    765                       599    166      719
..................................................................


WIND (MPH)
  HIGHEST WIND SPEED    29   HIGHEST WIND DIRECTION    SW (210)
  HIGHEST GUST SPEED    36   HIGHEST GUST DIRECTION    SW (210)
  AVERAGE WIND SPEED    11.2


SKY COVER
  POSSIBLE SUNSHINE  MM
  AVERAGE SKY COVER 0.1


WEATHER CONDITIONS
 THE FOLLOWING WEATHER WAS RECORDED YESTERDAY.
  THUNDERSTORM
  HEAVY RAIN
  RAIN
  LIGHT RAIN
  FOG
  HAZE


RELATIVE HUMIDITY (PERCENT)
 HIGHEST    93          1100 PM
 LOWEST     47           100 PM
 AVERAGE    70

..........................................................


THE NORTH MYRTLE BEACH SC CLIMATE NORMALS FOR TODAY
                         NORMAL    RECORD    YEAR
 MAXIMUM TEMPERATURE (F)   88        92      1953
 MINIMUM TEMPERATURE (F)   73        63      2010
                                             1952


SUNRISE AND SUNSET
JULY  3 2015..........SUNRISE   609 AM EDT   SUNSET   829 PM EDT
JULY  4 2015..........SUNRISE   609 AM EDT   SUNSET   829 PM EDT


-  INDICATES NEGATIVE NUMBERS.
R  INDICATES RECORD WAS SET OR TIED.
MM INDICATES DATA IS MISSING.
T  INDICATES TRACE AMOUNT.




$$
