000
CDUS42 KILM 252041
CLICRE


CLIMATE REPORT
NATIONAL WEATHER SERVICE WILMINGTON NC
440 PM EDT SAT MAR 25 2017


...................................

...THE NORTH MYRTLE BEACH SC CLIMATE SUMMARY FOR MARCH 25 2017...
VALID TODAY AS OF 0400 PM LOCAL TIME.

CLIMATE NORMAL PERIOD 1981 TO 2010
CLIMATE RECORD PERIOD 1949 TO 2017


WEATHER ITEM   OBSERVED TIME   RECORD YEAR NORMAL DEPARTURE LAST
                VALUE   (LST)  VALUE       VALUE  FROM      YEAR
                                                  NORMAL
..................................................................
TEMPERATURE (F)
 TODAY
  MAXIMUM         72    243 PM  84    2007  66      6       75
  MINIMUM         55    232 AM  28    1956  46      9       64
  AVERAGE         64                        56      8       70

PRECIPITATION (IN)
  TODAY            0.00                      0.13  -0.13      T
  MONTH TO DATE    1.69                      3.13  -1.44     0.65
  SINCE MAR 1      1.69                      3.13  -1.44     0.65
  SINCE JAN 1      5.22                     10.24  -5.02     8.72

SNOWFALL (IN)
  TODAY           MM
  MONTH TO DATE   MM
  SINCE MAR 1     MM
  SINCE JUL 1     MM
  SNOW DEPTH      MM

DEGREE DAYS
 HEATING
  TODAY            1                         9     -8        0
  MONTH TO DATE  341                       289     52      158
  SINCE MAR 1    341                       289     52      158
  SINCE JUL 1   1745                      2233   -488     1633

 COOLING
  TODAY            0                         0      0        5
  MONTH TO DATE    3                         0      3       27
  SINCE MAR 1      3                         0      3       27
  SINCE JAN 1      4                         0      4       27
..................................................................


WIND (MPH)
  HIGHEST WIND SPEED    12   HIGHEST WIND DIRECTION     S (180)
  HIGHEST GUST SPEED    15   HIGHEST GUST DIRECTION     S (160)
  AVERAGE WIND SPEED     4.0


SKY COVER
  POSSIBLE SUNSHINE  MM
  AVERAGE SKY COVER 0.9


WEATHER CONDITIONS
 THE FOLLOWING WEATHER WAS RECORDED TODAY.
  NO SIGNIFICANT WEATHER WAS OBSERVED.


RELATIVE HUMIDITY (PERCENT)
 HIGHEST   100           300 AM
 LOWEST     47          1000 AM
 AVERAGE    74

..........................................................


THE NORTH MYRTLE BEACH SC CLIMATE NORMALS FOR TOMORROW
                         NORMAL    RECORD    YEAR
 MAXIMUM TEMPERATURE (F)   66        80      2012
 MINIMUM TEMPERATURE (F)   47        30      2014


SUNRISE AND SUNSET
MARCH 25 2017.........SUNRISE   711 AM EDT   SUNSET   731 PM EDT
MARCH 26 2017.........SUNRISE   710 AM EDT   SUNSET   731 PM EDT


-  INDICATES NEGATIVE NUMBERS.
R  INDICATES RECORD WAS SET OR TIED.
MM INDICATES DATA IS MISSING.
T  INDICATES TRACE AMOUNT.




$$
