000
CDUS44 KCRP 272133
CLICRP

CLIMATE REPORT
NATIONAL WEATHER SERVICE CORPUS CHRISTI TX
427 PM CDT THU APR 27 2017


...................................

...THE CORPUS CHRISTI CLIMATE SUMMARY FOR APRIL 27 2017...
VALID AS OF 400 PM LOCAL TIME.

CLIMATE NORMAL PERIOD 1981 TO 2010
CLIMATE RECORD PERIOD 1887 TO 2017


WEATHER ITEM   OBSERVED TIME   RECORD YEAR NORMAL DEPARTURE LAST
                VALUE   (LST)  VALUE       VALUE  FROM      YEAR
                                                  NORMAL
..................................................................
TEMPERATURE (F)
 TODAY
  MAXIMUM         83   1250 PM 103    2014  84     -1       89
  MINIMUM         65    626 AM  50    1980  66     -1       74
  AVERAGE         74                        75     -1       82

PRECIPITATION (IN)
  TODAY            0.00          2.57 1941   0.07  -0.07      T
  MONTH TO DATE    2.19                      1.62   0.57     3.40
  SINCE MAR 1      7.18                      3.51   3.67     9.94
  SINCE JAN 1     10.02                      6.98   3.04    12.23

SNOWFALL (IN)
  TODAY            0.0
  MONTH TO DATE    0.0
  SINCE MAR 1      0.0
  SINCE JUL 1      0.0
  SNOW DEPTH       0

DEGREE DAYS
 HEATING
  TODAY            0                         0      0        0
  MONTH TO DATE    0                        15    -15        0
  SINCE MAR 1     16                        96    -80       21
  SINCE JUL 1    368                       896   -528      640

 COOLING
  TODAY            9                        10     -1       17
  MONTH TO DATE  264                       207     57      243
  SINCE MAR 1    467                       322    145      443
  SINCE JAN 1    736                       398    338      520
..................................................................


WIND (MPH)
  HIGHEST WIND SPEED    24   HIGHEST WIND DIRECTION    NE (40)
  HIGHEST GUST SPEED    29   HIGHEST GUST DIRECTION    NE (30)


SKY COVER
  POSSIBLE SUNSHINE  MM
  AVERAGE SKY COVER 0.2


WEATHER CONDITIONS
 THE FOLLOWING WEATHER WAS RECORDED TODAY.
  NO SIGNIFICANT WEATHER WAS OBSERVED.


RELATIVE HUMIDITY (PERCENT)
 HIGHEST    68           800 AM
 LOWEST     48          1000 AM
 AVERAGE    58

..........................................................


THE CORPUS CHRISTI CLIMATE NORMALS FOR TOMORROW
                         NORMAL    RECORD    YEAR
 MAXIMUM TEMPERATURE (F)   84       103      2014
 MINIMUM TEMPERATURE (F)   66        50      1997


SUNRISE AND SUNSET
APRIL 27 2017.........SUNRISE   654 AM CDT   SUNSET   802 PM CDT
APRIL 28 2017.........SUNRISE   653 AM CDT   SUNSET   803 PM CDT


-  INDICATES NEGATIVE NUMBERS.
R  INDICATES RECORD WAS SET OR TIED.
MM INDICATES DATA IS MISSING.
T  INDICATES TRACE AMOUNT.




$$

92
