000
CDUS44 KCRP 310035
CLICRP

CLIMATE REPORT
NATIONAL WEATHER SERVICE CORPUS CHRISTI TX
734 PM CDT MON MAY 30 2016


...................................

...THE CORPUS CHRISTI CLIMATE SUMMARY FOR MAY 30 2016...
VALID TODAY AS OF 700 PM LOCAL TIME.

CLIMATE NORMAL PERIOD 1981 TO 2010
CLIMATE RECORD PERIOD 1887 TO 2016


WEATHER ITEM   OBSERVED TIME   RECORD YEAR NORMAL DEPARTURE LAST
                VALUE   (LST)  VALUE       VALUE  FROM      YEAR
                                                  NORMAL
..................................................................
TEMPERATURE (F)
 TODAY
  MAXIMUM         88    205 PM  95    2013  89     -1       88
                                      2003
                                      1994
  MINIMUM         72    954 AM  59    1984  72      0       71
  AVERAGE         80                        81     -1       80

PRECIPITATION (IN)
  TODAY            0.02          1.63 1946   0.11  -0.09     0.15
  MONTH TO DATE    5.83                      2.96   2.87    14.32
  SINCE MAR 1     15.77                      6.69   9.08    26.81
  SINCE JAN 1     18.06                     10.16   7.90    30.26

SNOWFALL (IN)
  TODAY            0.0
  MONTH TO DATE    0.0
  SINCE MAR 1      0.0
  SINCE JUL 1      0.0
  SNOW DEPTH       0

DEGREE DAYS
 HEATING
  TODAY            0                         0      0        0
  MONTH TO DATE    0                         0      0        0
  SINCE MAR 1     21                        98    -77      116
  SINCE JUL 1    640                       898   -258     1053

 COOLING
  TODAY           15                        16     -1       15
  MONTH TO DATE  443                       398     45      432
  SINCE MAR 1    941                       750    191      788
  SINCE JAN 1   1018                       826    192      816
..................................................................


WIND (MPH)
  HIGHEST WIND SPEED    31   HIGHEST WIND DIRECTION    NW (330)
  HIGHEST GUST SPEED    39   HIGHEST GUST DIRECTION    NW (330)


SKY COVER
  POSSIBLE SUNSHINE  MM
  AVERAGE SKY COVER 0.6


WEATHER CONDITIONS
 THE FOLLOWING WEATHER WAS RECORDED TODAY.
  RAIN
  LIGHT RAIN


RELATIVE HUMIDITY (PERCENT)
 HIGHEST    94           400 AM
 LOWEST     59           200 PM
 AVERAGE    77

..........................................................


THE CORPUS CHRISTI CLIMATE NORMALS FOR TOMORROW
                         NORMAL    RECORD    YEAR
 MAXIMUM TEMPERATURE (F)   89        97      2013
 MINIMUM TEMPERATURE (F)   73        56      1984


SUNRISE AND SUNSET
MAY 30 2016...........SUNRISE   635 AM CDT   SUNSET   821 PM CDT
MAY 31 2016...........SUNRISE   634 AM CDT   SUNSET   821 PM CDT


-  INDICATES NEGATIVE NUMBERS.
R  INDICATES RECORD WAS SET OR TIED.
MM INDICATES DATA IS MISSING.
T  INDICATES TRACE AMOUNT.




$$
