000
CDUS44 KCRP 020051
CLICRP

CLIMATE REPORT
NATIONAL WEATHER SERVICE CORPUS CHRISTI TX
750 PM CDT SUN MAY 1 2016

...THE CORPUS CHRISTI CLIMATE SUMMARY FOR MAY 1 2016...

VALID TODAY AS OF 0700 PM LOCAL TIME.

CLIMATE NORMAL PERIOD 1981 TO 2010
CLIMATE RECORD PERIOD 1887 TO 2016


WEATHER ITEM   OBSERVED TIME   RECORD YEAR NORMAL DEPARTURE LAST
                VALUE   (LST)  VALUE       VALUE  FROM      YEAR
                                                  NORMAL
..................................................................
TEMPERATURE (F)
 TODAY
  MAXIMUM         90    113 PM  96    1998  84      6       81
  MINIMUM         78    343 AM  45    1925  67     11       58
  AVERAGE         84                        76      8       70

PRECIPITATION (IN)
  TODAY            0.00          1.97 1974   0.08  -0.08     0.00
  MONTH TO DATE    0.00                      0.08  -0.08     0.00
  SINCE MAR 1      9.94                      3.81   6.13    12.49
  SINCE JAN 1     12.23                      7.28   4.95    15.94

SNOWFALL (IN)
  TODAY            0.0
  MONTH TO DATE    0.0
  SINCE MAR 1      0.0
  SINCE JUL 1      0.0
  SNOW DEPTH       0

DEGREE DAYS
 HEATING
  TODAY            0                         0      0        0
  MONTH TO DATE    0                         0      0        0
  SINCE MAR 1     21                        98    -77      116
  SINCE JUL 1    640                       898   -258     1053

 COOLING
  TODAY           19                        11      8        5
  MONTH TO DATE   19                        11      8        5
  SINCE MAR 1    517                       363    154      361
  SINCE JAN 1    594                       439    155      389
..................................................................


WIND (MPH)
  HIGHEST WIND SPEED    17   HIGHEST WIND DIRECTION     E (110)
  HIGHEST GUST SPEED    21   HIGHEST GUST DIRECTION     E (110)


SKY COVER
  POSSIBLE SUNSHINE  MM
  AVERAGE SKY COVER 0.8


WEATHER CONDITIONS
 THE FOLLOWING WEATHER WAS RECORDED TODAY.
  FOG
  HAZE


RELATIVE HUMIDITY (PERCENT)
 HIGHEST    91           600 AM
 LOWEST     56           100 PM
 AVERAGE    74

..........................................................


THE CORPUS CHRISTI CLIMATE NORMALS FOR TOMORROW
                         NORMAL    RECORD    YEAR
 MAXIMUM TEMPERATURE (F)   84        98      1964
 MINIMUM TEMPERATURE (F)   67        50      1976


SUNRISE AND SUNSET
MAY  1 2016...........SUNRISE   650 AM CDT   SUNSET   804 PM CDT
MAY  2 2016...........SUNRISE   649 AM CDT   SUNSET   805 PM CDT


-  INDICATES NEGATIVE NUMBERS.
R  INDICATES RECORD WAS SET OR TIED.
MM INDICATES DATA IS MISSING.
T  INDICATES TRACE AMOUNT.

$$

87
