000
CDUS44 KCRP 170650
CLICRP

CLIMATE REPORT
NATIONAL WEATHER SERVICE CORPUS CHRISTI TX
1249 AM CST WED DEC 17 2014


...................................

...THE CORPUS CHRISTI CLIMATE SUMMARY FOR DECEMBER 16 2014...

CLIMATE NORMAL PERIOD 1981 TO 2010
CLIMATE RECORD PERIOD 1887 TO 2014


WEATHER ITEM   OBSERVED TIME   RECORD YEAR NORMAL DEPARTURE LAST
                VALUE   (LST)  VALUE       VALUE  FROM      YEAR
                                                  NORMAL
..................................................................
TEMPERATURE (F)
 YESTERDAY
  MAXIMUM         70    112 AM  88    1977  68      2       68
  MINIMUM         61   1159 PM  24    1989  48     13       34
  AVERAGE         66                        58      8       51

PRECIPITATION (IN)
  YESTERDAY        0.01          1.45 2009   0.06  -0.05     0.00
  MONTH TO DATE    0.22                      0.88  -0.66     0.02
  SINCE DEC 1      0.22                      0.88  -0.66     0.02
  SINCE JAN 1     28.54                     30.81  -2.27    23.18

SNOWFALL (IN)
  YESTERDAY        0.0
  MONTH TO DATE    0.0
  SINCE DEC 1      0.0
  SINCE JUL 1      0.0
  SNOW DEPTH       0

DEGREE DAYS
 HEATING
  YESTERDAY        0                         8     -8       14
  MONTH TO DATE   34                       114    -80      174
  SINCE DEC 1     34                       114    -80      174
  SINCE JUL 1    195                       215    -20      331

 COOLING
  YESTERDAY        1                         2     -1        0
  MONTH TO DATE   39                        32      7       17
  SINCE DEC 1     39                        32      7       17
  SINCE JAN 1   3680                      3507    173     4129
..................................................................


WIND (MPH)
  HIGHEST WIND SPEED    22   HIGHEST WIND DIRECTION    NE (50)
  HIGHEST GUST SPEED    29   HIGHEST GUST DIRECTION    NE (50)
  AVERAGE WIND SPEED    13.4


SKY COVER
  POSSIBLE SUNSHINE  MM
  AVERAGE SKY COVER 0.9


WEATHER CONDITIONS
 THE FOLLOWING WEATHER WAS RECORDED YESTERDAY.
  LIGHT RAIN


RELATIVE HUMIDITY (PERCENT)
 HIGHEST    90          1200 AM
 LOWEST     42          1100 AM
 AVERAGE    66

..........................................................


THE CORPUS CHRISTI CLIMATE NORMALS FOR TODAY
                         NORMAL    RECORD    YEAR
 MAXIMUM TEMPERATURE (F)   68        83      1990
 MINIMUM TEMPERATURE (F)   48        28      1932


SUNRISE AND SUNSET
DECEMBER 17 2014......SUNRISE   714 AM CST   SUNSET   538 PM CST
DECEMBER 18 2014......SUNRISE   715 AM CST   SUNSET   538 PM CST


-  INDICATES NEGATIVE NUMBERS.
R  INDICATES RECORD WAS SET OR TIED.
MM INDICATES DATA IS MISSING.
T  INDICATES TRACE AMOUNT.

$$

GW
