000
CDUS44 KCRP 240907
CLICRP

CLIMATE REPORT
NATIONAL WEATHER SERVICE CORPUS CHRISTI TX
256 AM CST FRI NOV 24 2017


...................................

...THE CORPUS CHRISTI CLIMATE SUMMARY FOR NOVEMBER 23 2017...

CLIMATE NORMAL PERIOD 1981 TO 2010
CLIMATE RECORD PERIOD 1887 TO 2017


WEATHER ITEM   OBSERVED TIME   RECORD YEAR NORMAL DEPARTURE LAST
                VALUE   (LST)  VALUE       VALUE  FROM      YEAR
                                                  NORMAL
..................................................................
TEMPERATURE (F)
 YESTERDAY
  MAXIMUM         72    420 PM  88    1981  74     -2       81
                                      1924
  MINIMUM         38    652 AM  35    1975  54    -16       62
  AVERAGE         55                        64     -9       72

PRECIPITATION (IN)
  YESTERDAY        0.00          2.57 1895   0.05  -0.05     0.00
  MONTH TO DATE    0.23                      1.63  -1.40     1.25
  SINCE SEP 1      4.16                     10.25  -6.09     5.24
  SINCE JAN 1     26.52                     29.59  -3.07    30.53

SNOWFALL (IN)
  YESTERDAY        0.0
  MONTH TO DATE    0.0
  SINCE SEP 1      0.0
  SINCE JUL 1      0.0
  SNOW DEPTH       0

DEGREE DAYS
 HEATING
  YESTERDAY       10                         4      6        0
  MONTH TO DATE   38                        55    -17       18
  SINCE SEP 1     59                        65     -6       18
  SINCE JUL 1     59                        65     -6       18

 COOLING
  YESTERDAY        0                         3     -3        7
  MONTH TO DATE  182                       105     77      178
  SINCE SEP 1    988                       895     93     1211
  SINCE JAN 1   3969                      3456    513     4128
..................................................................


WIND (MPH)
  HIGHEST WIND SPEED    13   HIGHEST WIND DIRECTION     N (350)
  HIGHEST GUST SPEED    19   HIGHEST GUST DIRECTION     N (360)
  AVERAGE WIND SPEED     6.9


SKY COVER
  POSSIBLE SUNSHINE  MM
  AVERAGE SKY COVER 0.1


WEATHER CONDITIONS
 THE FOLLOWING WEATHER WAS RECORDED YESTERDAY.
  NO SIGNIFICANT WEATHER WAS OBSERVED.


RELATIVE HUMIDITY (PERCENT)
 HIGHEST    82           700 AM
 LOWEST     20           300 PM
 AVERAGE    51

..........................................................


THE CORPUS CHRISTI CLIMATE NORMALS FOR TODAY
                         NORMAL    RECORD    YEAR
 MAXIMUM TEMPERATURE (F)   73        89      1949
 MINIMUM TEMPERATURE (F)   54        29      1991


SUNRISE AND SUNSET
NOVEMBER 24 2017......SUNRISE   658 AM CST   SUNSET   535 PM CST
NOVEMBER 25 2017......SUNRISE   659 AM CST   SUNSET   535 PM CST


-  INDICATES NEGATIVE NUMBERS.
R  INDICATES RECORD WAS SET OR TIED.
MM INDICATES DATA IS MISSING.
T  INDICATES TRACE AMOUNT.




$$
