000
CDUS44 KCRP 072142
CLICRP

CLIMATE REPORT
NATIONAL WEATHER SERVICE CORPUS CHRISTI TX
338 PM CST SUN FEB 7 2016


...................................

...THE CORPUS CHRISTI CLIMATE SUMMARY FOR FEBRUARY 7 2016...
VALID TODAY AS OF 300 PM LOCAL TIME.

CLIMATE NORMAL PERIOD 1981 TO 2010
CLIMATE RECORD PERIOD 1887 TO 2016


WEATHER ITEM   OBSERVED TIME   RECORD YEAR NORMAL DEPARTURE LAST
                VALUE   (LST)  VALUE       VALUE  FROM      YEAR
                                                  NORMAL
..................................................................
TEMPERATURE (F)
 TODAY
  MAXIMUM         73    259 PM  83    1999  69      4       71
                                      1950
  MINIMUM         35    731 AM  20    1895  49    -14       46
  AVERAGE         54                        59     -5       59

PRECIPITATION (IN)
  TODAY            0.00          1.20 1907   0.06  -0.06     0.00
  MONTH TO DATE    T                         0.40  -0.40     0.79
  SINCE DEC 1      2.97                      3.77  -0.80     3.87
  SINCE JAN 1      2.08                      1.94   0.14     2.83

SNOWFALL (IN)
  TODAY            0.0
  MONTH TO DATE    0.0
  SINCE DEC 1      0.0
  SINCE JUL 1      0.0
  SNOW DEPTH       0

DEGREE DAYS
 HEATING
  TODAY           11                         7      4        6
  MONTH TO DATE   54                        53      1       74
  SINCE DEC 1    486                       579    -93      619
  SINCE JUL 1    560                       680   -120      780

 COOLING
  TODAY            0                         1     -1        0
  MONTH TO DATE    6                         7     -1        3
  SINCE DEC 1     97                        86     11       65
  SINCE JAN 1     19                        37    -18        6
..................................................................


WIND (MPH)
  HIGHEST WIND SPEED    16   HIGHEST WIND DIRECTION     S (170)
  HIGHEST GUST SPEED    20   HIGHEST GUST DIRECTION     S (160)


SKY COVER
  POSSIBLE SUNSHINE  MM
  AVERAGE SKY COVER 0.2


WEATHER CONDITIONS
 THE FOLLOWING WEATHER WAS RECORDED TODAY.
  FOG
  HAZE


RELATIVE HUMIDITY (PERCENT)
 HIGHEST    85           700 AM
 LOWEST     25           200 PM
 AVERAGE    55

..........................................................


THE CORPUS CHRISTI CLIMATE NORMALS FOR TOMORROW
                         NORMAL    RECORD    YEAR
 MAXIMUM TEMPERATURE (F)   69        87      1962
 MINIMUM TEMPERATURE (F)   49        16      1895


SUNRISE AND SUNSET
FEBRUARY  7 2016......SUNRISE   713 AM CST   SUNSET   615 PM CST
FEBRUARY  8 2016......SUNRISE   713 AM CST   SUNSET   616 PM CST


-  INDICATES NEGATIVE NUMBERS.
R  INDICATES RECORD WAS SET OR TIED.
MM INDICATES DATA IS MISSING.
T  INDICATES TRACE AMOUNT.




$$
