000
CDUS41 KRLX 270717
CLICRW


CLIMATE REPORT
NATIONAL WEATHER SERVICE CHARLESTON WV
316 AM EDT WED MAY 27 2015


...................................

...THE CHARLESTON WV CLIMATE SUMMARY FOR MAY 26 2015...

CLIMATE NORMAL PERIOD 1981 TO 2010
CLIMATE RECORD PERIOD 1901 TO 2015


WEATHER ITEM   OBSERVED TIME   RECORD YEAR NORMAL DEPARTURE LAST
                VALUE   (LST)  VALUE       VALUE  FROM      YEAR
                                                  NORMAL
..................................................................
TEMPERATURE (F)
 YESTERDAY
  MAXIMUM         88    502 PM  94    1916  77     11       86
  MINIMUM         65    543 AM  37    1925  56      9       51
  AVERAGE         77                        66     11       69

PRECIPITATION (IN)
  YESTERDAY        0.28          1.23 1957   0.17   0.11     0.00
  MONTH TO DATE    1.44                      3.97  -2.53     2.24
  SINCE JAN 1     18.70                     17.31   1.39    15.99

SNOWFALL (IN)
  YESTERDAY        0.0
  MONTH TO DATE    0.0
  SINCE SEP 1     29.1
  SNOW DEPTH       0

DEGREE DAYS
 HEATING
  YESTERDAY        0                         2     -2        0
  MONTH TO DATE   54                       107    -53       87
  SINCE MAR 1    930                      1001    -71     1006
  SINCE JUL 1   4835                      4455    380     4773

 COOLING
  YESTERDAY       12                         4      8        4
  MONTH TO DATE  125                        56     69       70
  SINCE MAR 1    140                        88     52       88
  SINCE JAN 1    140                        88     52       88
..................................................................


WIND (MPH)
  HIGHEST WIND SPEED    20   HIGHEST WIND DIRECTION     W (280)
  HIGHEST GUST SPEED    30   HIGHEST GUST DIRECTION     W (250)
  AVERAGE WIND SPEED     4.7


SKY COVER
  POSSIBLE SUNSHINE  MM
  AVERAGE SKY COVER 0.7


WEATHER CONDITIONS
 THE FOLLOWING WEATHER WAS RECORDED YESTERDAY.
  THUNDERSTORM
  LIGHT RAIN
  FOG


RELATIVE HUMIDITY (PERCENT)
 HIGHEST    93           100 AM
 LOWEST     43           300 PM
 AVERAGE    68

..........................................................


THE CHARLESTON WV CLIMATE NORMALS FOR TODAY
                         NORMAL    RECORD    YEAR
 MAXIMUM TEMPERATURE (F)   77        95      1918
 MINIMUM TEMPERATURE (F)   56        37      1949


SUNRISE AND SUNSET
MAY 27 2015...........SUNRISE   607 AM EDT   SUNSET   841 PM EDT
MAY 28 2015...........SUNRISE   606 AM EDT   SUNSET   841 PM EDT


-  INDICATES NEGATIVE NUMBERS.
R  INDICATES RECORD WAS SET OR TIED.
MM INDICATES DATA IS MISSING.
T  INDICATES TRACE AMOUNT.




$$
