000
CDUS41 KRLX 262225
CLICRW


CLIMATE REPORT
NATIONAL WEATHER SERVICE CHARLESTON WV
524 PM EST WED NOV 26 2014


...................................

...THE CHARLESTON WV CLIMATE SUMMARY FOR NOVEMBER 26 2014...
VALID TODAY AS OF 0500 PM LOCAL TIME.

CLIMATE NORMAL PERIOD 1981 TO 2010
CLIMATE RECORD PERIOD 1901 TO 2014


WEATHER ITEM   OBSERVED TIME   RECORD YEAR NORMAL DEPARTURE LAST
                VALUE   (LST)  VALUE       VALUE  FROM      YEAR
                                                  NORMAL
..................................................................
TEMPERATURE (F)
 TODAY
  MAXIMUM         40    129 AM  76    1990  52    -12       40
  MINIMUM         33   1200 PM  12    1950  34     -1       33
  AVERAGE         37                        43     -6       37

PRECIPITATION (IN)
  TODAY            0.27          1.25 2013   0.13   0.14     1.25
  MONTH TO DATE    2.23                      3.23  -1.00     3.00
  SINCE SEP 1     11.20                      9.15   2.05     6.76
  SINCE JAN 1     43.35                     40.26   3.09    40.80

DEGREE DAYS
 HEATING
  TODAY           28                        22      6       28
  MONTH TO DATE  609                       454    155      516
  SINCE SEP 1    946                       792    154      819
  SINCE JUL 1    946                       794    152      822

 COOLING
  TODAY            0                         0      0        0
  MONTH TO DATE    0                         0      0        0
  SINCE SEP 1    142                       148     -6      155
  SINCE JAN 1   1049                      1094    -45     1121
..................................................................


WIND (MPH)
  HIGHEST WIND SPEED     8   HIGHEST WIND DIRECTION    SE (120)
  HIGHEST GUST SPEED    11   HIGHEST GUST DIRECTION     N (350)
  AVERAGE WIND SPEED     2.5


SKY COVER
  POSSIBLE SUNSHINE  MM
  AVERAGE SKY COVER 1.0


WEATHER CONDITIONS
 THE FOLLOWING WEATHER WAS RECORDED TODAY.
  MIXED PRECIP
  RAIN
  LIGHT RAIN
  SNOW
  LIGHT SNOW
  FOG


RELATIVE HUMIDITY (PERCENT)
 HIGHEST   100          1100 AM
 LOWEST     64          1200 AM
 AVERAGE    82

..........................................................


THE CHARLESTON WV CLIMATE NORMALS FOR TOMORROW
                         NORMAL    RECORD    YEAR
 MAXIMUM TEMPERATURE (F)   52        84      1990
 MINIMUM TEMPERATURE (F)   34         9      1930


SUNRISE AND SUNSET
NOVEMBER 26 2014......SUNRISE   720 AM EST   SUNSET   508 PM EST
NOVEMBER 27 2014......SUNRISE   721 AM EST   SUNSET   507 PM EST


-  INDICATES NEGATIVE NUMBERS.
R  INDICATES RECORD WAS SET OR TIED.
MM INDICATES DATA IS MISSING.
T  INDICATES TRACE AMOUNT.




$$
