000
CDUS41 KRLX 190732
CLICRW


CLIMATE REPORT
NATIONAL WEATHER SERVICE CHARLESTON WV
331 AM EDT THU OCT 19 2017


...................................

...THE CHARLESTON WV CLIMATE SUMMARY FOR OCTOBER 18 2017...

CLIMATE NORMAL PERIOD 1981 TO 2010
CLIMATE RECORD PERIOD 1901 TO 2017


WEATHER ITEM   OBSERVED TIME   RECORD YEAR NORMAL DEPARTURE LAST
                VALUE   (LST)  VALUE       VALUE  FROM      YEAR
                                                  NORMAL
..................................................................
TEMPERATURE (F)
 YESTERDAY
  MAXIMUM         74    411 PM  91    1928  67      7       84
  MINIMUM         36    648 AM  26    1969  45     -9       57
  AVERAGE         55                        56     -1       71

PRECIPITATION (IN)
  YESTERDAY        0.00          1.62 1911   0.07  -0.07     0.00
  MONTH TO DATE    1.66                      1.50   0.16     1.45
  SINCE JAN 1     39.49                     35.86   3.63    32.80

SNOWFALL (IN)
  YESTERDAY        0.0           T    2012   0.0    0.0      0.0
  MONTH TO DATE    0.0                       0.0    0.0      0.0
  SINCE SEP 1      0.0                       0.0    0.0      0.0
  SNOW DEPTH       0

DEGREE DAYS
 HEATING
  YESTERDAY       10                        10      0        0
  MONTH TO DATE   46                       133    -87       56
  SINCE SEP 1     83                       189   -106       63
  SINCE JUL 1     83                       191   -108       63

 COOLING
  YESTERDAY        0                         0      0        6
  MONTH TO DATE   68                        16     52       20
  SINCE SEP 1    199                       143     56      269
  SINCE JAN 1   1137                      1089     48     1450
..................................................................


WIND (MPH)
  HIGHEST WIND SPEED     8   HIGHEST WIND DIRECTION    SW (240)
  HIGHEST GUST SPEED    11   HIGHEST GUST DIRECTION     W (280)
  AVERAGE WIND SPEED     0.5


SKY COVER
  POSSIBLE SUNSHINE  MM
  AVERAGE SKY COVER 0.2


WEATHER CONDITIONS
 THE FOLLOWING WEATHER WAS RECORDED YESTERDAY.
  FOG


RELATIVE HUMIDITY (PERCENT)
 HIGHEST   100           500 AM
 LOWEST     31           400 PM
 AVERAGE    66

..........................................................


THE CHARLESTON WV CLIMATE NORMALS FOR TODAY
                         NORMAL    RECORD    YEAR
 MAXIMUM TEMPERATURE (F)   67        86      2016
                                             1928
 MINIMUM TEMPERATURE (F)   44        27      1992
                                             1972
                                             1948


SUNRISE AND SUNSET
OCTOBER 19 2017.......SUNRISE   740 AM EDT   SUNSET   643 PM EDT
OCTOBER 20 2017.......SUNRISE   741 AM EDT   SUNSET   641 PM EDT


-  INDICATES NEGATIVE NUMBERS.
R  INDICATES RECORD WAS SET OR TIED.
MM INDICATES DATA IS MISSING.
T  INDICATES TRACE AMOUNT.




$$
