000
CDUS41 KRLX 220745
CLICRW


CLIMATE REPORT
NATIONAL WEATHER SERVICE CHARLESTON WV
344 AM EDT TUE JUL 22 2014


...................................

...THE CHARLESTON WV CLIMATE SUMMARY FOR JULY 21 2014...

CLIMATE NORMAL PERIOD 1981 TO 2010
CLIMATE RECORD PERIOD 1901 TO 2014


WEATHER ITEM   OBSERVED TIME   RECORD YEAR NORMAL DEPARTURE LAST
                VALUE   (LST)  VALUE       VALUE  FROM      YEAR
                                                  NORMAL
..................................................................
TEMPERATURE (F)
 YESTERDAY
  MAXIMUM         89    405 PM 106    1930  85      4       84
  MINIMUM         65    625 AM  50    1970  66     -1       68
                                      1966
  AVERAGE         77                        76      1       76

PRECIPITATION (IN)
  YESTERDAY        0.00          1.94 1946   0.17  -0.17     0.50
  MONTH TO DATE    3.01                      3.33  -0.32     5.42
  SINCE JAN 1     25.67                     25.76  -0.09    27.97

SNOWFALL (IN)
  YESTERDAY        0.0
  MONTH TO DATE    0.0
  SINCE SEP 1     51.7
  SNOW DEPTH       0

DEGREE DAYS
 HEATING
  YESTERDAY        0                         0      0        0
  MONTH TO DATE    0                         0      0        0
  SINCE JUN 1      0                        13    -13        0
  SINCE JUL 1      0                         0      0        0

 COOLING
  YESTERDAY       12                        11      1       11
  MONTH TO DATE  189                       224    -35      257
  SINCE JUN 1    453                       444      9      492
  SINCE JAN 1    574                       554     20      639
..................................................................


WIND (MPH)
  HIGHEST WIND SPEED     8   HIGHEST WIND DIRECTION     S (190)
  HIGHEST GUST SPEED    13   HIGHEST GUST DIRECTION    SW (210)
  AVERAGE WIND SPEED     1.5


SKY COVER
  POSSIBLE SUNSHINE  MM
  AVERAGE SKY COVER 0.4


WEATHER CONDITIONS
 THE FOLLOWING WEATHER WAS RECORDED YESTERDAY.
  FOG


RELATIVE HUMIDITY (PERCENT)
 HIGHEST   100          1200 AM
 LOWEST     44           400 PM
 AVERAGE    72

..........................................................


THE CHARLESTON WV CLIMATE NORMALS FOR TODAY
                         NORMAL    RECORD    YEAR
 MAXIMUM TEMPERATURE (F)   85       106      1934
 MINIMUM TEMPERATURE (F)   66        49      1947


SUNRISE AND SUNSET
JULY 22 2014..........SUNRISE   620 AM EDT   SUNSET   845 PM EDT
JULY 23 2014..........SUNRISE   621 AM EDT   SUNSET   844 PM EDT


-  INDICATES NEGATIVE NUMBERS.
R  INDICATES RECORD WAS SET OR TIED.
MM INDICATES DATA IS MISSING.
T  INDICATES TRACE AMOUNT.




$$
