000
CDUS41 KRLX 180746
CLICRW


CLIMATE REPORT
NATIONAL WEATHER SERVICE CHARLESTON WV
343 AM EDT THU SEP 18 2014


...................................

...THE CHARLESTON WV CLIMATE SUMMARY FOR SEPTEMBER 17 2014...

CLIMATE NORMAL PERIOD 1981 TO 2010
CLIMATE RECORD PERIOD 1901 TO 2014


WEATHER ITEM   OBSERVED TIME   RECORD YEAR NORMAL DEPARTURE LAST
                VALUE   (LST)  VALUE       VALUE  FROM      YEAR
                                                  NORMAL
..................................................................
TEMPERATURE (F)
 YESTERDAY
  MAXIMUM         71    511 PM  99    1931  77     -6       76
  MINIMUM         54    708 AM  39    2000  57     -3       53
  AVERAGE         63                        67     -4       65

PRECIPITATION (IN)
  YESTERDAY        0.00          4.15 2004   0.12  -0.12     0.00
  MONTH TO DATE    4.49                      1.89   2.60     1.50
  SINCE JAN 1     36.64                     33.00   3.64    35.54

SNOWFALL (IN)
  YESTERDAY        0.0
  MONTH TO DATE    0.0
  SINCE SEP 1      0.0
  SNOW DEPTH       0

DEGREE DAYS
 HEATING
  YESTERDAY        2                         2      0        0
  MONTH TO DATE   21                        12      9       13
  SINCE SEP 1     21                        12      9       13
  SINCE JUL 1     21                        14      7       16

 COOLING
  YESTERDAY        0                         4     -4        0
  MONTH TO DATE  104                        92     12       98
  SINCE SEP 1    104                        92     12       98
  SINCE JAN 1   1011                      1038    -27     1064
..................................................................


WIND (MPH)
  HIGHEST WIND SPEED     9   HIGHEST WIND DIRECTION     W (250)
  HIGHEST GUST SPEED    12   HIGHEST GUST DIRECTION     W (280)
  AVERAGE WIND SPEED     1.7


SKY COVER
  POSSIBLE SUNSHINE  MM
  AVERAGE SKY COVER 0.9


WEATHER CONDITIONS
 THE FOLLOWING WEATHER WAS RECORDED YESTERDAY.
  FOG
  FOG W/VISIBILITY <= 1/4 MILE


RELATIVE HUMIDITY (PERCENT)
 HIGHEST   100          1200 AM
 LOWEST     61           400 PM
 AVERAGE    81

..........................................................


THE CHARLESTON WV CLIMATE NORMALS FOR TODAY
                         NORMAL    RECORD    YEAR
 MAXIMUM TEMPERATURE (F)   77       100      1931
 MINIMUM TEMPERATURE (F)   56        35      1937


SUNRISE AND SUNSET
SEPTEMBER 18 2014.....SUNRISE   711 AM EDT   SUNSET   730 PM EDT
SEPTEMBER 19 2014.....SUNRISE   711 AM EDT   SUNSET   728 PM EDT


-  INDICATES NEGATIVE NUMBERS.
R  INDICATES RECORD WAS SET OR TIED.
MM INDICATES DATA IS MISSING.
T  INDICATES TRACE AMOUNT.




$$
