000
CDUS41 KRLX 270725
CLICRW


CLIMATE REPORT
NATIONAL WEATHER SERVICE CHARLESTON WV
321 AM EDT TUE SEP 27 2016


...................................

...THE CHARLESTON WV CLIMATE SUMMARY FOR SEPTEMBER 26 2016...

CLIMATE NORMAL PERIOD 1981 TO 2010
CLIMATE RECORD PERIOD 1901 TO 2016


WEATHER ITEM   OBSERVED TIME   RECORD YEAR NORMAL DEPARTURE LAST
                VALUE   (LST)  VALUE       VALUE  FROM      YEAR
                                                  NORMAL
..................................................................
TEMPERATURE (F)
 YESTERDAY
  MAXIMUM         86   1257 PM  93    1908  74     12       70
  MINIMUM         59   1159 PM  33    1928  53      6       60
  AVERAGE         73                        63     10       65

PRECIPITATION (IN)
  YESTERDAY        0.11          2.08 2009   0.10   0.01     0.60
  MONTH TO DATE    0.49                      2.84  -2.35     1.36
  SINCE JAN 1     29.99                     33.95  -3.96    37.75

SNOWFALL (IN)
  YESTERDAY        0.0
  MONTH TO DATE    0.0
  SINCE SEP 1      0.0
  SNOW DEPTH       0

DEGREE DAYS
 HEATING
  YESTERDAY        0                         4     -4        0
  MONTH TO DATE    0                        37    -37       18
  SINCE SEP 1      0                        37    -37       18
  SINCE JUL 1      0                        39    -39       18

 COOLING
  YESTERDAY        8                         2      6        0
  MONTH TO DATE  249                       117    132      164
  SINCE SEP 1    249                       117    132      164
  SINCE JAN 1   1430                      1063    367     1235
..................................................................


WIND (MPH)
  HIGHEST WIND SPEED    25   HIGHEST WIND DIRECTION     W (280)
  HIGHEST GUST SPEED    38   HIGHEST GUST DIRECTION     W (280)
  AVERAGE WIND SPEED     4.8


SKY COVER
  POSSIBLE SUNSHINE  MM
  AVERAGE SKY COVER 0.5


WEATHER CONDITIONS
 THE FOLLOWING WEATHER WAS RECORDED YESTERDAY.
  THUNDERSTORM
  FOG
  HAZE


RELATIVE HUMIDITY (PERCENT)
 HIGHEST    97           200 AM
 LOWEST     45           100 PM
 AVERAGE    71

..........................................................


THE CHARLESTON WV CLIMATE NORMALS FOR TODAY
                         NORMAL    RECORD    YEAR
 MAXIMUM TEMPERATURE (F)   74        92      1946
                                             1930
                                             1908
 MINIMUM TEMPERATURE (F)   52        35      1947
                                             1928


SUNRISE AND SUNSET
SEPTEMBER 27 2016.....SUNRISE   719 AM EDT   SUNSET   715 PM EDT
SEPTEMBER 28 2016.....SUNRISE   720 AM EDT   SUNSET   713 PM EDT


-  INDICATES NEGATIVE NUMBERS.
R  INDICATES RECORD WAS SET OR TIED.
MM INDICATES DATA IS MISSING.
T  INDICATES TRACE AMOUNT.




$$
