000
CDUS42 KFFC 020819
CLICSG


CLIMATE REPORT
NATIONAL WEATHER SERVICE PEACHTREE CITY GA
419 AM EDT SUN AUG 2 2015


...................................

...THE COLUMBUS CLIMATE SUMMARY FOR AUGUST 1 2015...

CLIMATE NORMAL PERIOD 1981 TO 2010
CLIMATE RECORD PERIOD 1948 TO 2015


WEATHER ITEM   OBSERVED TIME   RECORD YEAR NORMAL DEPARTURE LAST
                VALUE   (LST)  VALUE       VALUE  FROM      YEAR
                                                  NORMAL
..................................................................
TEMPERATURE (F)
 YESTERDAY
  MAXIMUM         93    345 PM 103    1986  92      1       85
  MINIMUM         72    739 AM  62    1997  73     -1       71
  AVERAGE         83                        83      0       78

PRECIPITATION (IN)
  YESTERDAY        0.00          2.38 1983   0.13  -0.13      T
  MONTH TO DATE    0.00                      0.13  -0.13      T
  SINCE JUN 1      6.31                      8.61  -2.30     8.70
  SINCE JAN 1     25.79                     29.10  -3.31    34.49

DEGREE DAYS
 HEATING
  YESTERDAY        0                         0      0        0
  MONTH TO DATE    0                         0      0        0
  SINCE JUN 1      0                         0      0        0
  SINCE JUL 1      0                         0      0        0

 COOLING
  YESTERDAY       18                        18      0       13
  MONTH TO DATE   18                        18      0       13
  SINCE JUN 1   1079                      1008     71      954
  SINCE JAN 1   1525                      1366    159     1290
..................................................................


WIND (MPH)
  HIGHEST WIND SPEED    13   HIGHEST WIND DIRECTION     S (160)
  HIGHEST GUST SPEED    17   HIGHEST GUST DIRECTION    SE (150)
  AVERAGE WIND SPEED     2.7


SKY COVER
  AVERAGE SKY COVER 0.5


WEATHER CONDITIONS
 THE FOLLOWING WEATHER WAS RECORDED YESTERDAY.
  FOG
  FOG W/VISIBILITY <= 1/4 MILE


RELATIVE HUMIDITY (PERCENT)
 HIGHEST   100           100 AM
 LOWEST     49           300 PM
 AVERAGE    75

..........................................................


THE COLUMBUS CLIMATE NORMALS FOR TODAY
                         NORMAL    RECORD    YEAR
 MAXIMUM TEMPERATURE (F)   92       100      1999
                                             1986
 MINIMUM TEMPERATURE (F)   73        65      1966


SUNRISE AND SUNSET
AUGUST  2 2015........SUNRISE   655 AM EDT   SUNSET   837 PM EDT
AUGUST  3 2015........SUNRISE   655 AM EDT   SUNSET   836 PM EDT


-  INDICATES NEGATIVE NUMBERS.
R  INDICATES RECORD WAS SET OR TIED.
MM INDICATES DATA IS MISSING.
T  INDICATES TRACE AMOUNT.




$$
