562
CDUS42 KFFC 170024
CLICSG


CLIMATE REPORT
NATIONAL WEATHER SERVICE PEACHTREE CITY GA
724 PM EST TUE JAN 16 2018


...................................

...THE COLUMBUS CLIMATE SUMMARY FOR JANUARY 16 2018...
VALID AS OF 0700 PM LOCAL TIME.

CLIMATE NORMAL PERIOD 1981 TO 2010
CLIMATE RECORD PERIOD 1948 TO 2018


WEATHER ITEM   OBSERVED TIME   RECORD YEAR NORMAL DEPARTURE LAST
                VALUE   (LST)  VALUE       VALUE  FROM      YEAR
                                                  NORMAL
..................................................................
TEMPERATURE (F)
 TODAY
  MAXIMUM         56    302 PM  79    1950  57     -1       76
  MINIMUM         29    730 AM  14    1972  37     -8       53
  AVERAGE         43                        47     -4       65

PRECIPITATION (IN)
  TODAY            0.00          2.80 1925   0.12  -0.12     0.00
  MONTH TO DATE    0.73                      1.92  -1.19     8.55
  SINCE DEC 1      3.28                      6.19  -2.91    12.92
  SINCE JAN 1      0.73                      1.92  -1.19     8.55

SNOWFALL (IN)
  TODAY            0.0           0.0  2002   0.0    0.0      0.0
  MONTH TO DATE    0.0                       0.1   -0.1      0.0
  SINCE DEC 1      T                         0.2   -0.2      0.0
  SINCE JUL 1      T                         0.2   -0.2      0.0
  SNOW DEPTH       0

DEGREE DAYS
 HEATING
  TODAY           22                        18      4        0
  MONTH TO DATE  370                       288     82      204
  SINCE DEC 1    799                       785     14      591
  SINCE JUL 1   1063                      1117    -54      778
..................................................................


WIND (MPH)
  HIGHEST WIND SPEED    15   HIGHEST WIND DIRECTION    NW (320)
  HIGHEST GUST SPEED    19   HIGHEST GUST DIRECTION    NW (310)
  AVERAGE WIND SPEED     2.9


SKY COVER
  AVERAGE SKY COVER 0.2


WEATHER CONDITIONS
 THE FOLLOWING WEATHER WAS RECORDED TODAY.
  NO SIGNIFICANT WEATHER WAS OBSERVED.


RELATIVE HUMIDITY (PERCENT)
 HIGHEST    85           500 AM
 LOWEST     38           300 PM

..........................................................


THE COLUMBUS CLIMATE NORMALS FOR TOMORROW
                         NORMAL    RECORD
 MAXIMUM TEMPERATURE (F)   57        81
 MINIMUM TEMPERATURE (F)   37         9


SUNRISE AND SUNSET
JANUARY 16 2018.......SUNRISE   741 AM EST   SUNSET   558 PM EST
JANUARY 17 2018.......SUNRISE   741 AM EST   SUNSET   559 PM EST


-  INDICATES NEGATIVE NUMBERS.
R  INDICATES RECORD WAS SET OR TIED.
MM INDICATES DATA IS MISSING.
T  INDICATES TRACE AMOUNT.




$$
