000
CDUS42 KFFC 200819
CLICSG


CLIMATE REPORT
NATIONAL WEATHER SERVICE PEACHTREE CITY GA
419 AM EDT WED AUG 20 2014


...................................

...THE COLUMBUS CLIMATE SUMMARY FOR AUGUST 19 2014...

CLIMATE NORMAL PERIOD 1981 TO 2010
CLIMATE RECORD PERIOD 1948 TO 2014


WEATHER ITEM   OBSERVED TIME   RECORD YEAR NORMAL DEPARTURE LAST
                VALUE   (LST)  VALUE       VALUE  FROM      YEAR
                                                  NORMAL
..................................................................
TEMPERATURE (F)
 YESTERDAY
  MAXIMUM         88    228 PM 100    2000  91     -3       89
  MINIMUM         69    449 AM  64    1958  72     -3       72
  AVERAGE         79                        82     -3       81

PRECIPITATION (IN)
  YESTERDAY        0.16          0.59 1959   0.12   0.04     0.00
  MONTH TO DATE    1.17                      2.36  -1.19     8.40
  SINCE JUN 1      9.87                     10.84  -0.97    24.53
  SINCE JAN 1     35.66                     31.33   4.33    50.14

DEGREE DAYS
 HEATING
  YESTERDAY        0                         0      0        0
  MONTH TO DATE    0                         0      0        0
  SINCE JUN 1      0                         0      0        0
  SINCE JUL 1      0                         0      0        0

 COOLING
  YESTERDAY       14                        17     -3       16
  MONTH TO DATE  301                       327    -26      297
  SINCE JUN 1   1242                      1317    -75     1233
  SINCE JAN 1   1578                      1675    -97     1596
..................................................................


WIND (MPH)
  HIGHEST WIND SPEED    35   HIGHEST WIND DIRECTION     W (260)
  HIGHEST GUST SPEED    54   HIGHEST GUST DIRECTION    SW (230)
  AVERAGE WIND SPEED     5.8


SKY COVER
  AVERAGE SKY COVER 0.3


WEATHER CONDITIONS
 THE FOLLOWING WEATHER WAS RECORDED YESTERDAY.
  THUNDERSTORM
  RAIN
  LIGHT RAIN
  FOG
  HAZE


RELATIVE HUMIDITY (PERCENT)
 HIGHEST   100          1200 AM
 LOWEST     59           100 PM
 AVERAGE    80

..........................................................


THE COLUMBUS CLIMATE NORMALS FOR TODAY
                         NORMAL    RECORD    YEAR
 MAXIMUM TEMPERATURE (F)   91       102      1983
 MINIMUM TEMPERATURE (F)   72        66      1961
                                             1948


SUNRISE AND SUNSET
AUGUST 20 2014........SUNRISE   707 AM EDT   SUNSET   819 PM EDT
AUGUST 21 2014........SUNRISE   707 AM EDT   SUNSET   818 PM EDT


-  INDICATES NEGATIVE NUMBERS.
R  INDICATES RECORD WAS SET OR TIED.
MM INDICATES DATA IS MISSING.
T  INDICATES TRACE AMOUNT.




$$
