417
CDUS42 KFFC 300835
CLICSG


CLIMATE REPORT
NATIONAL WEATHER SERVICE PEACHTREE CITY GA
434 AM EDT THU MAR 30 2017


...................................

...THE COLUMBUS CLIMATE SUMMARY FOR MARCH 29 2017...

CLIMATE NORMAL PERIOD 1981 TO 2010
CLIMATE RECORD PERIOD 1948 TO 2017


WEATHER ITEM   OBSERVED TIME   RECORD YEAR NORMAL DEPARTURE LAST
                VALUE   (LST)  VALUE       VALUE  FROM      YEAR
                                                  NORMAL
..................................................................
TEMPERATURE (F)
 YESTERDAY
  MAXIMUM         87    359 PM  89    2007  73     14       76
  MINIMUM         62    631 AM  32    1955  49     13       44
                                      1953
                                      1948
  AVERAGE         75                        61     14       60

PRECIPITATION (IN)
  YESTERDAY        T             3.22 1991   0.17  -0.17     0.00
  MONTH TO DATE    1.41                      5.14  -3.73     2.39
  SINCE MAR 1      1.41                      5.14  -3.73     2.39
  SINCE JAN 1     15.67                     13.43   2.24     9.82

SNOWFALL (IN)
  YESTERDAY        0.0           0.0  2002   0.0    0.0      0.0
                                      2001
                                      2000
  MONTH TO DATE    0.0                       0.1   -0.1      0.0
  SINCE MAR 1      0.0                       0.1   -0.1      0.0
  SINCE JUL 1      0.0                       0.4   -0.4      0.0
  SNOW DEPTH       0

DEGREE DAYS
 HEATING
  YESTERDAY        0                         6     -6        5
  MONTH TO DATE  203                       236    -33      142
  SINCE MAR 1    203                       236    -33      142
  SINCE JUL 1   1333                      2013   -680     1532

 COOLING
  YESTERDAY       10                         1      9        0
  MONTH TO DATE   57                        22     35       55
  SINCE MAR 1     57                        22     35       55
  SINCE JAN 1     74                        26     48       57
..................................................................


WIND (MPH)
  HIGHEST WIND SPEED    16   HIGHEST WIND DIRECTION    SW (220)
  HIGHEST GUST SPEED    20   HIGHEST GUST DIRECTION     W (280)
  AVERAGE WIND SPEED     3.2


SKY COVER
  AVERAGE SKY COVER 0.2


WEATHER CONDITIONS
 THE FOLLOWING WEATHER WAS RECORDED YESTERDAY.
  LIGHT RAIN
  FOG
  HAZE


RELATIVE HUMIDITY (PERCENT)
 HIGHEST    93           400 AM
 LOWEST     35           400 PM
 AVERAGE    64

..........................................................


THE COLUMBUS CLIMATE NORMALS FOR TODAY
                         NORMAL    RECORD    YEAR
 MAXIMUM TEMPERATURE (F)   73        90      1928
 MINIMUM TEMPERATURE (F)   49        29      1964


SUNRISE AND SUNSET
MARCH 30 2017.........SUNRISE   730 AM EDT   SUNSET   759 PM EDT
MARCH 31 2017.........SUNRISE   729 AM EDT   SUNSET   759 PM EDT


-  INDICATES NEGATIVE NUMBERS.
R  INDICATES RECORD WAS SET OR TIED.
MM INDICATES DATA IS MISSING.
T  INDICATES TRACE AMOUNT.




$$
