000
CDUS42 KFFC 032035
CLICSG


CLIMATE REPORT
NATIONAL WEATHER SERVICE PEACHTREE CITY GA
435 PM EDT FRI JUL 3 2015


...................................

...THE COLUMBUS CLIMATE SUMMARY FOR JULY 3 2015...
VALID TODAY AS OF 0400 PM LOCAL TIME.

CLIMATE NORMAL PERIOD 1981 TO 2010
CLIMATE RECORD PERIOD 1948 TO 2015


WEATHER ITEM   OBSERVED TIME   RECORD YEAR NORMAL DEPARTURE LAST
                VALUE   (LST)  VALUE       VALUE  FROM      YEAR
                                                  NORMAL
..................................................................
TEMPERATURE (F)
 TODAY
  MAXIMUM         90    203 PM 101    1970  92     -2       93
  MINIMUM         75    636 AM  64    1950  72      3       73
  AVERAGE         83                        82      1       83

PRECIPITATION (IN)
  TODAY            0.00          5.45 1989   0.15  -0.15     0.00
  MONTH TO DATE    0.25                      0.46  -0.21     0.00
  SINCE JUN 1      4.32                      4.18   0.14     4.21
  SINCE JAN 1     23.80                     24.67  -0.87    30.00

DEGREE DAYS
 HEATING
  TODAY            0                         0      0        0
  MONTH TO DATE    0                         0      0        0
  SINCE JUN 1      0                         0      0        0
  SINCE JUL 1      0                         0      0        0

 COOLING
  TODAY           18                        17      1       18
  MONTH TO DATE   45                        51     -6       56
  SINCE JUN 1    517                       497     20      515
  SINCE JAN 1    963                       855    108      851
..................................................................


WIND (MPH)
  RESULTANT WIND SPEED   9   RESULTANT WIND DIRECTION   W (270)
  HIGHEST WIND SPEED    17   HIGHEST WIND DIRECTION    NW (310)
  HIGHEST GUST SPEED    24   HIGHEST GUST DIRECTION    NW (310)
  AVERAGE WIND SPEED     9.8


SKY COVER
  AVERAGE SKY COVER 0.3


WEATHER CONDITIONS
 THE FOLLOWING WEATHER WAS RECORDED TODAY.
  NO SIGNIFICANT WEATHER WAS OBSERVED.


RELATIVE HUMIDITY (PERCENT)
 HIGHEST    94          1200 AM
 LOWEST     44           200 PM
 AVERAGE    69

..........................................................


THE COLUMBUS CLIMATE NORMALS FOR TOMORROW
                         NORMAL    RECORD    YEAR
 MAXIMUM TEMPERATURE (F)   92        99      2006
 MINIMUM TEMPERATURE (F)   72        64      1986


SUNRISE AND SUNSET
JULY  3 2015..........SUNRISE   637 AM EDT   SUNSET   851 PM EDT
JULY  4 2015..........SUNRISE   637 AM EDT   SUNSET   851 PM EDT


-  INDICATES NEGATIVE NUMBERS.
R  INDICATES RECORD WAS SET OR TIED.
MM INDICATES DATA IS MISSING.
T  INDICATES TRACE AMOUNT.




$$
