000
CDUS42 KFFC 250818
CLICSG


CLIMATE REPORT
NATIONAL WEATHER SERVICE PEACHTREE CITY GA
418 AM EDT MON MAY 25 2015


...................................

...THE COLUMBUS CLIMATE SUMMARY FOR MAY 24 2015...

CLIMATE NORMAL PERIOD 1981 TO 2010
CLIMATE RECORD PERIOD 1948 TO 2015


WEATHER ITEM   OBSERVED TIME   RECORD YEAR NORMAL DEPARTURE LAST
                VALUE   (LST)  VALUE       VALUE  FROM      YEAR
                                                  NORMAL
..................................................................
TEMPERATURE (F)
 YESTERDAY
  MAXIMUM         86    337 PM  97    1996  86      0       91
  MINIMUM         66    642 AM  51    1954  65      1       66
  AVERAGE         76                        75      1       79

PRECIPITATION (IN)
  YESTERDAY        0.00          1.13 1949   0.11  -0.11     0.00
  MONTH TO DATE    0.72                      2.45  -1.73     2.47
  SINCE MAR 1      9.65                     11.46  -1.81    17.17
  SINCE JAN 1     17.02                     19.75  -2.73    25.49

DEGREE DAYS
 HEATING
  YESTERDAY        0                         0      0        0
  MONTH TO DATE    2                         6     -4       15
  SINCE MAR 1    202                       341   -139      406
  SINCE JUL 1   2212                      2118     94     2349

 COOLING
  YESTERDAY       11                        10      1       14
  MONTH TO DATE  214                       175     39      172
  SINCE MAR 1    363                       275     88      240
  SINCE JAN 1    363                       279     84      243
..................................................................


WIND (MPH)
  HIGHEST WIND SPEED    17   HIGHEST WIND DIRECTION     E (100)
  HIGHEST GUST SPEED    21   HIGHEST GUST DIRECTION    SE (140)
  AVERAGE WIND SPEED     9.0


SKY COVER
  AVERAGE SKY COVER 0.5


WEATHER CONDITIONS
 THE FOLLOWING WEATHER WAS RECORDED YESTERDAY.
  NO SIGNIFICANT WEATHER WAS OBSERVED.


RELATIVE HUMIDITY (PERCENT)
 HIGHEST    87           600 AM
 LOWEST     43           600 PM
 AVERAGE    65

..........................................................


THE COLUMBUS CLIMATE NORMALS FOR TODAY
                         NORMAL    RECORD    YEAR
 MAXIMUM TEMPERATURE (F)   86        95      2012
                                             2011
                                             1953
 MINIMUM TEMPERATURE (F)   65        51      1979


SUNRISE AND SUNSET
MAY 25 2015...........SUNRISE   636 AM EDT   SUNSET   838 PM EDT
MAY 26 2015...........SUNRISE   635 AM EDT   SUNSET   838 PM EDT


-  INDICATES NEGATIVE NUMBERS.
R  INDICATES RECORD WAS SET OR TIED.
MM INDICATES DATA IS MISSING.
T  INDICATES TRACE AMOUNT.




$$
