000
CDUS44 KOHX 190655
CLICSV

CLIMATE REPORT
NATIONAL WEATHER SERVICE NASHVILLE TN
153 AM CDT SAT APR 19 2014


...................................

...THE CROSSVILLE CLIMATE SUMMARY FOR APRIL 18 2014...

CLIMATE NORMAL PERIOD 1981 TO 2010
CLIMATE RECORD PERIOD 1954 TO 2014


WEATHER ITEM   OBSERVED TIME   RECORD YEAR NORMAL DEPARTURE
                VALUE   (LST)  VALUE       VALUE  FROM
                                                  NORMAL
...............................................................
TEMPERATURE (F)
 YESTERDAY
  MAXIMUM         63    324 PM  87    1955  67     -4
  MINIMUM         48   1138 PM  28    1983  46      2
  AVERAGE         56                        57     -1

PRECIPITATION (IN)
  YESTERDAY        0.00          1.50 1998   0.16  -0.16
  MONTH TO DATE    2.78                      2.88  -0.10
  SINCE MAR 1      5.77                      7.86  -2.09
  SINCE JAN 1     11.43                     17.08  -5.65

DEGREE DAYS
 HEATING
  YESTERDAY        9                                0
  MONTH TO DATE  165                              -36
  SINCE MAR 1    801                               44
  SINCE JUL 1   4342                              289

 COOLING
  YESTERDAY        0                               -1
  MONTH TO DATE    7                                5
  SINCE MAR 1      7                                3
  SINCE JAN 1      7                                3
...............................................................


WIND (MPH)
  HIGHEST WIND SPEED    10   HIGHEST WIND DIRECTION    NE (50)
  HIGHEST GUST SPEED    15   HIGHEST GUST DIRECTION    SE (130)
  AVERAGE WIND SPEED     3.0


SKY COVER
  POSSIBLE SUNSHINE  MM
  AVERAGE SKY COVER 0.2


WEATHER CONDITIONS
 THE FOLLOWING WEATHER WAS RECORDED YESTERDAY.
  NO SIGNIFICANT WEATHER WAS OBSERVED.


RELATIVE HUMIDITY (PERCENT)
 HIGHEST    71           500 AM
 LOWEST     39          1200 PM
 AVERAGE    55

..........................................................


THE CROSSVILLE CLIMATE NORMALS FOR TODAY
                         NORMAL    RECORD    YEAR
 MAXIMUM TEMPERATURE (F)   68        83      2002
 MINIMUM TEMPERATURE (F)   46        23      1983


SUNRISE AND SUNSET
APRIL 19 2014.........SUNRISE   602 AM CDT   SUNSET   717 PM CDT
APRIL 20 2014.........SUNRISE   601 AM CDT   SUNSET   718 PM CDT


-  INDICATES NEGATIVE NUMBERS.
R  INDICATES RECORD WAS SET OR TIED.
MM INDICATES DATA IS MISSING.
T  INDICATES TRACE AMOUNT.




$$
