000
CDUS44 KOHX 031306
CLICSV

CLIMATE REPORT
NATIONAL WEATHER SERVICE NASHVILLE TN
806 AM CDT FRI JUL 3 2015


.....................................

UPDATED FOR MORNING CLIMATE AT BOTTOM

.....................................


...THE CROSSVILLE CLIMATE SUMMARY FOR JULY 2 2015...

CLIMATE NORMAL PERIOD 1981 TO 2010
CLIMATE RECORD PERIOD 1954 TO 2015


WEATHER ITEM   OBSERVED TIME   RECORD YEAR NORMAL DEPARTURE
                VALUE   (LST)  VALUE       VALUE  FROM
                                                  NORMAL
...............................................................
TEMPERATURE (F)
 YESTERDAY
  MAXIMUM         78    327 PM  94    2012  84     -6
  MINIMUM         66   1058 PM  47    1988  65      1
  AVERAGE         72                        74     -2

PRECIPITATION (IN)
  YESTERDAY        4.81R         1.58 1992   0.17   4.64
  MONTH TO DATE    4.87                      0.33   4.54
  SINCE JUN 1     11.09                      4.93   6.16
  SINCE JAN 1     32.23                     29.31   2.92

DEGREE DAYS
 HEATING
  YESTERDAY        0                                0
  MONTH TO DATE    0                                0
  SINCE JUN 1      0                              -14
  SINCE JUL 1      0                                0

 COOLING
  YESTERDAY        7                               -2
  MONTH TO DATE   14                               -4
  SINCE JUN 1    281                               68
  SINCE JAN 1    418                              122
...............................................................


WIND (MPH)
  HIGHEST WIND SPEED    14   HIGHEST WIND DIRECTION     W (270)
  HIGHEST GUST SPEED    20   HIGHEST GUST DIRECTION     W (250)
  AVERAGE WIND SPEED     4.4




RELATIVE HUMIDITY (PERCENT)
 HIGHEST    93
 LOWEST     71
 AVERAGE    82

..........................................................


THE CROSSVILLE CLIMATE NORMALS FOR TODAY
                         NORMAL    RECORD    YEAR
 MAXIMUM TEMPERATURE (F)   84        94      1954
 MINIMUM TEMPERATURE (F)   65        54      1967


SUNRISE AND SUNSET
JULY  3 2015..........SUNRISE   528 AM CDT   SUNSET   801 PM CDT
JULY  4 2015..........SUNRISE   529 AM CDT   SUNSET   801 PM CDT


-  INDICATES NEGATIVE NUMBERS.
R  INDICATES RECORD WAS SET OR TIED.
MM INDICATES DATA IS MISSING.
T  INDICATES TRACE AMOUNT.

&&

THE LOW TEMPERATURE SINCE MIDNIGHT HAS BEEN 69 DEGREES.
0.24 INCHES OF PRECIPITATION HAVE OCCURRED SINCE MIDNIGHT.

$$
