000
CDUS45 KTFX 011012
CLICTB


CLIMATE REPORT
NATIONAL WEATHER SERVICE GREAT FALLS MT
410 AM MDT FRI AUG 1 2014


...................................

...THE CUT BANK MT CLIMATE SUMMARY FOR JULY 31 2014...

CLIMATE NORMAL PERIOD 1981 TO 2010
CLIMATE RECORD PERIOD 1903 TO 2014


WEATHER ITEM   OBSERVED TIME   RECORD YEAR NORMAL DEPARTURE LAST
                VALUE   (LST)  VALUE       VALUE  FROM      YEAR
                                                  NORMAL
..................................................................
TEMPERATURE (F)
 YESTERDAY
  MAXIMUM         91   1236 PM  99    1929  82      9       84
  MINIMUM         54    530 AM  34    1968  51      3       43
  AVERAGE         73                        66      7       64

PRECIPITATION (IN)
  YESTERDAY        0.00          1.45 1931   0.04  -0.04     0.00
  MONTH TO DATE    0.42                      1.28  -0.86     1.71
  SINCE OCT 1     12.35                      8.49   3.86    11.67
  SINCE JAN 1     11.15                      7.47   3.68     9.50

SNOWFALL (IN)
  YESTERDAY       MM
  SNOW DEPTH       0

DEGREE DAYS
 HEATING
  YESTERDAY        0                         2     -2        1
  MONTH TO DATE   17                        88    -71       41
  SINCE JUN 1    290                       319    -29      250
  SINCE JUL 1     17                        86    -69       41

 COOLING
  YESTERDAY        8                         3      5        0
  MONTH TO DATE  104                        72     32       85
  SINCE JUN 1    105                        87     18       97
  SINCE JAN 1    105                        89     16       99
..................................................................


WIND (MPH)
  HIGHEST WIND SPEED    20   HIGHEST WIND DIRECTION    NW (330)
  HIGHEST GUST SPEED    24   HIGHEST GUST DIRECTION    NW (330)
  AVERAGE WIND SPEED     7.4


SKY COVER
  AVERAGE SKY COVER 0.0


WEATHER CONDITIONS
 THE FOLLOWING WEATHER WAS RECORDED YESTERDAY.
  THUNDERSTORM


RELATIVE HUMIDITY (PERCENT)
 HIGHEST    64          1100 PM
 LOWEST     18           100 PM
 AVERAGE    41

..........................................................


THE CUT BANK MT CLIMATE NORMALS FOR TODAY
                         NORMAL    RECORD    YEAR
 MAXIMUM TEMPERATURE (F)   82        95      1914
 MINIMUM TEMPERATURE (F)   51        37      2002


SUNRISE AND SUNSET
AUGUST  1 2014........SUNRISE   604 AM MDT   SUNSET   907 PM MDT
AUGUST  2 2014........SUNRISE   605 AM MDT   SUNSET   906 PM MDT


-  INDICATES NEGATIVE NUMBERS.
R  INDICATES RECORD WAS SET OR TIED.
MM INDICATES DATA IS MISSING.
T  INDICATES TRACE AMOUNT.




$$
