000
CDUS45 KTFX 170921
CLICTB


CLIMATE REPORT
NATIONAL WEATHER SERVICE GREAT FALLS MT
320 AM MDT THU APR 17 2014


...................................

...THE CUT BANK MT CLIMATE SUMMARY FOR APRIL 16 2014...

CLIMATE NORMAL PERIOD 1981 TO 2010
CLIMATE RECORD PERIOD 1903 TO 2014


WEATHER ITEM   OBSERVED TIME   RECORD YEAR NORMAL DEPARTURE LAST
                VALUE   (LST)  VALUE       VALUE  FROM      YEAR
                                                  NORMAL
..................................................................
TEMPERATURE (F)
 YESTERDAY
  MAXIMUM         36    906 PM  85    1984  53    -17       29
  MINIMUM         29    949 AM  11    1935  29      0       18
  AVERAGE         33                        41     -8       24

PRECIPITATION (IN)
  YESTERDAY        0.34R         0.30 1927   0.03   0.31     0.05
  MONTH TO DATE    0.50                      0.35   0.15     0.68
  SINCE OCT 1      3.62                      2.28   1.34     4.15
  SINCE JAN 1      2.42                      1.26   1.16     1.98

SNOWFALL (IN)
  YESTERDAY       MM
  SNOW DEPTH       5

DEGREE DAYS
 HEATING
  YESTERDAY       32                        24      8       41
  MONTH TO DATE  401                       416    -15      489
  SINCE MAR 1   1623                      1454    169     1544
  SINCE JUL 1   7829                      7514    315     7283

 COOLING
  YESTERDAY        0                         0      0        0
  MONTH TO DATE    0                         0      0        0
  SINCE MAR 1      0                         0      0        0
  SINCE JAN 1      0                         0      0        0
..................................................................


WIND (MPH)
  HIGHEST WIND SPEED    18   HIGHEST WIND DIRECTION     N (20)
  HIGHEST GUST SPEED    20   HIGHEST GUST DIRECTION     N (20)
  AVERAGE WIND SPEED     5.6


SKY COVER
  AVERAGE SKY COVER 0.9


WEATHER CONDITIONS
 THE FOLLOWING WEATHER WAS RECORDED YESTERDAY.
  HEAVY SNOW
  SNOW
  LIGHT SNOW
  FOG
  FOG W/VISIBILITY <= 1/4 MILE


RELATIVE HUMIDITY (PERCENT)
 HIGHEST   100           400 AM
 LOWEST     82           500 PM
 AVERAGE    91

..........................................................


THE CUT BANK MT CLIMATE NORMALS FOR TODAY
                         NORMAL    RECORD    YEAR
 MAXIMUM TEMPERATURE (F)   54        80      1923
 MINIMUM TEMPERATURE (F)   29        10      1970


SUNRISE AND SUNSET
APRIL 17 2014.........SUNRISE   635 AM MDT   SUNSET   824 PM MDT
APRIL 18 2014.........SUNRISE   633 AM MDT   SUNSET   825 PM MDT


-  INDICATES NEGATIVE NUMBERS.
R  INDICATES RECORD WAS SET OR TIED.
MM INDICATES DATA IS MISSING.
T  INDICATES TRACE AMOUNT.




$$
