000
CDUS45 KTFX 031033
CLICTB


CLIMATE REPORT
NATIONAL WEATHER SERVICE GREAT FALLS MT
428 AM MDT FRI JUL 3 2015


...................................

...THE CUT BANK MT CLIMATE SUMMARY FOR JULY 2 2015...

CLIMATE NORMAL PERIOD 1981 TO 2010
CLIMATE RECORD PERIOD 1903 TO 2015


WEATHER ITEM   OBSERVED TIME   RECORD YEAR NORMAL DEPARTURE LAST
                VALUE   (LST)  VALUE       VALUE  FROM      YEAR
                                                  NORMAL
..................................................................
TEMPERATURE (F)
 YESTERDAY
  MAXIMUM         85    521 PM  97    2013  76      9       83
  MINIMUM         51    514 AM  35    1915  48      3       49
  AVERAGE         68                        62      6       66

PRECIPITATION (IN)
  YESTERDAY        0.00          0.90 1966   0.05  -0.05     0.00
  MONTH TO DATE    0.03                      0.11  -0.08     0.00
  SINCE OCT 1      6.76                      7.32  -0.56    11.93
  SINCE JAN 1      4.23                      6.30  -2.07    10.73

SNOWFALL (IN)
  YESTERDAY       MM
  SNOW DEPTH       0

DEGREE DAYS
 HEATING
  YESTERDAY        0                         5     -5        0
  MONTH TO DATE    0                        10    -10        3
  SINCE JUN 1    130                       243   -113      276
  SINCE JUL 1      0                        10    -10        3

 COOLING
  YESTERDAY        3                         1      2        1
  MONTH TO DATE    4                         2      2        1
  SINCE JUN 1     64                        17     47        2
  SINCE JAN 1     64                        19     45        2
..................................................................


WIND (MPH)
  HIGHEST WIND SPEED    14   HIGHEST WIND DIRECTION    SE (150)
  HIGHEST GUST SPEED    17   HIGHEST GUST DIRECTION    SE (150)
  AVERAGE WIND SPEED     5.5


SKY COVER
  AVERAGE SKY COVER 0.1


WEATHER CONDITIONS
 THE FOLLOWING WEATHER WAS RECORDED YESTERDAY.
  NO SIGNIFICANT WEATHER WAS OBSERVED.


RELATIVE HUMIDITY (PERCENT)
 HIGHEST    96           300 AM
 LOWEST     27           400 PM
 AVERAGE    62

..........................................................


THE CUT BANK MT CLIMATE NORMALS FOR TODAY
                         NORMAL    RECORD    YEAR
 MAXIMUM TEMPERATURE (F)   76        94      1922
 MINIMUM TEMPERATURE (F)   48        34      1979


SUNRISE AND SUNSET
JULY  3 2015..........SUNRISE   532 AM MDT   SUNSET   935 PM MDT
JULY  4 2015..........SUNRISE   533 AM MDT   SUNSET   934 PM MDT


-  INDICATES NEGATIVE NUMBERS.
R  INDICATES RECORD WAS SET OR TIED.
MM INDICATES DATA IS MISSING.
T  INDICATES TRACE AMOUNT.




$$
