000
CDUS45 KTFX 192230
CLICTB


CLIMATE REPORT
NATIONAL WEATHER SERVICE GREAT FALLS MT
430 PM MDT TUE SEP 19 2017


...................................

...THE CUT BANK MT CLIMATE SUMMARY FOR SEPTEMBER 19 2017...
VALID TODAY AS OF 0400 PM LOCAL TIME.

CLIMATE NORMAL PERIOD 1981 TO 2010
CLIMATE RECORD PERIOD 1903 TO 2017


WEATHER ITEM   OBSERVED TIME   RECORD YEAR NORMAL DEPARTURE LAST
                VALUE   (LST)  VALUE       VALUE  FROM      YEAR
                                                  NORMAL
..................................................................
TEMPERATURE (F)
 TODAY
  MAXIMUM         57    107 PM  90    2009  67    -10       65
  MINIMUM         33    650 AM  14    1957  39     -6       33
  AVERAGE         45                        53     -8       49

PRECIPITATION (IN)
  TODAY            0.00          0.57 1968   0.05  -0.05     0.00
  MONTH TO DATE    0.51                      0.84  -0.33     0.60
  SINCE OCT 1      9.45                     10.52  -1.07    11.16
  SINCE JAN 1      8.02                      9.50  -1.48     9.24

DEGREE DAYS
 HEATING
  TODAY           20                        13      7       16
  MONTH TO DATE  149                       184    -35      221
  SINCE SEP 1    149                       184    -35      221
  SINCE JUL 1    232                       378   -146      394

 COOLING
  TODAY            0                         0      0        0
  MONTH TO DATE   24                         6     18        5
  SINCE SEP 1     24                         6     18        5
  SINCE JAN 1    250                       159     91      108
..................................................................


WIND (MPH)
  HIGHEST WIND SPEED    26   HIGHEST WIND DIRECTION    SW (230)
  HIGHEST GUST SPEED    33   HIGHEST GUST DIRECTION     W (260)
  AVERAGE WIND SPEED    15.1


SKY COVER
  AVERAGE SKY COVER 0.1


WEATHER CONDITIONS
 THE FOLLOWING WEATHER WAS RECORDED TODAY.
  NO SIGNIFICANT WEATHER WAS OBSERVED.


RELATIVE HUMIDITY (PERCENT)
 HIGHEST    89           600 AM
 LOWEST     30           100 PM
 AVERAGE    60

..........................................................


THE CUT BANK MT CLIMATE NORMALS FOR TOMORROW
                         NORMAL    RECORD    YEAR
 MAXIMUM TEMPERATURE (F)   66        86      1938
 MINIMUM TEMPERATURE (F)   38        17      1934


SUNRISE AND SUNSET
SEPTEMBER 19 2017.....SUNRISE   712 AM MDT   SUNSET   733 PM MDT
SEPTEMBER 20 2017.....SUNRISE   714 AM MDT   SUNSET   731 PM MDT


-  INDICATES NEGATIVE NUMBERS.
R  INDICATES RECORD WAS SET OR TIED.
MM INDICATES DATA IS MISSING.
T  INDICATES TRACE AMOUNT.




$$
