000
CDUS45 KTFX 222222
CLICTB


CLIMATE REPORT
NATIONAL WEATHER SERVICE GREAT FALLS MT
422 PM MDT MON SEP 22 2014


...................................

...THE CUT BANK MT CLIMATE SUMMARY FOR SEPTEMBER 22 2014...
VALID TODAY AS OF 0400 PM LOCAL TIME.

CLIMATE NORMAL PERIOD 1981 TO 2010
CLIMATE RECORD PERIOD 1903 TO 2014


WEATHER ITEM   OBSERVED TIME   RECORD YEAR NORMAL DEPARTURE LAST
                VALUE   (LST)  VALUE       VALUE  FROM      YEAR
                                                  NORMAL
..................................................................
TEMPERATURE (F)
 TODAY
  MAXIMUM         86    135 PM  87    1938  65     21       66
  MINIMUM         40    628 AM  16    1934  38      2       47
  AVERAGE         63                        52     11       57

PRECIPITATION (IN)
  TODAY            0.00          1.28 1945   0.04  -0.04     0.00
  MONTH TO DATE    0.61                      0.96  -0.35     2.45
  SINCE OCT 1     15.65                     10.64   5.01    15.64
  SINCE JAN 1     14.45                      9.62   4.83    13.47

SNOWFALL (IN)
  TODAY           MM
  SNOW DEPTH       0

DEGREE DAYS
 HEATING
  TODAY            2                        14    -12        8
  MONTH TO DATE  253                       224     29       79
  SINCE SEP 1    253                       224     29       79
  SINCE JUL 1    350                       418    -68      151

 COOLING
  TODAY            0                         0      0        0
  MONTH TO DATE    2                         6     -4       31
  SINCE SEP 1      2                         6     -4       31
  SINCE JAN 1    199                       159     40      226
..................................................................


WIND (MPH)
  HIGHEST WIND SPEED    12   HIGHEST WIND DIRECTION     W (290)
  HIGHEST GUST SPEED    14   HIGHEST GUST DIRECTION     W (280)
  AVERAGE WIND SPEED     3.9


SKY COVER
  AVERAGE SKY COVER 0.0


WEATHER CONDITIONS
 THE FOLLOWING WEATHER WAS RECORDED TODAY.
  NO SIGNIFICANT WEATHER WAS OBSERVED.


RELATIVE HUMIDITY (PERCENT)
 HIGHEST    89           700 AM
 LOWEST     20           100 PM
 AVERAGE    55

..........................................................


THE CUT BANK MT CLIMATE NORMALS FOR TOMORROW
                         NORMAL    RECORD    YEAR
 MAXIMUM TEMPERATURE (F)   65        92      2009
 MINIMUM TEMPERATURE (F)   38        15      1934


SUNRISE AND SUNSET
SEPTEMBER 22 2014.....SUNRISE   716 AM MDT   SUNSET   727 PM MDT
SEPTEMBER 23 2014.....SUNRISE   718 AM MDT   SUNSET   725 PM MDT


-  INDICATES NEGATIVE NUMBERS.
R  INDICATES RECORD WAS SET OR TIED.
MM INDICATES DATA IS MISSING.
T  INDICATES TRACE AMOUNT.




$$
