913
CDUS45 KTFX 222230
CLICTB


CLIMATE REPORT
NATIONAL WEATHER SERVICE GREAT FALLS MT
430 PM MDT SAT JUL 22 2017


...................................

...THE CUT BANK MT CLIMATE SUMMARY FOR JULY 22 2017...
VALID TODAY AS OF 0400 PM LOCAL TIME.

CLIMATE NORMAL PERIOD 1981 TO 2010
CLIMATE RECORD PERIOD 1903 TO 2017


WEATHER ITEM   OBSERVED TIME   RECORD YEAR NORMAL DEPARTURE LAST
                VALUE   (LST)  VALUE       VALUE  FROM      YEAR
                                                  NORMAL
..................................................................
TEMPERATURE (F)
 TODAY
  MAXIMUM         86    235 PM 101    1936  81      5       88
  MINIMUM         47    554 AM  36    1984  51     -4       46
  AVERAGE         67                        66      1       67

PRECIPITATION (IN)
  TODAY            0.00          0.50 1924   0.03  -0.03     0.00
  MONTH TO DATE    0.01                      0.97  -0.96     0.89
  SINCE OCT 1      8.94                      8.18   0.76     8.82
  SINCE JAN 1      7.51                      7.16   0.35     6.90

DEGREE DAYS
 HEATING
  TODAY            0                         2     -2        0
  MONTH TO DATE   11                        70    -59       72
  SINCE JUN 1    182                       303   -121      236
  SINCE JUL 1     11                        70    -59       72

 COOLING
  TODAY            2                         3     -1        2
  MONTH TO DATE  100                        45     55       25
  SINCE JUN 1    112                        60     52       47
  SINCE JAN 1    114                        62     52       47
..................................................................


WIND (MPH)
  HIGHEST WIND SPEED    18   HIGHEST WIND DIRECTION    NW (300)
  HIGHEST GUST SPEED    23   HIGHEST GUST DIRECTION    NW (300)
  AVERAGE WIND SPEED     5.5


SKY COVER
  AVERAGE SKY COVER 0.1


WEATHER CONDITIONS
 THE FOLLOWING WEATHER WAS RECORDED TODAY.
  NO SIGNIFICANT WEATHER WAS OBSERVED.


RELATIVE HUMIDITY (PERCENT)
 HIGHEST    80           300 AM
 LOWEST     20           200 PM
 AVERAGE    50

..........................................................


THE CUT BANK MT CLIMATE NORMALS FOR TOMORROW
                         NORMAL    RECORD    YEAR
 MAXIMUM TEMPERATURE (F)   81       100      2007
 MINIMUM TEMPERATURE (F)   51        37      1982


SUNRISE AND SUNSET
JULY 22 2017..........SUNRISE   551 AM MDT   SUNSET   920 PM MDT
JULY 23 2017..........SUNRISE   553 AM MDT   SUNSET   919 PM MDT


-  INDICATES NEGATIVE NUMBERS.
R  INDICATES RECORD WAS SET OR TIED.
MM INDICATES DATA IS MISSING.
T  INDICATES TRACE AMOUNT.




$$
