000
CDUS45 KTFX 030953
CLICTB


CLIMATE REPORT
NATIONAL WEATHER SERVICE GREAT FALLS MT
250 AM MST TUE MAR 3 2015


...................................

...THE CUT BANK MT CLIMATE SUMMARY FOR MARCH 2 2015...

CLIMATE NORMAL PERIOD 1981 TO 2010
CLIMATE RECORD PERIOD 1903 TO 2015


WEATHER ITEM   OBSERVED TIME   RECORD YEAR NORMAL DEPARTURE LAST
                VALUE   (LST)  VALUE       VALUE  FROM      YEAR
                                                  NORMAL
..................................................................
TEMPERATURE (F)
 YESTERDAY
  MAXIMUM         29    210 AM  62    1926  38     -9       -6
  MINIMUM          4   1148 PM -27    1960  16    -12      -15
  AVERAGE         17                        27    -10      -10

PRECIPITATION (IN)
  YESTERDAY        T             0.19 1983   0.01  -0.01     0.05
  MONTH TO DATE    T                         0.02  -0.02     0.07
  SINCE OCT 1      3.32                      1.45   1.87     2.60
  SINCE JAN 1      0.79                      0.43   0.36     1.40

SNOWFALL (IN)
  YESTERDAY       MM
  SNOW DEPTH       T

DEGREE DAYS
 HEATING
  YESTERDAY       48                        38     10       75
  MONTH TO DATE   91                        76     15      157
  SINCE MAR 1     91                        76     15      157
  SINCE JUL 1   5753                      6136   -383     6363

 COOLING
  YESTERDAY        0                         0      0        0
  MONTH TO DATE    0                         0      0        0
  SINCE MAR 1      0                         0      0        0
  SINCE JAN 1      0                         0      0        0
..................................................................


WIND (MPH)
  HIGHEST WIND SPEED    38   HIGHEST WIND DIRECTION     N (10)
  HIGHEST GUST SPEED    45   HIGHEST GUST DIRECTION     N (10)
  AVERAGE WIND SPEED    17.9


SKY COVER
  AVERAGE SKY COVER 0.8


WEATHER CONDITIONS
 THE FOLLOWING WEATHER WAS RECORDED YESTERDAY.
  SNOW
  LIGHT SNOW
  FOG
  FOG W/VISIBILITY <= 1/4 MILE
  HAZE


RELATIVE HUMIDITY (PERCENT)
 HIGHEST    84           900 AM
 LOWEST     46          1200 AM
 AVERAGE    65

..........................................................


THE CUT BANK MT CLIMATE NORMALS FOR TODAY
                         NORMAL    RECORD    YEAR
 MAXIMUM TEMPERATURE (F)   39        65      1986
 MINIMUM TEMPERATURE (F)   16       -32      1960


SUNRISE AND SUNSET
MARCH  3 2015.........SUNRISE   708 AM MST   SUNSET   616 PM MST
MARCH  4 2015.........SUNRISE   706 AM MST   SUNSET   618 PM MST


-  INDICATES NEGATIVE NUMBERS.
R  INDICATES RECORD WAS SET OR TIED.
MM INDICATES DATA IS MISSING.
T  INDICATES TRACE AMOUNT.




$$
