000
CDUS45 KTFX 232230
CLICTB


CLIMATE REPORT
NATIONAL WEATHER SERVICE GREAT FALLS MT
430 PM MDT SUN APR 23 2017


...................................

...THE CUT BANK MT CLIMATE SUMMARY FOR APRIL 23 2017...
VALID TODAY AS OF 0400 PM LOCAL TIME.

CLIMATE NORMAL PERIOD 1981 TO 2010
CLIMATE RECORD PERIOD 1903 TO 2017


WEATHER ITEM   OBSERVED TIME   RECORD YEAR NORMAL DEPARTURE LAST
                VALUE   (LST)  VALUE       VALUE  FROM      YEAR
                                                  NORMAL
..................................................................
TEMPERATURE (F)
 TODAY
  MAXIMUM         53    231 PM  82    2012  56     -3       53
  MINIMUM         39    646 AM   8    2009  31      8       37
  AVERAGE         46                        43      3       45

PRECIPITATION (IN)
  TODAY            T             0.75 2016   0.03  -0.03     0.75
  MONTH TO DATE    1.67                      0.54   1.13     1.51
  SINCE OCT 1      4.98                      2.47   2.51     4.18
  SINCE JAN 1      3.55                      1.45   2.10     2.26

DEGREE DAYS
 HEATING
  TODAY           19                        22     -3       20
  MONTH TO DATE  525                       575    -50      401
  SINCE MAR 1   1546                      1613    -67     1245
  SINCE JUL 1   7897                      7673    224     6710

 COOLING
  TODAY            0                         0      0        0
  MONTH TO DATE    0                         0      0        0
  SINCE MAR 1      0                         0      0        0
  SINCE JAN 1      0                         0      0        0
..................................................................


WIND (MPH)
  HIGHEST WIND SPEED    21   HIGHEST WIND DIRECTION     N (340)
  HIGHEST GUST SPEED    24   HIGHEST GUST DIRECTION     N (340)
  AVERAGE WIND SPEED     6.7


SKY COVER
  AVERAGE SKY COVER 0.9


WEATHER CONDITIONS
 THE FOLLOWING WEATHER WAS RECORDED TODAY.
  LIGHT RAIN
  FOG
  FOG W/VISIBILITY <= 1/4 MILE


RELATIVE HUMIDITY (PERCENT)
 HIGHEST   100           200 AM
 LOWEST     59           100 PM
 AVERAGE    80

..........................................................


THE CUT BANK MT CLIMATE NORMALS FOR TOMORROW
                         NORMAL    RECORD    YEAR
 MAXIMUM TEMPERATURE (F)   56        84      1910
 MINIMUM TEMPERATURE (F)   31         5      2009


SUNRISE AND SUNSET
APRIL 23 2017.........SUNRISE   623 AM MDT   SUNSET   833 PM MDT
APRIL 24 2017.........SUNRISE   621 AM MDT   SUNSET   835 PM MDT


-  INDICATES NEGATIVE NUMBERS.
R  INDICATES RECORD WAS SET OR TIED.
MM INDICATES DATA IS MISSING.
T  INDICATES TRACE AMOUNT.




$$
