000
CDUS45 KTFX 012227
CLICTB


CLIMATE REPORT
NATIONAL WEATHER SERVICE GREAT FALLS MT
424 PM MDT TUE SEP 1 2015


...................................

...THE CUT BANK MT CLIMATE SUMMARY FOR SEPTEMBER 1 2015...
VALID TODAY AS OF 0400 PM LOCAL TIME.

CLIMATE NORMAL PERIOD 1981 TO 2010
CLIMATE RECORD PERIOD 1903 TO 2015


WEATHER ITEM   OBSERVED TIME   RECORD YEAR NORMAL DEPARTURE LAST
                VALUE   (LST)  VALUE       VALUE  FROM      YEAR
                                                  NORMAL
..................................................................
TEMPERATURE (F)
 TODAY
  MAXIMUM         78    259 PM  97    1967  74      4       68
  MINIMUM         54   1216 AM  30    1914  44     10       47
  AVERAGE         66                        59      7       58

PRECIPITATION (IN)
  TODAY            0.00          0.60 2008   0.04  -0.04     0.00
  MONTH TO DATE    0.00                      0.04  -0.04     0.00
  SINCE OCT 1      8.28                      9.72  -1.44    15.04
  SINCE JAN 1      5.75                      8.70  -2.95    13.84

SNOWFALL (IN)
  TODAY           MM
  SNOW DEPTH       0

DEGREE DAYS
 HEATING
  TODAY            0                         7     -7        7
  MONTH TO DATE    0                         7     -7        7
  SINCE SEP 1      0                         7     -7        7
  SINCE JUL 1    151                       201    -50      104

 COOLING
  TODAY            1                         1      0        0
  MONTH TO DATE    1                         1      0        0
  SINCE SEP 1      1                         1      0        0
  SINCE JAN 1    229                       154     75      197
..................................................................


WIND (MPH)
  HIGHEST WIND SPEED    35   HIGHEST WIND DIRECTION    SW (240)
  HIGHEST GUST SPEED    44   HIGHEST GUST DIRECTION    SW (230)
  AVERAGE WIND SPEED    20.9


SKY COVER
  AVERAGE SKY COVER 0.0


WEATHER CONDITIONS
 THE FOLLOWING WEATHER WAS RECORDED TODAY.
  NO SIGNIFICANT WEATHER WAS OBSERVED.


RELATIVE HUMIDITY (PERCENT)
 HIGHEST    51          1200 AM
 LOWEST     16           200 PM
 AVERAGE    34

..........................................................


THE CUT BANK MT CLIMATE NORMALS FOR TOMORROW
                         NORMAL    RECORD    YEAR
 MAXIMUM TEMPERATURE (F)   73        92      1969
 MINIMUM TEMPERATURE (F)   44        28      1962


SUNRISE AND SUNSET
SEPTEMBER  1 2015.....SUNRISE   646 AM MDT   SUNSET   812 PM MDT
SEPTEMBER  2 2015.....SUNRISE   648 AM MDT   SUNSET   810 PM MDT


-  INDICATES NEGATIVE NUMBERS.
R  INDICATES RECORD WAS SET OR TIED.
MM INDICATES DATA IS MISSING.
T  INDICATES TRACE AMOUNT.




$$
