000
CDUS45 KTFX 212330
CLICTB


CLIMATE REPORT
NATIONAL WEATHER SERVICE GREAT FALLS MT
430 PM MST TUE FEB 21 2017


...................................

...THE CUT BANK MT CLIMATE SUMMARY FOR FEBRUARY 21 2017...
VALID TODAY AS OF 0400 PM LOCAL TIME.

CLIMATE NORMAL PERIOD 1981 TO 2010
CLIMATE RECORD PERIOD 1903 TO 2017


WEATHER ITEM   OBSERVED TIME   RECORD YEAR NORMAL DEPARTURE LAST
                VALUE   (LST)  VALUE       VALUE  FROM      YEAR
                                                  NORMAL
..................................................................
TEMPERATURE (F)
 TODAY
  MAXIMUM         38    454 AM  57    1996  36      2       44
  MINIMUM         29    730 AM -27    1918  14     15       18
  AVERAGE         34                        25      9       31

PRECIPITATION (IN)
  TODAY            0.13          0.15 1914   0.01   0.12     0.00
  MONTH TO DATE    0.13                      0.15  -0.02     0.01
  SINCE OCT 1      2.16                      1.37   0.79     2.37
  SINCE JAN 1      0.73                      0.35   0.38     0.45

DEGREE DAYS
 HEATING
  TODAY           31                        40     -9       34
  MONTH TO DATE  919                       868     51      582
  SINCE DEC 1   4048                      3523    525     3195
  SINCE JUL 1   6026                      5786    240     5233

 COOLING
  TODAY            0                         0      0        0
  MONTH TO DATE    0                         0      0        0
  SINCE DEC 1      0                         0      0        0
  SINCE JAN 1      0                         0      0        0
..................................................................


WIND (MPH)
  HIGHEST WIND SPEED    28   HIGHEST WIND DIRECTION     W (250)
  HIGHEST GUST SPEED    36   HIGHEST GUST DIRECTION     W (250)
  AVERAGE WIND SPEED     7.7


SKY COVER
  AVERAGE SKY COVER 0.5


WEATHER CONDITIONS
 THE FOLLOWING WEATHER WAS RECORDED TODAY.
  SNOW
  LIGHT SNOW
  FOG


RELATIVE HUMIDITY (PERCENT)
 HIGHEST   100           100 PM
 LOWEST     52           500 AM
 AVERAGE    76

..........................................................


THE CUT BANK MT CLIMATE NORMALS FOR TOMORROW
                         NORMAL    RECORD    YEAR
 MAXIMUM TEMPERATURE (F)   36        59      1973
 MINIMUM TEMPERATURE (F)   14       -45      1910


SUNRISE AND SUNSET
FEBRUARY 21 2017......SUNRISE   726 AM MST   SUNSET   601 PM MST
FEBRUARY 22 2017......SUNRISE   724 AM MST   SUNSET   603 PM MST


-  INDICATES NEGATIVE NUMBERS.
R  INDICATES RECORD WAS SET OR TIED.
MM INDICATES DATA IS MISSING.
T  INDICATES TRACE AMOUNT.




$$
