000
CDUS42 KTAE 260633
CLICTY


CLIMATE REPORT
NATIONAL WEATHER SERVICE TALLAHASSEE FL
232 AM EDT SUN OCT 26 2014


...................................

...THE CROSS CITY (AWOS) CLIMATE SUMMARY FOR OCTOBER 25 2014...

CLIMATE NORMAL PERIOD 1981 TO 2010
CLIMATE RECORD PERIOD 1948 TO 2014


WEATHER ITEM   OBSERVED TIME   NORMAL DEPARTURE LAST
                VALUE   (LST)  VALUE  FROM      YEAR
                                      NORMAL
......................................................
TEMPERATURE (F)
 YESTERDAY
  MAXIMUM         81    349 PM  81      0
  MINIMUM         44    708 AM  55    -11
  AVERAGE         63            68     -5

PRECIPITATION (IN)
  YESTERDAY        0.00          0.08  -0.08     0.00
  MONTH TO DATE    1.76          2.87  -1.11     1.23
  SINCE SEP 1     14.43          7.33   7.10     6.39
  SINCE JAN 1     54.81         42.70  12.11    59.17

DEGREE DAYS
 HEATING
  YESTERDAY        2             2      0
  MONTH TO DATE   14            19     -5
  SINCE SEP 1     14            19     -5
  SINCE JUL 1     14            19     -5

 COOLING
  YESTERDAY        0             5     -5
  MONTH TO DATE  174           177     -3
  SINCE SEP 1    601           581     20
  SINCE JAN 1   2663          2519    144
......................................................


WIND (MPH)
  RESULTANT WIND SPEED   1   RESULTANT WIND DIRECTION   N (10)
  HIGHEST WIND SPEED    10   HIGHEST WIND DIRECTION     N (10)
  HIGHEST GUST SPEED    21   HIGHEST GUST DIRECTION    NE (50)
  AVERAGE WIND SPEED     2.3



WEATHER CONDITIONS
 THE FOLLOWING WEATHER WAS RECORDED YESTERDAY.
  NO SIGNIFICANT WEATHER WAS OBSERVED.


RELATIVE HUMIDITY (PERCENT)
 HIGHEST    93
 LOWEST     33

..........................................................




SUNRISE AND SUNSET
OCTOBER 26 2014.......SUNRISE   741 AM EDT   SUNSET   651 PM EDT
OCTOBER 27 2014.......SUNRISE   742 AM EDT   SUNSET   650 PM EDT


-  INDICATES NEGATIVE NUMBERS.
R  INDICATES RECORD WAS SET OR TIED.
MM INDICATES DATA IS MISSING.
T  INDICATES TRACE AMOUNT.




$$
