000
CDUS42 KTAE 240632
CLICTY


CLIMATE REPORT
NATIONAL WEATHER SERVICE TALLAHASSEE FL
231 AM EDT MON JUL 24 2017

...................................

...THE CROSS CITY  CLIMATE SUMMARY FOR JULY 23 2017...

CLIMATE NORMAL PERIOD 1981 TO 2010
CLIMATE RECORD PERIOD 1948 TO 2017


WEATHER ITEM   OBSERVED TIME   NORMAL DEPARTURE LAST
                VALUE   (LST)  VALUE  FROM      YEAR
                                      NORMAL
......................................................
TEMPERATURE (F)
 YESTERDAY
  MAXIMUM         81    135 PM  91    -10       95
  MINIMUM         73    315 AM  72      1       74
  AVERAGE         77            82     -5

PRECIPITATION (IN)
  YESTERDAY        1.50          0.20   1.30     0.14
  MONTH TO DATE    8.34          4.03   4.31     5.75
  SINCE JUN 1     22.57          9.12  13.45    10.83
  SINCE JAN 1     32.73         26.29   6.44    27.58

DEGREE DAYS
 HEATING
  YESTERDAY        0             0      0
  MONTH TO DATE    0             0      0
  SINCE JUN 1      0             0      0
  SINCE JUL 1      0             0      0

 COOLING
  YESTERDAY       12            17     -5
  MONTH TO DATE  397           375     22
  SINCE JUN 1    839           822     17
  SINCE JAN 1   1440          1301    139
......................................................


WIND (MPH)
  RESULTANT WIND SPEED   4   RESULTANT WIND DIRECTION  SW (210)
  HIGHEST WIND SPEED    10   HIGHEST WIND DIRECTION    SW (220)
  HIGHEST GUST SPEED    MM   HIGHEST GUST DIRECTION    MM
  AVERAGE WIND SPEED     4.9



WEATHER CONDITIONS
 THE FOLLOWING WEATHER WAS RECORDED YESTERDAY.
  THUNDERSTORM
  RAIN
  LIGHT RAIN
  FOG


RELATIVE HUMIDITY (PERCENT)
 HIGHEST   100
 LOWEST     79

..........................................................



SUNRISE AND SUNSET
JULY 24 2017..........SUNRISE   648 AM EDT   SUNSET   830 PM EDT
JULY 25 2017..........SUNRISE   648 AM EDT   SUNSET   829 PM EDT


-  INDICATES NEGATIVE NUMBERS.
R  INDICATES RECORD WAS SET OR TIED.
MM INDICATES DATA IS MISSING.
T  INDICATES TRACE AMOUNT.

$$
