000
CDUS42 KTAE 182236
CLICTY


CLIMATE REPORT
NATIONAL WEATHER SERVICE TALLAHASSEE FL
534 PM EST THU JAN 18 2018

...................................

...THE CROSS CITY  CLIMATE SUMMARY FOR JANUARY 18 2018...
VALID TODAY AS OF 0500 PM LOCAL TIME.

CLIMATE NORMAL PERIOD 1981 TO 2010
CLIMATE RECORD PERIOD 1948 TO 2018


WEATHER ITEM   OBSERVED TIME   NORMAL DEPARTURE LAST
                VALUE   (LST)  VALUE  FROM      YEAR
                                      NORMAL
......................................................
TEMPERATURE (F)
 TODAY
  MAXIMUM         49    335 PM  66    -17       77
  MINIMUM         21    715 AM  40    -19       48
  AVERAGE         35            53    -18

PRECIPITATION (IN)
  TODAY            0.00          0.14  -0.14     0.00
  MONTH TO DATE    1.83          2.34  -0.51     1.29
  SINCE DEC 1      5.08          4.86   0.22     5.16
  SINCE JAN 1      1.83          2.34  -0.51     1.29

DEGREE DAYS
 HEATING
  TODAY           30
  MONTH TO DATE  338
  SINCE DEC 1    604
  SINCE JUL 1    757

 COOLING
  TODAY            0
  MONTH TO DATE    9
  SINCE DEC 1     36
  SINCE JAN 1      9
......................................................


WIND (MPH)
  RESULTANT WIND SPEED   7   RESULTANT WIND DIRECTION   N (0)
  HIGHEST WIND SPEED    10   HIGHEST WIND DIRECTION     N (20)
  HIGHEST GUST SPEED    MM   HIGHEST GUST DIRECTION    MM
  AVERAGE WIND SPEED     7.6



WEATHER CONDITIONS
 THE FOLLOWING WEATHER WAS RECORDED TODAY.
  NO SIGNIFICANT WEATHER WAS OBSERVED.


RELATIVE HUMIDITY (PERCENT)
 HIGHEST    68
 LOWEST     26
 AVERAGE    47

..........................................................


THE CROSS CITY  CLIMATE NORMALS FOR TOMORROW
                         NORMAL
 MAXIMUM TEMPERATURE (F)   67
 MINIMUM TEMPERATURE (F)   40



-  INDICATES NEGATIVE NUMBERS.
R  INDICATES RECORD WAS SET OR TIED.
MM INDICATES DATA IS MISSING.
T  INDICATES TRACE AMOUNT.

$$
