000
CDUS42 KTAE 290700
CLICTY


CLIMATE REPORT
NATIONAL WEATHER SERVICE TALLAHASSEE FL
300 AM EDT FRI MAY 29 2015


...................................

...THE CROSS CITY  CLIMATE SUMMARY FOR MAY 28 2015...

CLIMATE NORMAL PERIOD 1981 TO 2010
CLIMATE RECORD PERIOD 1948 TO 2015


WEATHER ITEM   OBSERVED TIME   NORMAL DEPARTURE LAST
                VALUE   (LST)  VALUE  FROM      YEAR
                                      NORMAL
......................................................
TEMPERATURE (F)
 YESTERDAY
  MAXIMUM         91    403 PM  90      1       85
  MINIMUM         67    516 AM  66      1       68
  AVERAGE         79            78      1

PRECIPITATION (IN)
  YESTERDAY        0.00          0.12  -0.12     0.26
  MONTH TO DATE    3.34          2.19   1.15     6.29
  SINCE MAR 1      6.64          9.36  -2.72    15.30
  SINCE JAN 1     12.61         16.67  -4.06    25.45

DEGREE DAYS
 HEATING
  YESTERDAY        0             0      0
  MONTH TO DATE    1             0      1
  SINCE MAR 1     53           183   -130
  SINCE JUL 1   1213          1303    -90

 COOLING
  YESTERDAY       14            13      1
  MONTH TO DATE  350           259     91
  SINCE MAR 1    782           414    368
  SINCE JAN 1    798           441    357
......................................................


WIND (MPH)
  RESULTANT WIND SPEED   2   RESULTANT WIND DIRECTION   E (100)
  HIGHEST WIND SPEED    13   HIGHEST WIND DIRECTION     E (90)
  HIGHEST GUST SPEED    20   HIGHEST GUST DIRECTION     E (90)
  AVERAGE WIND SPEED     2.8



WEATHER CONDITIONS
 THE FOLLOWING WEATHER WAS RECORDED YESTERDAY.
  NO SIGNIFICANT WEATHER WAS OBSERVED.


RELATIVE HUMIDITY (PERCENT)
 HIGHEST    93
 LOWEST     34

..........................................................




SUNRISE AND SUNSET
MAY 29 2015...........SUNRISE   633 AM EDT   SUNSET   826 PM EDT
MAY 30 2015...........SUNRISE   633 AM EDT   SUNSET   827 PM EDT


-  INDICATES NEGATIVE NUMBERS.
R  INDICATES RECORD WAS SET OR TIED.
MM INDICATES DATA IS MISSING.
T  INDICATES TRACE AMOUNT.




$$
