000
CDUS42 KTAE 200635
CLICTY


CLIMATE REPORT
NATIONAL WEATHER SERVICE TALLAHASSEE FL
235 AM EDT SAT SEP 20 2014


...................................

...THE CROSS CITY (AWOS) CLIMATE SUMMARY FOR SEPTEMBER 19 2014...

CLIMATE NORMAL PERIOD 1981 TO 2010
CLIMATE RECORD PERIOD 1948 TO 2014


WEATHER ITEM   OBSERVED TIME   NORMAL DEPARTURE LAST
                VALUE   (LST)  VALUE  FROM      YEAR
                                      NORMAL
......................................................
TEMPERATURE (F)
 YESTERDAY
  MAXIMUM         82    347 PM  88     -6
  MINIMUM         70   1159 PM  68      2
  AVERAGE         76            78     -2

PRECIPITATION (IN)
  YESTERDAY        0.09          0.13  -0.04     0.01
  MONTH TO DATE   10.06          3.22   6.84     0.76
  SINCE SEP 1     10.06          3.22   6.84     0.76
  SINCE JAN 1     50.44         38.59  11.85    53.54

DEGREE DAYS
 HEATING
  YESTERDAY        0             0      0
  MONTH TO DATE    0             0      0
  SINCE SEP 1      0             0      0
  SINCE JUL 1      0             0      0

 COOLING
  YESTERDAY       11            13     -2
  MONTH TO DATE  292           273     19
  SINCE SEP 1    292           273     19
  SINCE JAN 1   2354          2211    143
......................................................


WIND (MPH)
  RESULTANT WIND SPEED   2   RESULTANT WIND DIRECTION   E (80)
  HIGHEST WIND SPEED    15   HIGHEST WIND DIRECTION    NE (30)
  HIGHEST GUST SPEED    20   HIGHEST GUST DIRECTION     N (20)
  AVERAGE WIND SPEED     2.7



WEATHER CONDITIONS
 THE FOLLOWING WEATHER WAS RECORDED YESTERDAY.
  NO SIGNIFICANT WEATHER WAS OBSERVED.


RELATIVE HUMIDITY (PERCENT)
 HIGHEST    94
 LOWEST     74

..........................................................




SUNRISE AND SUNSET
SEPTEMBER 20 2014.....SUNRISE   720 AM EDT   SUNSET   731 PM EDT
SEPTEMBER 21 2014.....SUNRISE   720 AM EDT   SUNSET   730 PM EDT


-  INDICATES NEGATIVE NUMBERS.
R  INDICATES RECORD WAS SET OR TIED.
MM INDICATES DATA IS MISSING.
T  INDICATES TRACE AMOUNT.




$$
