000
CDUS42 KTAE 200633
CLICTY


CLIMATE REPORT
NATIONAL WEATHER SERVICE TALLAHASSEE FL
232 AM EDT MON OCT 20 2014


...................................

...THE CROSS CITY CLIMATE SUMMARY FOR OCTOBER 19 2014...

CLIMATE NORMAL PERIOD 1981 TO 2010
CLIMATE RECORD PERIOD 1948 TO 2014


WEATHER ITEM   OBSERVED TIME   NORMAL DEPARTURE LAST
                VALUE   (LST)  VALUE  FROM      YEAR
                                      NORMAL
......................................................
TEMPERATURE (F)
 YESTERDAY
  MAXIMUM         82    324 PM  82      0
  MINIMUM         59    651 AM  57      2
  AVERAGE         71            69      2

PRECIPITATION (IN)
  YESTERDAY        0.00          0.09  -0.09     0.02
  MONTH TO DATE    1.76          2.34  -0.58     0.25
  SINCE SEP 1     14.43          6.80   7.63     5.41
  SINCE JAN 1     54.81         42.17  12.64    58.19

DEGREE DAYS
 HEATING
  YESTERDAY        0             1     -1
  MONTH TO DATE    4             9     -5
  SINCE SEP 1      4             9     -5
  SINCE JUL 1      4             9     -5

 COOLING
  YESTERDAY        6             5      1
  MONTH TO DATE  160           147     13
  SINCE SEP 1    587           551     36
  SINCE JAN 1   2649          2489    160
......................................................


WIND (MPH)
  RESULTANT WIND SPEED   4   RESULTANT WIND DIRECTION  NE (40)
  HIGHEST WIND SPEED    16   HIGHEST WIND DIRECTION     W (250)
  HIGHEST GUST SPEED    23   HIGHEST GUST DIRECTION     W (270)
  AVERAGE WIND SPEED     5.3



WEATHER CONDITIONS
 THE FOLLOWING WEATHER WAS RECORDED YESTERDAY.
  NO SIGNIFICANT WEATHER WAS OBSERVED.


RELATIVE HUMIDITY (PERCENT)
 HIGHEST    97
 LOWEST     42

..........................................................




SUNRISE AND SUNSET
OCTOBER 20 2014.......SUNRISE   637 AM EST   SUNSET   557 PM EST
OCTOBER 21 2014.......SUNRISE   638 AM EST   SUNSET   556 PM EST


-  INDICATES NEGATIVE NUMBERS.
R  INDICATES RECORD WAS SET OR TIED.
MM INDICATES DATA IS MISSING.
T  INDICATES TRACE AMOUNT.




$$
