000
CDUS42 KCAE 030628
CLICUB


CLIMATE REPORT
NATIONAL WEATHER SERVICE COLUMBIA SC
226 AM EDT FRI JUL 3 2015


...................................

...THE HAMILTON - OWENS AIRPORT SC CLIMATE SUMMARY FOR JULY 2 2015...

CLIMATE NORMAL PERIOD 1981 TO 2010
CLIMATE RECORD PERIOD 9999 TO 9999


WEATHER ITEM   OBSERVED TIME   NORMAL DEPARTURE LAST
                VALUE   (LST)  VALUE  FROM      YEAR
                                      NORMAL
......................................................
TEMPERATURE (F)
 YESTERDAY
  MAXIMUM         93    233 PM  92      1       95
  MINIMUM         71   1159 PM  72     -1       75
  AVERAGE         82            82      0       85

PRECIPITATION (IN)
  YESTERDAY        0.95          0.18   0.77     0.00
  MONTH TO DATE    0.95          0.37   0.58     0.00
  SINCE JUN 1      8.36          5.28   3.08     3.16
  SINCE JAN 1     23.50         22.10   1.40    21.12

DEGREE DAYS
 HEATING
  YESTERDAY        0             0      0        0
  MONTH TO DATE    0             0      0        0
  SINCE JUN 1      0             0      0        0
  SINCE JUL 1      0             0      0        0

 COOLING
  YESTERDAY       17            17      0       20
  MONTH TO DATE   32            34     -2       38
  SINCE JUN 1    578           467    111      532
  SINCE JAN 1   1007           803    204      925
......................................................


WIND (MPH)
  HIGHEST WIND SPEED    29   HIGHEST WIND DIRECTION    NW (310)
  HIGHEST GUST SPEED    47   HIGHEST GUST DIRECTION    NW (310)
  AVERAGE WIND SPEED     6.7


SKY COVER
  AVERAGE SKY COVER 0.1


WEATHER CONDITIONS
 THE FOLLOWING WEATHER WAS RECORDED YESTERDAY.
  HEAVY RAIN
  RAIN
  LIGHT RAIN
  FOG
  HAZE


RELATIVE HUMIDITY (PERCENT)
 HIGHEST    90           500 PM
 LOWEST     39           200 PM

..........................................................


THE HAMILTON - OWENS AIRPORT SC CLIMATE NORMALS FOR TODAY
                         NORMAL    RECORD    YEAR
 MAXIMUM TEMPERATURE (F)   92        MM        MM
 MINIMUM TEMPERATURE (F)   72        MM        MM


SUNRISE AND SUNSET
JULY  3 2015..........SUNRISE   617 AM EDT   SUNSET   839 PM EDT
JULY  4 2015..........SUNRISE   618 AM EDT   SUNSET   839 PM EDT


-  INDICATES NEGATIVE NUMBERS.
R  INDICATES RECORD WAS SET OR TIED.
MM INDICATES DATA IS MISSING.
T  INDICATES TRACE AMOUNT.




$$
