000
CDUS42 KCAE 300620
CLICUB


CLIMATE REPORT
NATIONAL WEATHER SERVICE COLUMBIA SC
220 AM EDT FRI SEP 30 2016


...................................

...THE HAMILTON - OWENS AIRPORT SC CLIMATE SUMMARY FOR SEPTEMBER 29 2016...

CLIMATE NORMAL PERIOD 1981 TO 2010
CLIMATE RECORD PERIOD 9999 TO 9999


WEATHER ITEM   OBSERVED TIME   NORMAL DEPARTURE LAST
                VALUE   (LST)  VALUE  FROM      YEAR
                                      NORMAL
......................................................
TEMPERATURE (F)
 YESTERDAY
  MAXIMUM         90    327 PM  82      8       83
  MINIMUM         71    656 AM  62      9       75
  AVERAGE         81            72      9       79

PRECIPITATION (IN)
  YESTERDAY        0.00          0.12  -0.12     0.01
  MONTH TO DATE    5.56          3.92   1.64     6.07
  SINCE SEP 1      5.56          3.92   1.64     6.07
  SINCE JAN 1     33.29         35.77  -2.48    38.35

DEGREE DAYS
 HEATING
  YESTERDAY        0             0      0        0
  MONTH TO DATE    0             0      0        0
  SINCE SEP 1      0             0      0        0
  SINCE JUL 1      0             0      0        0

 COOLING
  YESTERDAY       16             7      9       14
  MONTH TO DATE  434           322    112      337
  SINCE SEP 1    434           322    112      337
  SINCE JAN 1   2668          2140    528     2488
......................................................


WIND (MPH)
  HIGHEST WIND SPEED    13   HIGHEST WIND DIRECTION    SW (210)
  HIGHEST GUST SPEED    22   HIGHEST GUST DIRECTION    SW (210)
  AVERAGE WIND SPEED     3.5


SKY COVER
  AVERAGE SKY COVER 0.2


WEATHER CONDITIONS
 THE FOLLOWING WEATHER WAS RECORDED YESTERDAY.
  FOG


RELATIVE HUMIDITY (PERCENT)
 HIGHEST    93           300 AM
 LOWEST     27           300 PM

..........................................................


THE HAMILTON - OWENS AIRPORT SC CLIMATE NORMALS FOR TODAY
                         NORMAL    RECORD    YEAR
 MAXIMUM TEMPERATURE (F)   82        MM        MM
 MINIMUM TEMPERATURE (F)   61        MM        MM


SUNRISE AND SUNSET
SEPTEMBER 30 2016.....SUNRISE   718 AM EDT   SUNSET   709 PM EDT
OCTOBER  1 2016.......SUNRISE   719 AM EDT   SUNSET   708 PM EDT


-  INDICATES NEGATIVE NUMBERS.
R  INDICATES RECORD WAS SET OR TIED.
MM INDICATES DATA IS MISSING.
T  INDICATES TRACE AMOUNT.




$$
