000
CDUS42 KCAE 040707
CLICUB


CLIMATE REPORT
NATIONAL WEATHER SERVICE COLUMBIA SC
207 AM EST WED MAR 4 2015


...................................

...THE HAMILTON - OWENS AIRPORT SC CLIMATE SUMMARY FOR MARCH 3 2015...

CLIMATE NORMAL PERIOD 1981 TO 2010
CLIMATE RECORD PERIOD 9999 TO 9999


WEATHER ITEM   OBSERVED TIME   NORMAL DEPARTURE LAST
                VALUE   (LST)  VALUE  FROM      YEAR
                                      NORMAL
......................................................
TEMPERATURE (F)
 YESTERDAY
  MAXIMUM         60   1229 AM  65     -5       67
  MINIMUM         44   1159 PM  41      3       35
  AVERAGE         52            53     -1       51

PRECIPITATION (IN)
  YESTERDAY        0.03          0.13  -0.10     0.03
  MONTH TO DATE    0.50          0.38   0.12     0.03
  SINCE MAR 1      0.50          0.38   0.12     0.03
  SINCE JAN 1      8.42          7.66   0.76     6.41

DEGREE DAYS
 HEATING
  YESTERDAY       13            12      1       14
  MONTH TO DATE   47            37     10       37
  SINCE MAR 1     47            37     10       37
  SINCE JUL 1   2173          1966    207     2029

 COOLING
  YESTERDAY        0             0      0        0
  MONTH TO DATE    0             0      0        0
  SINCE MAR 1      0             0      0        0
  SINCE JAN 1      0             3     -3        6
......................................................


WIND (MPH)
  HIGHEST WIND SPEED     9   HIGHEST WIND DIRECTION    NE (60)
  HIGHEST GUST SPEED    13   HIGHEST GUST DIRECTION     E (70)
  AVERAGE WIND SPEED     3.2


SKY COVER
  AVERAGE SKY COVER 1.0


WEATHER CONDITIONS
 THE FOLLOWING WEATHER WAS RECORDED YESTERDAY.
  LIGHT RAIN
  FOG
  FOG W/VISIBILITY <= 1/4 MILE
  HAZE


RELATIVE HUMIDITY (PERCENT)
 HIGHEST    92           100 PM
 LOWEST     72          1200 AM

..........................................................


THE HAMILTON - OWENS AIRPORT SC CLIMATE NORMALS FOR TODAY
                         NORMAL    RECORD    YEAR
 MAXIMUM TEMPERATURE (F)   65        MM        MM
 MINIMUM TEMPERATURE (F)   41        MM        MM


SUNRISE AND SUNSET
MARCH  4 2015.........SUNRISE   649 AM EST   SUNSET   623 PM EST
MARCH  5 2015.........SUNRISE   648 AM EST   SUNSET   624 PM EST


-  INDICATES NEGATIVE NUMBERS.
R  INDICATES RECORD WAS SET OR TIED.
MM INDICATES DATA IS MISSING.
T  INDICATES TRACE AMOUNT.




$$
