000
CDUS42 KCAE 010548
CLICUB


CLIMATE REPORT
NATIONAL WEATHER SERVICE COLUMBIA SC
148 AM EDT MON MAY 1 2017


...................................

...THE HAMILTON - OWENS AIRPORT SC CLIMATE SUMMARY FOR APRIL 30 2017...

CLIMATE NORMAL PERIOD 1981 TO 2010
CLIMATE RECORD PERIOD 9999 TO 9999


WEATHER ITEM   OBSERVED TIME   NORMAL DEPARTURE LAST
                VALUE   (LST)  VALUE  FROM      YEAR
                                      NORMAL
......................................................
TEMPERATURE (F)
 YESTERDAY
  MAXIMUM         87    142 PM  80      7       89
  MINIMUM         72   1239 AM  56     16       64
  AVERAGE         80            68     12       77

PRECIPITATION (IN)
  YESTERDAY        0.02          0.09  -0.07     0.00
  MONTH TO DATE    4.57          2.69   1.88     2.30
  SINCE MAR 1      8.12          6.57   1.55     4.55
  SINCE JAN 1     15.82         13.85   1.97     9.47

DEGREE DAYS
 HEATING
  YESTERDAY        0             1     -1        0
  MONTH TO DATE   30            99    -69       71
  SINCE MAR 1    299           372    -73      211
  SINCE JUL 1   1563          2301   -738     1711

 COOLING
  YESTERDAY       15             4     11       12
  MONTH TO DATE  174            81     93      110
  SINCE MAR 1    226            96    130      185
  SINCE JAN 1    244            99    145      188
......................................................


WIND (MPH)
  HIGHEST WIND SPEED    17   HIGHEST WIND DIRECTION     S (180)
  HIGHEST GUST SPEED    23   HIGHEST GUST DIRECTION     S (160)
  AVERAGE WIND SPEED     7.1


SKY COVER
  AVERAGE SKY COVER 0.6


WEATHER CONDITIONS
 THE FOLLOWING WEATHER WAS RECORDED YESTERDAY.
  LIGHT RAIN
  HAZE


RELATIVE HUMIDITY (PERCENT)
 HIGHEST    93          1200 AM
 LOWEST     48           600 PM

..........................................................


THE HAMILTON - OWENS AIRPORT SC CLIMATE NORMALS FOR TODAY
                         NORMAL    RECORD    YEAR
 MAXIMUM TEMPERATURE (F)   80        MM        MM
 MINIMUM TEMPERATURE (F)   56        MM        MM


SUNRISE AND SUNSET
MAY  1 2017...........SUNRISE   635 AM EDT   SUNSET   808 PM EDT
MAY  2 2017...........SUNRISE   634 AM EDT   SUNSET   809 PM EDT


-  INDICATES NEGATIVE NUMBERS.
R  INDICATES RECORD WAS SET OR TIED.
MM INDICATES DATA IS MISSING.
T  INDICATES TRACE AMOUNT.




$$
