000
CDUS43 KUNR 250848
CLICUT


CLIMATE REPORT
NATIONAL WEATHER SERVICE RAPID CITY SD
244 AM MDT WED MAY 25 2016


...................................

...THE CUSTER COUNTY AIRPORT SD CLIMATE SUMMARY FOR MAY 24 2016...

CLIMATE NORMAL PERIOD 1981 TO 2010
CLIMATE RECORD PERIOD 9999 TO 9999


WEATHER ITEM   OBSERVED TIME   NORMAL DEPARTURE LAST
                VALUE   (LST)  VALUE  FROM      YEAR
                                      NORMAL
......................................................
TEMPERATURE (F)
 YESTERDAY
  MAXIMUM         62   1041 AM  62      0       57
  MINIMUM         36    421 AM  39     -3       46
  AVERAGE         49            51     -2       52

PRECIPITATION (IN)
  YESTERDAY        0.46          0.12   0.34     0.91
  MONTH TO DATE    1.33          2.36  -1.03     5.34
  SINCE MAR 1      3.63          5.49  -1.86     7.65
  SINCE JAN 1      4.24          6.35  -2.11     8.05

DEGREE DAYS
 HEATING
  YESTERDAY       16            14      2       13
  MONTH TO DATE  423           425     -2      504
  SINCE MAR 1   1964          2240   -276     2044
  SINCE JUL 1   7019          8075  -1056     7493

 COOLING
  YESTERDAY        0             0      0        0
  MONTH TO DATE    0             0      0        0
  SINCE MAR 1      0             0      0        0
  SINCE JAN 1      0             0      0        0
......................................................


WIND (MPH)
  HIGHEST WIND SPEED    21   HIGHEST WIND DIRECTION     W (260)
  HIGHEST GUST SPEED    28   HIGHEST GUST DIRECTION     W (260)
  AVERAGE WIND SPEED     5.8


SKY COVER
  AVERAGE SKY COVER 0.4


WEATHER CONDITIONS
 THE FOLLOWING WEATHER WAS RECORDED YESTERDAY.
  THUNDERSTORM
  HEAVY RAIN
  RAIN
  LIGHT RAIN
  FOG


RELATIVE HUMIDITY (PERCENT)
 HIGHEST    92
 LOWEST     30
 AVERAGE    61

..........................................................




SUNRISE AND SUNSET
MAY 25 2016...........SUNRISE   520 AM MDT   SUNSET   824 PM MDT
MAY 26 2016...........SUNRISE   519 AM MDT   SUNSET   825 PM MDT


-  INDICATES NEGATIVE NUMBERS.
R  INDICATES RECORD WAS SET OR TIED.
MM INDICATES DATA IS MISSING.
T  INDICATES TRACE AMOUNT.




$$
