000
CDUS43 KUNR 180832
CLICUT


CLIMATE REPORT
NATIONAL WEATHER SERVICE RAPID CITY SD
231 AM MDT FRI APR 18 2014


...................................

...THE CUSTER COUNTY AIRPORT SD CLIMATE SUMMARY FOR APRIL 17 2014...

CLIMATE NORMAL PERIOD 1981 TO 2010
CLIMATE RECORD PERIOD 9999 TO 9999


WEATHER ITEM   OBSERVED TIME   NORMAL DEPARTURE LAST
                VALUE   (LST)  VALUE  FROM      YEAR
                                      NORMAL
......................................................
TEMPERATURE (F)
 YESTERDAY
  MAXIMUM         47    507 PM  51     -4       23
  MINIMUM         25    401 AM  28     -3       12
  AVERAGE         36            40     -4       18

PRECIPITATION (IN)
  YESTERDAY        T             0.07  -0.07     0.12
  MONTH TO DATE    1.21          1.06   0.15     1.73
  SINCE MAR 1      2.41          2.07   0.34     2.47
  SINCE JAN 1      3.74          2.93   0.81     3.40

DEGREE DAYS
 HEATING
  YESTERDAY       29            25      4       47
  MONTH TO DATE  495           473     22      596
  SINCE MAR 1   1547          1513     34     1681
  SINCE JUL 1   7405          7348     57     7223

 COOLING
  YESTERDAY        0             0      0        0
  MONTH TO DATE    0             0      0        0
  SINCE MAR 1      0             0      0        0
  SINCE JAN 1      0             0      0        0
......................................................


WIND (MPH)
  HIGHEST WIND SPEED    12   HIGHEST WIND DIRECTION    SW (240)
  HIGHEST GUST SPEED    17   HIGHEST GUST DIRECTION     W (250)
  AVERAGE WIND SPEED     5.4


SKY COVER
  AVERAGE SKY COVER 0.6


WEATHER CONDITIONS
 THE FOLLOWING WEATHER WAS RECORDED YESTERDAY.
  LIGHT SNOW
  FOG


RELATIVE HUMIDITY (PERCENT)
 HIGHEST   100
 LOWEST     53
 AVERAGE    77

..........................................................




SUNRISE AND SUNSET
APRIL 18 2014.........SUNRISE   607 AM MDT   SUNSET   742 PM MDT
APRIL 19 2014.........SUNRISE   605 AM MDT   SUNSET   743 PM MDT


-  INDICATES NEGATIVE NUMBERS.
R  INDICATES RECORD WAS SET OR TIED.
MM INDICATES DATA IS MISSING.
T  INDICATES TRACE AMOUNT.




$$
