268
CDUS43 KUNR 100834
CLICUT


CLIMATE REPORT
NATIONAL WEATHER SERVICE RAPID CITY SD
134 AM MST SAT DEC 10 2016


...................................

...THE CUSTER COUNTY AIRPORT SD CLIMATE SUMMARY FOR DECEMBER 9 2016...

CLIMATE NORMAL PERIOD 1981 TO 2010
CLIMATE RECORD PERIOD 9999 TO 9999


WEATHER ITEM   OBSERVED TIME   NORMAL DEPARTURE LAST
                VALUE   (LST)  VALUE  FROM      YEAR
                                      NORMAL
......................................................
TEMPERATURE (F)
 YESTERDAY
  MAXIMUM         16    233 PM  34    -18       53
  MINIMUM          0    720 PM  13    -13       35
  AVERAGE          8            23    -15       44

PRECIPITATION (IN)
  YESTERDAY        0.05          0.01   0.04      T
  MONTH TO DATE    0.05          0.10  -0.05     0.01
  SINCE DEC 1      0.05          0.10  -0.05     0.01
  SINCE JAN 1     15.32         18.67  -3.35    22.90

DEGREE DAYS
 HEATING
  YESTERDAY       57            42     15       21
  MONTH TO DATE  438           367     71      265
  SINCE DEC 1    438           367     71      265
  SINCE JUL 1   2057          2548   -491     2053

 COOLING
  YESTERDAY        0             0      0        0
  MONTH TO DATE    0             0      0        0
  SINCE DEC 1      0             0      0        0
  SINCE JAN 1    259           177     82      231
......................................................


WIND (MPH)
  HIGHEST WIND SPEED    10   HIGHEST WIND DIRECTION    SW (230)
  HIGHEST GUST SPEED    14   HIGHEST GUST DIRECTION    SW (230)
  AVERAGE WIND SPEED     3.7


SKY COVER
  AVERAGE SKY COVER 0.9


WEATHER CONDITIONS
 THE FOLLOWING WEATHER WAS RECORDED YESTERDAY.
  LIGHT SNOW
  FOG


RELATIVE HUMIDITY (PERCENT)
 HIGHEST    86
 LOWEST     59
 AVERAGE    73

..........................................................




SUNRISE AND SUNSET
DECEMBER 10 2016......SUNRISE   718 AM MST   SUNSET   417 PM MST
DECEMBER 11 2016......SUNRISE   719 AM MST   SUNSET   417 PM MST


-  INDICATES NEGATIVE NUMBERS.
R  INDICATES RECORD WAS SET OR TIED.
MM INDICATES DATA IS MISSING.
T  INDICATES TRACE AMOUNT.




$$
