000
CDUS43 KUNR 020832
CLICUT


CLIMATE REPORT
NATIONAL WEATHER SERVICE RAPID CITY SD
232 AM MDT WED SEP 2 2015


...................................

...THE CUSTER COUNTY AIRPORT SD CLIMATE SUMMARY FOR SEPTEMBER 1 2015...

CLIMATE NORMAL PERIOD 1981 TO 2010
CLIMATE RECORD PERIOD 9999 TO 9999


WEATHER ITEM   OBSERVED TIME   NORMAL DEPARTURE LAST
                VALUE   (LST)  VALUE  FROM      YEAR
                                      NORMAL
......................................................
TEMPERATURE (F)
 YESTERDAY
  MAXIMUM         83    419 PM  74      9       64
  MINIMUM         54   1127 PM  47      7       42
  AVERAGE         69            60      9       53

PRECIPITATION (IN)
  YESTERDAY        0.00          0.07  -0.07      T
  MONTH TO DATE    0.00          0.07  -0.07      T
  SINCE SEP 1      0.00          0.07  -0.07      T
  SINCE JAN 1     20.24         14.99   5.25    14.51

DEGREE DAYS
 HEATING
  YESTERDAY        0             6     -6       12
  MONTH TO DATE    0             6     -6       12
  SINCE SEP 1      0             6     -6       12
  SINCE JUL 1    146           160    -14      143

 COOLING
  YESTERDAY        4             1      3        0
  MONTH TO DATE    4             1      3        0
  SINCE SEP 1      4             1      3        0
  SINCE JAN 1    191           167     24      134
......................................................


WIND (MPH)
  HIGHEST WIND SPEED    22   HIGHEST WIND DIRECTION     W (280)
  HIGHEST GUST SPEED    27   HIGHEST GUST DIRECTION     W (270)
  AVERAGE WIND SPEED     6.4


SKY COVER
  AVERAGE SKY COVER 0.0


WEATHER CONDITIONS
 THE FOLLOWING WEATHER WAS RECORDED YESTERDAY.
  NO SIGNIFICANT WEATHER WAS OBSERVED.


RELATIVE HUMIDITY (PERCENT)
 HIGHEST    72
 LOWEST     15
 AVERAGE    44

..........................................................




SUNRISE AND SUNSET
SEPTEMBER  2 2015.....SUNRISE   619 AM MDT   SUNSET   729 PM MDT
SEPTEMBER  3 2015.....SUNRISE   620 AM MDT   SUNSET   727 PM MDT


-  INDICATES NEGATIVE NUMBERS.
R  INDICATES RECORD WAS SET OR TIED.
MM INDICATES DATA IS MISSING.
T  INDICATES TRACE AMOUNT.




$$
