000
CDUS43 KUNR 220832
CLICUT


CLIMATE REPORT
NATIONAL WEATHER SERVICE RAPID CITY SD
231 AM MDT MON SEP 22 2014


...................................

...THE CUSTER COUNTY AIRPORT SD CLIMATE SUMMARY FOR SEPTEMBER 21 2014...

CLIMATE NORMAL PERIOD 1981 TO 2010
CLIMATE RECORD PERIOD 9999 TO 9999


WEATHER ITEM   OBSERVED TIME   NORMAL DEPARTURE LAST
                VALUE   (LST)  VALUE  FROM      YEAR
                                      NORMAL
......................................................
TEMPERATURE (F)
 YESTERDAY
  MAXIMUM         70    111 PM  65      5       80
  MINIMUM         38    428 AM  39     -1       37
  AVERAGE         54            52      2       59

PRECIPITATION (IN)
  YESTERDAY        0.00          0.05  -0.05     0.00
  MONTH TO DATE    0.71          1.21  -0.50     0.94
  SINCE SEP 1      0.71          1.21  -0.50     0.94
  SINCE JAN 1     15.22         16.13  -0.91    16.89

DEGREE DAYS
 HEATING
  YESTERDAY       11            13     -2        6
  MONTH TO DATE  235           193     42      109
  SINCE SEP 1    235           193     42      109
  SINCE JUL 1    366           347     19      206

 COOLING
  YESTERDAY        0             0      0        0
  MONTH TO DATE   10            11     -1       38
  SINCE SEP 1     10            11     -1       38
  SINCE JAN 1    144           177    -33      187
......................................................


WIND (MPH)
  HIGHEST WIND SPEED    14   HIGHEST WIND DIRECTION     E (110)
  HIGHEST GUST SPEED    18   HIGHEST GUST DIRECTION     E (110)
  AVERAGE WIND SPEED     4.6


SKY COVER
  AVERAGE SKY COVER 0.0


WEATHER CONDITIONS
 THE FOLLOWING WEATHER WAS RECORDED YESTERDAY.
  NO SIGNIFICANT WEATHER WAS OBSERVED.


RELATIVE HUMIDITY (PERCENT)
 HIGHEST    70
 LOWEST     27
 AVERAGE    49

..........................................................




SUNRISE AND SUNSET
SEPTEMBER 22 2014.....SUNRISE   642 AM MDT   SUNSET   652 PM MDT
SEPTEMBER 23 2014.....SUNRISE   643 AM MDT   SUNSET   650 PM MDT


-  INDICATES NEGATIVE NUMBERS.
R  INDICATES RECORD WAS SET OR TIED.
MM INDICATES DATA IS MISSING.
T  INDICATES TRACE AMOUNT.




$$
