000
CDUS43 KUNR 280842
CLICUT


CLIMATE REPORT
NATIONAL WEATHER SERVICE RAPID CITY SD
240 AM MDT SAT MAR 28 2015


...................................

...THE CUSTER COUNTY AIRPORT SD CLIMATE SUMMARY FOR MARCH 27 2015...

CLIMATE NORMAL PERIOD 1981 TO 2010
CLIMATE RECORD PERIOD 9999 TO 9999


WEATHER ITEM   OBSERVED TIME   NORMAL DEPARTURE LAST
                VALUE   (LST)  VALUE  FROM      YEAR
                                      NORMAL
......................................................
TEMPERATURE (F)
 YESTERDAY
  MAXIMUM         60    214 PM  44     16       38
  MINIMUM         33    343 AM  24      9       24
  AVERAGE         47            34     13       31

PRECIPITATION (IN)
  YESTERDAY        0.00          0.05  -0.05     0.10
  MONTH TO DATE    0.33          0.83  -0.50     0.96
  SINCE MAR 1      0.33          0.83  -0.50     0.96
  SINCE JAN 1      0.73          1.69  -0.96     2.29

DEGREE DAYS
 HEATING
  YESTERDAY       18            31    -13       34
  MONTH TO DATE  771           917   -146      932
  SINCE MAR 1    771           917   -146      932
  SINCE JUL 1   6220          6752   -532     6790

 COOLING
  YESTERDAY        0             0      0        0
  MONTH TO DATE    0             0      0        0
  SINCE MAR 1      0             0      0        0
  SINCE JAN 1      0             0      0        0
......................................................


WIND (MPH)
  HIGHEST WIND SPEED    23   HIGHEST WIND DIRECTION     W (280)
  HIGHEST GUST SPEED    32   HIGHEST GUST DIRECTION     W (280)
  AVERAGE WIND SPEED     9.4


SKY COVER
  AVERAGE SKY COVER 0.3


WEATHER CONDITIONS
 THE FOLLOWING WEATHER WAS RECORDED YESTERDAY.
  NO SIGNIFICANT WEATHER WAS OBSERVED.


RELATIVE HUMIDITY (PERCENT)
 HIGHEST    89
 LOWEST     31
 AVERAGE    60

..........................................................




SUNRISE AND SUNSET
MARCH 28 2015.........SUNRISE   644 AM MDT   SUNSET   716 PM MDT
MARCH 29 2015.........SUNRISE   642 AM MDT   SUNSET   717 PM MDT


-  INDICATES NEGATIVE NUMBERS.
R  INDICATES RECORD WAS SET OR TIED.
MM INDICATES DATA IS MISSING.
T  INDICATES TRACE AMOUNT.




$$
