000
CDUS43 KUNR 040831
CLICUT


CLIMATE REPORT
NATIONAL WEATHER SERVICE RAPID CITY SD
231 AM MDT WED MAY 4 2016


...................................

...THE CUSTER COUNTY AIRPORT SD CLIMATE SUMMARY FOR MAY 3 2016...

CLIMATE NORMAL PERIOD 1981 TO 2010
CLIMATE RECORD PERIOD 9999 TO 9999


WEATHER ITEM   OBSERVED TIME   NORMAL DEPARTURE LAST
                VALUE   (LST)  VALUE  FROM      YEAR
                                      NORMAL
......................................................
TEMPERATURE (F)
 YESTERDAY
  MAXIMUM         69    335 PM  57     12       61
  MINIMUM         34    336 AM  32      2       40
  AVERAGE         52            44      8       51

PRECIPITATION (IN)
  YESTERDAY        0.00          0.10  -0.10     0.07
  MONTH TO DATE    0.00          0.30  -0.30     0.07
  SINCE MAR 1      2.30          3.43  -1.13     2.38
  SINCE JAN 1      2.91          4.29  -1.38     2.78

DEGREE DAYS
 HEATING
  YESTERDAY       13            20     -7       14
  MONTH TO DATE   58            62     -4       43
  SINCE MAR 1   1599          1877   -278     1583
  SINCE JUL 1   6654          7712  -1058     7032

 COOLING
  YESTERDAY        0             0      0        0
  MONTH TO DATE    0             0      0        0
  SINCE MAR 1      0             0      0        0
  SINCE JAN 1      0             0      0        0
......................................................


WIND (MPH)
  HIGHEST WIND SPEED    16   HIGHEST WIND DIRECTION    NE (30)
  HIGHEST GUST SPEED    26   HIGHEST GUST DIRECTION     W (280)
  AVERAGE WIND SPEED     6.2


SKY COVER
  AVERAGE SKY COVER 0.1


WEATHER CONDITIONS
 THE FOLLOWING WEATHER WAS RECORDED YESTERDAY.
  NO SIGNIFICANT WEATHER WAS OBSERVED.


RELATIVE HUMIDITY (PERCENT)
 HIGHEST    70
 LOWEST     22
 AVERAGE    46

..........................................................




SUNRISE AND SUNSET
MAY  4 2016...........SUNRISE   542 AM MDT   SUNSET   801 PM MDT
MAY  5 2016...........SUNRISE   540 AM MDT   SUNSET   802 PM MDT


-  INDICATES NEGATIVE NUMBERS.
R  INDICATES RECORD WAS SET OR TIED.
MM INDICATES DATA IS MISSING.
T  INDICATES TRACE AMOUNT.




$$
