000
CDUS43 KUNR 010832
CLICUT


CLIMATE REPORT
NATIONAL WEATHER SERVICE RAPID CITY SD
230 AM MDT SAT AUG 1 2015


...................................

...THE CUSTER COUNTY AIRPORT SD CLIMATE SUMMARY FOR JULY 31 2015...

CLIMATE NORMAL PERIOD 1981 TO 2010
CLIMATE RECORD PERIOD 9999 TO 9999


WEATHER ITEM   OBSERVED TIME   NORMAL DEPARTURE LAST
                VALUE   (LST)  VALUE  FROM      YEAR
                                      NORMAL
......................................................
TEMPERATURE (F)
 YESTERDAY
  MAXIMUM         81   1147 AM  80      1       79
  MINIMUM         50    240 AM  52     -2       49
  AVERAGE         66            66      0       64

PRECIPITATION (IN)
  YESTERDAY        0.00          0.07  -0.07     0.06
  MONTH TO DATE    2.30          2.44  -0.14     1.50
  SINCE JUN 1      8.80          5.66   3.14     4.89
  SINCE JAN 1     18.11         12.77   5.34    12.61

DEGREE DAYS
 HEATING
  YESTERDAY        0             2     -2        1
  MONTH TO DATE   56            66    -10       79
  SINCE JUN 1    158           281   -123      352
  SINCE JUL 1     56            61     -5       79

 COOLING
  YESTERDAY        1             3     -2        0
  MONTH TO DATE   70            81    -11       85
  SINCE JUN 1     97           106     -9       86
  SINCE JAN 1     97           107    -10       90
......................................................


WIND (MPH)
  HIGHEST WIND SPEED    14   HIGHEST WIND DIRECTION     E (80)
  HIGHEST GUST SPEED    20   HIGHEST GUST DIRECTION     E (110)
  AVERAGE WIND SPEED     5.6


SKY COVER
  AVERAGE SKY COVER 0.1


WEATHER CONDITIONS
 THE FOLLOWING WEATHER WAS RECORDED YESTERDAY.
  NO SIGNIFICANT WEATHER WAS OBSERVED.


RELATIVE HUMIDITY (PERCENT)
 HIGHEST    71
 LOWEST     23
 AVERAGE    47

..........................................................




SUNRISE AND SUNSET
AUGUST  1 2015........SUNRISE   543 AM MDT   SUNSET   818 PM MDT
AUGUST  2 2015........SUNRISE   544 AM MDT   SUNSET   817 PM MDT


-  INDICATES NEGATIVE NUMBERS.
R  INDICATES RECORD WAS SET OR TIED.
MM INDICATES DATA IS MISSING.
T  INDICATES TRACE AMOUNT.




$$
