000
CDUS43 KUNR 221829
CLICUT


CLIMATE REPORT
NATIONAL WEATHER SERVICE RAPID CITY SD
1129 AM MST THU FEB 22 2018


...................................

...THE CUSTER COUNTY AIRPORT SD CLIMATE SUMMARY FOR FEBRUARY 21 2018...

CLIMATE NORMAL PERIOD 1981 TO 2010
CLIMATE RECORD PERIOD 9999 TO 9999


WEATHER ITEM   OBSERVED TIME   NORMAL DEPARTURE LAST
                VALUE   (LST)  VALUE  FROM      YEAR
                                      NORMAL
......................................................
TEMPERATURE (F)
 YESTERDAY
  MAXIMUM         19    344 PM  37    -18       59
  MINIMUM        -11    610 AM  16    -27       37
  AVERAGE          4            26    -22       48

PRECIPITATION (IN)
  YESTERDAY        0.00          0.02  -0.02     0.12
  MONTH TO DATE    1.83          0.41   1.42     0.69
  SINCE DEC 1      3.39          1.12   2.27     2.96
  SINCE JAN 1      2.31          0.74   1.57     1.68

DEGREE DAYS
 HEATING
  YESTERDAY       61            38     23       17
  MONTH TO DATE 1055           837    218      664
  SINCE DEC 1   3517          3391    126     3446
  SINCE JUL 1   5481          5572    -91     5065

 COOLING
  YESTERDAY        0             0      0        0
  MONTH TO DATE    0             0      0        0
  SINCE DEC 1      0             0      0        0
  SINCE JAN 1      0             0      0        0
......................................................


WIND (MPH)
  HIGHEST WIND SPEED    20   HIGHEST WIND DIRECTION    SW (240)
  HIGHEST GUST SPEED    30   HIGHEST GUST DIRECTION    SW (230)
  AVERAGE WIND SPEED     6.3


SKY COVER
  AVERAGE SKY COVER 0.0


WEATHER CONDITIONS
 THE FOLLOWING WEATHER WAS RECORDED YESTERDAY.
  NO SIGNIFICANT WEATHER WAS OBSERVED.


RELATIVE HUMIDITY (PERCENT)
 HIGHEST    75
 LOWEST     43
 AVERAGE    59

..........................................................




SUNRISE AND SUNSET
FEBRUARY 22 2018......SUNRISE   642 AM MST   SUNSET   534 PM MST
FEBRUARY 23 2018......SUNRISE   641 AM MST   SUNSET   535 PM MST


-  INDICATES NEGATIVE NUMBERS.
R  INDICATES RECORD WAS SET OR TIED.
MM INDICATES DATA IS MISSING.
T  INDICATES TRACE AMOUNT.




$$
