000
CDUS43 KUNR 230851
CLICUT


CLIMATE REPORT
NATIONAL WEATHER SERVICE RAPID CITY SD
248 AM MDT TUE MAY 23 2017


...................................

...THE CUSTER COUNTY AIRPORT SD CLIMATE SUMMARY FOR MAY 22 2017...

CLIMATE NORMAL PERIOD 1981 TO 2010
CLIMATE RECORD PERIOD 9999 TO 9999


WEATHER ITEM   OBSERVED TIME   NORMAL DEPARTURE LAST
                VALUE   (LST)  VALUE  FROM      YEAR
                                      NORMAL
......................................................
TEMPERATURE (F)
 YESTERDAY
  MAXIMUM         53    951 AM  62     -9       68
  MINIMUM         36    906 PM  38     -2       40
  AVERAGE         45            50     -5       54

PRECIPITATION (IN)
  YESTERDAY        0.05          0.12  -0.07     0.15
  MONTH TO DATE    1.42          2.13  -0.71     0.87
  SINCE MAR 1      5.58          5.26   0.32     3.17
  SINCE JAN 1      7.59          6.12   1.47     3.78

DEGREE DAYS
 HEATING
  YESTERDAY       20            15      5       11
  MONTH TO DATE  365           396    -31      393
  SINCE MAR 1   1949          2211   -262     1934
  SINCE JUL 1   7317          8046   -729     6989

 COOLING
  YESTERDAY        0             0      0        0
  MONTH TO DATE    0             0      0        0
  SINCE MAR 1      0             0      0        0
  SINCE JAN 1      0             0      0        0
......................................................


WIND (MPH)
  HIGHEST WIND SPEED    26   HIGHEST WIND DIRECTION     N (360)
  HIGHEST GUST SPEED    37   HIGHEST GUST DIRECTION     N (10)
  AVERAGE WIND SPEED     9.0


SKY COVER
  AVERAGE SKY COVER 0.4


WEATHER CONDITIONS
 THE FOLLOWING WEATHER WAS RECORDED YESTERDAY.
  THUNDERSTORM
  RAIN
  LIGHT RAIN


RELATIVE HUMIDITY (PERCENT)
 HIGHEST    82
 LOWEST     38
 AVERAGE    60

..........................................................




SUNRISE AND SUNSET
MAY 23 2017...........SUNRISE   521 AM MDT   SUNSET   822 PM MDT
MAY 24 2017...........SUNRISE   521 AM MDT   SUNSET   823 PM MDT


-  INDICATES NEGATIVE NUMBERS.
R  INDICATES RECORD WAS SET OR TIED.
MM INDICATES DATA IS MISSING.
T  INDICATES TRACE AMOUNT.




$$
