000
CDUS43 KUNR 220831
CLICUT


CLIMATE REPORT
NATIONAL WEATHER SERVICE RAPID CITY SD
131 AM MST WED FEB 22 2017


...................................

...THE CUSTER COUNTY AIRPORT SD CLIMATE SUMMARY FOR FEBRUARY 21 2017...

CLIMATE NORMAL PERIOD 1981 TO 2010
CLIMATE RECORD PERIOD 9999 TO 9999


WEATHER ITEM   OBSERVED TIME   NORMAL DEPARTURE LAST
                VALUE   (LST)  VALUE  FROM      YEAR
                                      NORMAL
......................................................
TEMPERATURE (F)
 YESTERDAY
  MAXIMUM         59    204 PM  37     22       41
  MINIMUM         37   1159 PM  16     21       19
  AVERAGE         48            26     22       30

PRECIPITATION (IN)
  YESTERDAY        0.12          0.02   0.10     0.00
  MONTH TO DATE    0.69          0.41   0.28     0.51
  SINCE DEC 1      2.96          1.12   1.84     0.93
  SINCE JAN 1      1.68          0.74   0.94     0.55

DEGREE DAYS
 HEATING
  YESTERDAY       17            38    -21       35
  MONTH TO DATE  664           837   -173      703
  SINCE DEC 1   3446          3391     55     3020
  SINCE JUL 1   5065          5572   -507     4808

 COOLING
  YESTERDAY        0             0      0        0
  MONTH TO DATE    0             0      0        0
  SINCE DEC 1      0             0      0        0
  SINCE JAN 1      0             0      0        0
......................................................


WIND (MPH)
  HIGHEST WIND SPEED    28   HIGHEST WIND DIRECTION     W (260)
  HIGHEST GUST SPEED    40   HIGHEST GUST DIRECTION     W (250)
  AVERAGE WIND SPEED    14.7


SKY COVER
  AVERAGE SKY COVER 0.4


WEATHER CONDITIONS
 THE FOLLOWING WEATHER WAS RECORDED YESTERDAY.
  RAIN
  LIGHT RAIN
  HAZE


RELATIVE HUMIDITY (PERCENT)
 HIGHEST    85
 LOWEST     24
 AVERAGE    55

..........................................................




SUNRISE AND SUNSET
FEBRUARY 22 2017......SUNRISE   642 AM MST   SUNSET   534 PM MST
FEBRUARY 23 2017......SUNRISE   640 AM MST   SUNSET   536 PM MST


-  INDICATES NEGATIVE NUMBERS.
R  INDICATES RECORD WAS SET OR TIED.
MM INDICATES DATA IS MISSING.
T  INDICATES TRACE AMOUNT.




$$
