000
CDUS43 KUNR 280833
CLICUT


CLIMATE REPORT
NATIONAL WEATHER SERVICE RAPID CITY SD
232 AM MDT WED JUN 28 2017


...................................

...THE CUSTER COUNTY AIRPORT SD CLIMATE SUMMARY FOR JUNE 27 2017...

CLIMATE NORMAL PERIOD 1981 TO 2010
CLIMATE RECORD PERIOD 9999 TO 9999


WEATHER ITEM   OBSERVED TIME   NORMAL DEPARTURE LAST
                VALUE   (LST)  VALUE  FROM      YEAR
                                      NORMAL
......................................................
TEMPERATURE (F)
 YESTERDAY
  MAXIMUM         86    220 PM  76     10       77
  MINIMUM         54   1114 PM  50      4       52
  AVERAGE         70            63      7       65

PRECIPITATION (IN)
  YESTERDAY        0.06          0.10  -0.04     0.71
  MONTH TO DATE    1.29          2.94  -1.65     2.18
  SINCE JUN 1      1.29          2.94  -1.65     2.18
  SINCE JAN 1      9.17         10.05  -0.88     6.76

DEGREE DAYS
 HEATING
  YESTERDAY        0             4     -4        0
  MONTH TO DATE  139           209    -70       53
  SINCE JUN 1    139           209    -70       53
  SINCE JUL 1   7583          8378   -795     7168

 COOLING
  YESTERDAY        5             2      3        0
  MONTH TO DATE   20            18      2       77
  SINCE JUN 1     20            18      2       77
  SINCE JAN 1     20            19      1       77
......................................................


WIND (MPH)
  HIGHEST WIND SPEED    47   HIGHEST WIND DIRECTION     W (270)
  HIGHEST GUST SPEED    69   HIGHEST GUST DIRECTION     W (270)
  AVERAGE WIND SPEED     6.7


SKY COVER
  AVERAGE SKY COVER 0.1


WEATHER CONDITIONS
 THE FOLLOWING WEATHER WAS RECORDED YESTERDAY.
  THUNDERSTORM
  HEAVY RAIN
  RAIN
  LIGHT RAIN


RELATIVE HUMIDITY (PERCENT)
 HIGHEST    86
 LOWEST     18
 AVERAGE    52

..........................................................




SUNRISE AND SUNSET
JUNE 28 2017..........SUNRISE   515 AM MDT   SUNSET   840 PM MDT
JUNE 29 2017..........SUNRISE   516 AM MDT   SUNSET   840 PM MDT


-  INDICATES NEGATIVE NUMBERS.
R  INDICATES RECORD WAS SET OR TIED.
MM INDICATES DATA IS MISSING.
T  INDICATES TRACE AMOUNT.




$$
