000
CDUS41 KILN 260534
CLICVG


CLIMATE REPORT
NATIONAL WEATHER SERVICE WILMINGTON OH
127 AM EDT SUN MAR 26 2017


...................................

...THE CINCINNATI OH CLIMATE SUMMARY FOR MARCH 25 2017...

CLIMATE NORMAL PERIOD 1981 TO 2010
CLIMATE RECORD PERIOD 1869 TO 2017


WEATHER ITEM   OBSERVED TIME   RECORD YEAR NORMAL DEPARTURE LAST
                VALUE   (LST)  VALUE       VALUE  FROM      YEAR
                                                  NORMAL
..................................................................
TEMPERATURE (F)
 YESTERDAY
  MAXIMUM         77    218 PM  88    1929  57     20       49
  MINIMUM         55    654 AM  12    1974  37     18       36
  AVERAGE         66                        47     19       43

PRECIPITATION (IN)
  YESTERDAY        0.04          4.15 1913   0.15  -0.11     0.00
  MONTH TO DATE    3.29                      3.12   0.17     3.14
  SINCE MAR 1      3.29                      3.12   0.17     3.14
  SINCE JAN 1     10.51                      8.93   1.58     9.77

SNOWFALL (IN)
  YESTERDAY        0.0           2.0  2013   0.1   -0.1      0.0
  MONTH TO DATE    2.0                       2.7   -0.7      2.3
  SINCE MAR 1      2.0                       2.7   -0.7      2.3
  SINCE JUL 1     10.0                      21.3  -11.3     19.2
  SNOW DEPTH       0

DEGREE DAYS
 HEATING
  YESTERDAY        0                        18    -18       22
  MONTH TO DATE  574                       563     11      386
  SINCE MAR 1    574                       563     11      386
  SINCE JUL 1   3654                      4390   -736     3594

 COOLING
  YESTERDAY        1                         0      1        0
  MONTH TO DATE    1                         0      1        0
  SINCE MAR 1      1                         0      1        0
  SINCE JAN 1      1                         0      1        0
..................................................................


WIND (MPH)
  RESULTANT WIND SPEED  11   RESULTANT WIND DIRECTION   S (170)
  HIGHEST WIND SPEED    24   HIGHEST WIND DIRECTION    SE (150)
  HIGHEST GUST SPEED    29   HIGHEST GUST DIRECTION     S (160)
  AVERAGE WIND SPEED    11.2


SKY COVER
  POSSIBLE SUNSHINE  MM
  AVERAGE SKY COVER 0.8


WEATHER CONDITIONS
 THE FOLLOWING WEATHER WAS RECORDED YESTERDAY.
  LIGHT RAIN


RELATIVE HUMIDITY (PERCENT)
 HIGHEST    80           400 AM
 LOWEST     43           200 PM
 AVERAGE    62

..........................................................


THE CINCINNATI OH CLIMATE NORMALS FOR TODAY
                         NORMAL    RECORD    YEAR
 MAXIMUM TEMPERATURE (F)   57        82      1907
 MINIMUM TEMPERATURE (F)   37        13      1955


SUNRISE AND SUNSET
MARCH 26 2017.........SUNRISE   732 AM EDT   SUNSET   757 PM EDT
MARCH 27 2017.........SUNRISE   731 AM EDT   SUNSET   758 PM EDT


-  INDICATES NEGATIVE NUMBERS.
R  INDICATES RECORD WAS SET OR TIED.
MM INDICATES DATA IS MISSING.
T  INDICATES TRACE AMOUNT.




$$
