000
CDUS41 KILN 050551
CLICVG


CLIMATE REPORT
NATIONAL WEATHER SERVICE WILMINGTON OH
1250 AM EST MON DEC 5 2016


...................................

...THE CINCINNATI OH CLIMATE SUMMARY FOR DECEMBER 4 2016...

CLIMATE NORMAL PERIOD 1981 TO 2010
CLIMATE RECORD PERIOD 1869 TO 2016


WEATHER ITEM   OBSERVED TIME   RECORD YEAR NORMAL DEPARTURE LAST
                VALUE   (LST)  VALUE       VALUE  FROM      YEAR
                                                  NORMAL
..................................................................
TEMPERATURE (F)
 YESTERDAY
  MAXIMUM         44   1047 PM  72    1998  45     -1       38
  MINIMUM         36    636 AM  10    1991  30      6       21
  AVERAGE         40                        38      2       30

PRECIPITATION (IN)
  YESTERDAY        0.11          2.36 1880   0.12  -0.01     0.00
  MONTH TO DATE    0.11                      0.44  -0.33     0.43
  SINCE DEC 1      0.11                      0.44  -0.33     0.43
  SINCE JAN 1     40.11                     39.59   0.52    43.22

SNOWFALL (IN)
  YESTERDAY        0.0           3.5  1898   0.1   -0.1      0.0
  MONTH TO DATE    0.0                       0.4   -0.4       T
  SINCE DEC 1      0.0                       0.4   -0.4       T
  SINCE JUL 1      T                         1.2   -1.2       T
  SNOW DEPTH       0

DEGREE DAYS
 HEATING
  YESTERDAY       25                        28     -3       35
  MONTH TO DATE  106                       108     -2      105
  SINCE DEC 1    106                       108     -2      105
  SINCE JUL 1    788                      1068   -280      850

 COOLING
  YESTERDAY        0                         0      0        0
  MONTH TO DATE    0                         0      0        0
  SINCE DEC 1      0                         0      0        0
  SINCE JAN 1   1477                      1121    356     1157
..................................................................


WIND (MPH)
  RESULTANT WIND SPEED   5   RESULTANT WIND DIRECTION  SE (120)
  HIGHEST WIND SPEED    18   HIGHEST WIND DIRECTION     W (270)
  HIGHEST GUST SPEED    24   HIGHEST GUST DIRECTION     W (270)
  AVERAGE WIND SPEED     8.5


SKY COVER
  POSSIBLE SUNSHINE  MM
  AVERAGE SKY COVER 1.0


WEATHER CONDITIONS
 THE FOLLOWING WEATHER WAS RECORDED YESTERDAY.
  LIGHT RAIN
  FOG
  HAZE


RELATIVE HUMIDITY (PERCENT)
 HIGHEST    96           800 PM
 LOWEST     62          1200 PM
 AVERAGE    79

..........................................................


THE CINCINNATI OH CLIMATE NORMALS FOR TODAY
                         NORMAL    RECORD    YEAR
 MAXIMUM TEMPERATURE (F)   45        70      2001
 MINIMUM TEMPERATURE (F)   29         9      1886


SUNRISE AND SUNSET
DECEMBER  5 2016......SUNRISE   743 AM EST   SUNSET   516 PM EST
DECEMBER  6 2016......SUNRISE   744 AM EST   SUNSET   516 PM EST


-  INDICATES NEGATIVE NUMBERS.
R  INDICATES RECORD WAS SET OR TIED.
MM INDICATES DATA IS MISSING.
T  INDICATES TRACE AMOUNT.




$$
