000
CDUS41 KILN 282156
CLICVG


CLIMATE REPORT
NATIONAL WEATHER SERVICE WILMINGTON OH
454 PM EST WED JAN 28 2015


...................................

...THE CINCINNATI OH CLIMATE SUMMARY FOR JANUARY 28 2015...
VALID TODAY AS OF 0400 PM LOCAL TIME.

CLIMATE NORMAL PERIOD 1981 TO 2010
CLIMATE RECORD PERIOD 1869 TO 2015


WEATHER ITEM   OBSERVED TIME   RECORD YEAR NORMAL DEPARTURE LAST
                VALUE   (LST)  VALUE       VALUE  FROM      YEAR
                                                  NORMAL
..................................................................
TEMPERATURE (F)
 TODAY
  MAXIMUM         36    428 PM  68    1914  39     -3        9
  MINIMUM         14    823 AM -18    1963  23     -9       -6
  AVERAGE         25                        31     -6        2

PRECIPITATION (IN)
  TODAY            0.00          2.35 1876   0.09  -0.09     0.00
  MONTH TO DATE    2.23                      2.70  -0.47     2.80
  SINCE DEC 1      5.83                      6.07  -0.24     7.73
  SINCE JAN 1      2.23                      2.70  -0.47     2.80

SNOWFALL (IN)
  TODAY            0.0           5.8  1995   0.2   -0.2      0.0
  MONTH TO DATE    1.2                       5.7   -4.5     20.4
  SINCE DEC 1      1.3                      10.5   -9.2     30.8
  SINCE JUL 1      6.4                      11.3   -4.9     33.2
  SNOW DEPTH       0

DEGREE DAYS
 HEATING
  TODAY           40                        34      6       63
  MONTH TO DATE  976                       952     24     1144
  SINCE DEC 1   1818                      1911    -93     2059
  SINCE JUL 1   2956                      2871     85     3095

 COOLING
  TODAY            0                         0      0        0
  MONTH TO DATE    0                         0      0        0
  SINCE DEC 1      0                         0      0        0
  SINCE JAN 1      0                         0      0        0
..................................................................


WIND (MPH)
  HIGHEST WIND SPEED    15   HIGHEST WIND DIRECTION    SE (140)
  HIGHEST GUST SPEED    23   HIGHEST GUST DIRECTION    SE (140)
  AVERAGE WIND SPEED     4.0


SKY COVER
  POSSIBLE SUNSHINE  MM
  AVERAGE SKY COVER 0.2


WEATHER CONDITIONS
 THE FOLLOWING WEATHER WAS RECORDED TODAY.
  FOG
  HAZE


RELATIVE HUMIDITY (PERCENT)
 HIGHEST    88           500 AM
 LOWEST     47           300 PM
 AVERAGE    68

..........................................................


THE CINCINNATI OH CLIMATE NORMALS FOR TOMORROW
                         NORMAL    RECORD    YEAR
 MAXIMUM TEMPERATURE (F)   39        68      1914
 MINIMUM TEMPERATURE (F)   23       -11      1977


SUNRISE AND SUNSET
JANUARY 28 2015.......SUNRISE   749 AM EST   SUNSET   555 PM EST
JANUARY 29 2015.......SUNRISE   748 AM EST   SUNSET   556 PM EST


-  INDICATES NEGATIVE NUMBERS.
R  INDICATES RECORD WAS SET OR TIED.
MM INDICATES DATA IS MISSING.
T  INDICATES TRACE AMOUNT.




$$
