000
CDUS41 KILN 220538
CLICVG


CLIMATE REPORT
NATIONAL WEATHER SERVICE WILMINGTON OH
137 AM EDT FRI MAY 22 2015


...................................

...THE CINCINNATI OH CLIMATE SUMMARY FOR MAY 21 2015...

CLIMATE NORMAL PERIOD 1981 TO 2010
CLIMATE RECORD PERIOD 1869 TO 2015


WEATHER ITEM   OBSERVED TIME   RECORD YEAR NORMAL DEPARTURE LAST
                VALUE   (LST)  VALUE       VALUE  FROM      YEAR
                                                  NORMAL
..................................................................
TEMPERATURE (F)
 YESTERDAY
  MAXIMUM         59    501 PM  92    1941  75    -16       83
  MINIMUM         46   1107 PM  36    1883  55     -9       64
  AVERAGE         53                        65    -12       74

PRECIPITATION (IN)
  YESTERDAY        T             1.76 1883   0.16  -0.16     0.43
  MONTH TO DATE    0.77                      3.34  -2.57     2.86
  SINCE MAR 1     12.22                     11.19   1.03    11.93
  SINCE JAN 1     16.37                     17.00  -0.63    17.47

SNOWFALL (IN)
  YESTERDAY        0.0           0.0    MM   0.0    0.0      0.0
  MONTH TO DATE    0.0                       0.0    0.0      0.0
  SINCE MAR 1      4.9                       3.5    1.4      3.9
  SINCE JUL 1     29.9                      22.1    7.8     47.5
  SNOW DEPTH       0

DEGREE DAYS
 HEATING
  YESTERDAY       12                         3      9        0
  MONTH TO DATE   61                       102    -41      108
  SINCE MAR 1   1043                      1109    -66     1161
  SINCE JUL 1   5270                      4936    334     5405

 COOLING
  YESTERDAY        0                         3     -3        9
  MONTH TO DATE   85                        39     46       56
  SINCE MAR 1     90                        57     33       63
  SINCE JAN 1     90                        57     33       63
..................................................................


WIND (MPH)
  RESULTANT WIND SPEED   7   RESULTANT WIND DIRECTION  NW (330)
  HIGHEST WIND SPEED    17   HIGHEST WIND DIRECTION    NW (320)
  HIGHEST GUST SPEED    20   HIGHEST GUST DIRECTION    NW (310)
  AVERAGE WIND SPEED     9.0


SKY COVER
  POSSIBLE SUNSHINE  MM
  AVERAGE SKY COVER 0.7


WEATHER CONDITIONS
 THE FOLLOWING WEATHER WAS RECORDED YESTERDAY.
  LIGHT RAIN


RELATIVE HUMIDITY (PERCENT)
 HIGHEST    80           600 AM
 LOWEST     51           400 PM
 AVERAGE    66

..........................................................


THE CINCINNATI OH CLIMATE NORMALS FOR TODAY
                         NORMAL    RECORD    YEAR
 MAXIMUM TEMPERATURE (F)   75        93      1941
 MINIMUM TEMPERATURE (F)   55        33      2002


SUNRISE AND SUNSET
MAY 22 2015...........SUNRISE   620 AM EDT   SUNSET   851 PM EDT
MAY 23 2015...........SUNRISE   620 AM EDT   SUNSET   852 PM EDT


-  INDICATES NEGATIVE NUMBERS.
R  INDICATES RECORD WAS SET OR TIED.
MM INDICATES DATA IS MISSING.
T  INDICATES TRACE AMOUNT.




$$
