000
CDUS41 KILN 180553
CLICVG


CLIMATE REPORT
NATIONAL WEATHER SERVICE WILMINGTON OH
152 AM EDT FRI APR 18 2014


...................................

...THE CINCINNATI OH CLIMATE SUMMARY FOR APRIL 17 2014...

CLIMATE NORMAL PERIOD 1981 TO 2010
CLIMATE RECORD PERIOD 1869 TO 2014


WEATHER ITEM   OBSERVED TIME   RECORD YEAR NORMAL DEPARTURE LAST
                VALUE   (LST)  VALUE       VALUE  FROM      YEAR
                                                  NORMAL
..................................................................
TEMPERATURE (F)
 YESTERDAY
  MAXIMUM         67    417 PM  87    1896  65      2       77
  MINIMUM         37    616 AM  19    1875  44     -7       57
  AVERAGE         52                        55     -3       67

PRECIPITATION (IN)
  YESTERDAY        0.00          1.31 1933   0.13  -0.13     0.06
  MONTH TO DATE    4.84                      2.14   2.70     1.69
  SINCE MAR 1      7.25                      6.10   1.15     5.60
  SINCE JAN 1     12.79                     11.91   0.88    11.20

SNOWFALL (IN)
  YESTERDAY        0.0           0.5  2001   0.0    0.0      0.0
  MONTH TO DATE    0.6                       0.4    0.2       T
  SINCE MAR 1      3.9                       3.4    0.5      8.8
  SINCE JUL 1     47.5                      22.0   25.5     25.2
  SNOW DEPTH       0

DEGREE DAYS
 HEATING
  YESTERDAY       13                        11      2        0
  MONTH TO DATE  202                       227    -25      183
  SINCE MAR 1    984                       893     91     1038
  SINCE JUL 1   5228                      4720    508     4748

 COOLING
  YESTERDAY        0                         1     -1        2
  MONTH TO DATE    7                         5      2       17
  SINCE MAR 1      7                         5      2       17
  SINCE JAN 1      7                         5      2       17
..................................................................


WIND (MPH)
  RESULTANT WIND SPEED   7   RESULTANT WIND DIRECTION   S (180)
  HIGHEST WIND SPEED    21   HIGHEST WIND DIRECTION    SW (210)
  HIGHEST GUST SPEED    29   HIGHEST GUST DIRECTION    SW (240)
  AVERAGE WIND SPEED     7.7


SKY COVER
  POSSIBLE SUNSHINE  MM
  AVERAGE SKY COVER 0.4


WEATHER CONDITIONS
 THE FOLLOWING WEATHER WAS RECORDED YESTERDAY.
  NO SIGNIFICANT WEATHER WAS OBSERVED.


RELATIVE HUMIDITY (PERCENT)
 HIGHEST    64           700 AM
 LOWEST     28           500 PM
 AVERAGE    46

..........................................................


THE CINCINNATI OH CLIMATE NORMALS FOR TODAY
                         NORMAL    RECORD    YEAR
 MAXIMUM TEMPERATURE (F)   66        87      1896
 MINIMUM TEMPERATURE (F)   45        18      1875


SUNRISE AND SUNSET
APRIL 18 2014.........SUNRISE   658 AM EDT   SUNSET   819 PM EDT
APRIL 19 2014.........SUNRISE   656 AM EDT   SUNSET   820 PM EDT


-  INDICATES NEGATIVE NUMBERS.
R  INDICATES RECORD WAS SET OR TIED.
MM INDICATES DATA IS MISSING.
T  INDICATES TRACE AMOUNT.




$$
