000
CDUS41 KILN 230621
CLICVG


CLIMATE REPORT
NATIONAL WEATHER SERVICE WILMINGTON OH
220 AM EDT FRI JUN 23 2017


...................................

...THE CINCINNATI OH CLIMATE SUMMARY FOR JUNE 22 2017...

CLIMATE NORMAL PERIOD 1981 TO 2010
CLIMATE RECORD PERIOD 1869 TO 2017


WEATHER ITEM   OBSERVED TIME   RECORD YEAR NORMAL DEPARTURE LAST
                VALUE   (LST)  VALUE       VALUE  FROM      YEAR
                                                  NORMAL
..................................................................
TEMPERATURE (F)
 YESTERDAY
  MAXIMUM         82    131 PM  97    1988  84     -2       79
  MINIMUM         69   1046 PM  43    1992  64      5       61
  AVERAGE         76                        74      2       70

PRECIPITATION (IN)
  YESTERDAY        0.26          3.35 1974   0.12   0.14     0.22
  MONTH TO DATE    2.92                      3.10  -0.18     1.52
  SINCE JUN 1      2.92                      3.10  -0.18     1.52
  SINCE JAN 1     26.32                     21.69   4.63    21.13

SNOWFALL (IN)
  YESTERDAY        0.0                       0.0    0.0      0.0
  MONTH TO DATE    0.0                       0.0    0.0      0.0
  SINCE JUN 1      0.0                       0.0    0.0      0.0
  SINCE JUL 1     10.0                      22.1  -12.1     19.2
  SNOW DEPTH       0

DEGREE DAYS
 HEATING
  YESTERDAY        0                         0      0        0
  MONTH TO DATE    4                        12     -8        2
  SINCE JUN 1      4                        12     -8        2
  SINCE JUL 1   4014                      4972   -958     4136

 COOLING
  YESTERDAY       11                         9      2        5
  MONTH TO DATE  164                       149     15      194
  SINCE JUN 1    164                       149     15      194
  SINCE JAN 1    298                       243     55      287
..................................................................


WIND (MPH)
  RESULTANT WIND SPEED  10   RESULTANT WIND DIRECTION   S (190)
  HIGHEST WIND SPEED    24   HIGHEST WIND DIRECTION     S (190)
  HIGHEST GUST SPEED    30   HIGHEST GUST DIRECTION     S (180)
  AVERAGE WIND SPEED    10.1


SKY COVER
  POSSIBLE SUNSHINE  MM
  AVERAGE SKY COVER 0.9


WEATHER CONDITIONS
 THE FOLLOWING WEATHER WAS RECORDED YESTERDAY.
  HEAVY RAIN
  RAIN
  LIGHT RAIN
  FOG


RELATIVE HUMIDITY (PERCENT)
 HIGHEST   100           900 PM
 LOWEST     69           100 PM
 AVERAGE    85

..........................................................


THE CINCINNATI OH CLIMATE NORMALS FOR TODAY
                         NORMAL    RECORD    YEAR
 MAXIMUM TEMPERATURE (F)   84        98      1930
 MINIMUM TEMPERATURE (F)   64        46      1972
                                             1963
                                             1918


SUNRISE AND SUNSET
JUNE 23 2017..........SUNRISE   614 AM EDT   SUNSET   908 PM EDT
JUNE 24 2017..........SUNRISE   614 AM EDT   SUNSET   908 PM EDT


-  INDICATES NEGATIVE NUMBERS.
R  INDICATES RECORD WAS SET OR TIED.
MM INDICATES DATA IS MISSING.
T  INDICATES TRACE AMOUNT.




$$
