000
CDUS41 KILN 290629
CLICVG


CLIMATE REPORT
NATIONAL WEATHER SERVICE WILMINGTON OH
229 AM EDT WED JUL 29 2015


...................................

...THE CINCINNATI OH CLIMATE SUMMARY FOR JULY 28 2015...

CLIMATE NORMAL PERIOD 1981 TO 2010
CLIMATE RECORD PERIOD 1869 TO 2015


WEATHER ITEM   OBSERVED TIME   RECORD YEAR NORMAL DEPARTURE LAST
                VALUE   (LST)  VALUE       VALUE  FROM      YEAR
                                                  NORMAL
..................................................................
TEMPERATURE (F)
 YESTERDAY
  MAXIMUM         92    335 PM 103    1930  86      6       74
  MINIMUM         72    422 AM  53    2013  66      6       58
                                      1962
                                      1920
  AVERAGE         82                        76      6       66

PRECIPITATION (IN)
  YESTERDAY        0.00          1.43 1915   0.12  -0.12     0.00
  MONTH TO DATE    4.08                      3.40   0.68     2.83
  SINCE JUN 1     11.41                      7.43   3.98     9.05
  SINCE JAN 1     28.64                     26.02   2.62    26.52

SNOWFALL (IN)
  YESTERDAY        0.0           0.0         0.0    0.0      0.0
  MONTH TO DATE    0.0                       0.0    0.0      0.0
  SINCE JUN 1      0.0                       0.0    0.0      0.0
  SINCE JUL 1      0.0                       0.0    0.0      0.0
  SNOW DEPTH       0

DEGREE DAYS
 HEATING
  YESTERDAY        0                         0      0        0
  MONTH TO DATE    0                         0      0        2
  SINCE JUN 1     19                        15      4        5
  SINCE JUL 1      0                         0      0        2

 COOLING
  YESTERDAY       17                        11      6        1
  MONTH TO DATE  281                       306    -25      206
  SINCE JUN 1    540                       532      8      480
  SINCE JAN 1    689                       626     63      614
..................................................................


WIND (MPH)
  RESULTANT WIND SPEED   2   RESULTANT WIND DIRECTION  NE (30)
  HIGHEST WIND SPEED    10   HIGHEST WIND DIRECTION    NW (320)
  HIGHEST GUST SPEED    14   HIGHEST GUST DIRECTION     N (350)
  AVERAGE WIND SPEED     2.8


SKY COVER
  POSSIBLE SUNSHINE  MM
  AVERAGE SKY COVER 0.7


WEATHER CONDITIONS
 THE FOLLOWING WEATHER WAS RECORDED YESTERDAY.
  FOG
  HAZE


RELATIVE HUMIDITY (PERCENT)
 HIGHEST    94           700 AM
 LOWEST     52           200 PM
 AVERAGE    73

..........................................................


THE CINCINNATI OH CLIMATE NORMALS FOR TODAY
                         NORMAL    RECORD    YEAR
 MAXIMUM TEMPERATURE (F)   86       100      1940
 MINIMUM TEMPERATURE (F)   66        50      2014


SUNRISE AND SUNSET
JULY 29 2015..........SUNRISE   636 AM EDT   SUNSET   853 PM EDT
JULY 30 2015..........SUNRISE   637 AM EDT   SUNSET   852 PM EDT


-  INDICATES NEGATIVE NUMBERS.
R  INDICATES RECORD WAS SET OR TIED.
MM INDICATES DATA IS MISSING.
T  INDICATES TRACE AMOUNT.




$$
