528
CDUS41 KILN 040629
CLICVG


CLIMATE REPORT
NATIONAL WEATHER SERVICE WILMINGTON OH
226 AM EDT WED MAY 4 2016


...................................

...THE CINCINNATI OH CLIMATE SUMMARY FOR MAY 3 2016...

CLIMATE NORMAL PERIOD 1981 TO 2010
CLIMATE RECORD PERIOD 1869 TO 2016


WEATHER ITEM   OBSERVED TIME   RECORD YEAR NORMAL DEPARTURE LAST
                VALUE   (LST)  VALUE       VALUE  FROM      YEAR
                                                  NORMAL
..................................................................
TEMPERATURE (F)
 YESTERDAY
  MAXIMUM         59    423 PM  87    1959  70    -11       77
                                      1928
                                      1902
  MINIMUM         49   1153 PM  30    2005  49      0       47
  AVERAGE         54                        60     -6       62

PRECIPITATION (IN)
  YESTERDAY        0.05          1.28 1983   0.16  -0.11     0.00
  MONTH TO DATE    0.34                      0.47  -0.13     0.00
  SINCE MAR 1     10.52                      8.32   2.20    11.45
  SINCE JAN 1     17.15                     14.13   3.02    15.60

SNOWFALL (IN)
  YESTERDAY        0.0           0.0         0.0    0.0      0.0
  MONTH TO DATE    0.0                       0.0    0.0      0.0
  SINCE MAR 1      2.3                       3.5   -1.2      4.9
  SINCE JUL 1     19.2                      22.1   -2.9     29.9
  SNOW DEPTH       0

DEGREE DAYS
 HEATING
  YESTERDAY       11                         6      5        3
  MONTH TO DATE   16                        20     -4       13
  SINCE MAR 1    781                      1027   -246      995
  SINCE JUL 1   3989                      4854   -865     5222

 COOLING
  YESTERDAY        0                         1     -1        0
  MONTH TO DATE    5                         3      2        0
  SINCE MAR 1     23                        21      2        5
  SINCE JAN 1     23                        21      2        5
..................................................................


WIND (MPH)
  RESULTANT WIND SPEED   4   RESULTANT WIND DIRECTION  NW (320)
  HIGHEST WIND SPEED    15   HIGHEST WIND DIRECTION    NW (310)
  HIGHEST GUST SPEED    17   HIGHEST GUST DIRECTION    NW (310)
  AVERAGE WIND SPEED     5.8


SKY COVER
  POSSIBLE SUNSHINE  MM
  AVERAGE SKY COVER 0.9


WEATHER CONDITIONS
 THE FOLLOWING WEATHER WAS RECORDED YESTERDAY.
  RAIN
  LIGHT RAIN
  FOG


RELATIVE HUMIDITY (PERCENT)
 HIGHEST    96          1000 PM
 LOWEST     67           300 PM
 AVERAGE    82

..........................................................


THE CINCINNATI OH CLIMATE NORMALS FOR TODAY
                         NORMAL    RECORD    YEAR
 MAXIMUM TEMPERATURE (F)   71        90      1949
 MINIMUM TEMPERATURE (F)   50        30      1971


SUNRISE AND SUNSET
MAY  4 2016...........SUNRISE   636 AM EDT   SUNSET   835 PM EDT
MAY  5 2016...........SUNRISE   635 AM EDT   SUNSET   836 PM EDT


-  INDICATES NEGATIVE NUMBERS.
R  INDICATES RECORD WAS SET OR TIED.
MM INDICATES DATA IS MISSING.
T  INDICATES TRACE AMOUNT.




$$
