000
CDUS41 KILN 230532
CLICVG


CLIMATE REPORT
NATIONAL WEATHER SERVICE WILMINGTON OH
131 AM EDT SAT AUG 23 2014


...................................

...THE CINCINNATI OH CLIMATE SUMMARY FOR AUGUST 22 2014...

CLIMATE NORMAL PERIOD 1981 TO 2010
CLIMATE RECORD PERIOD 1869 TO 2014


WEATHER ITEM   OBSERVED TIME   RECORD YEAR NORMAL DEPARTURE LAST
                VALUE   (LST)  VALUE       VALUE  FROM      YEAR
                                                  NORMAL
..................................................................
TEMPERATURE (F)
 YESTERDAY
  MAXIMUM         87    340 PM 103    1936  85      2       88
  MINIMUM         70    454 AM  48    1950  64      6       67
  AVERAGE         79                        75      4       78

PRECIPITATION (IN)
  YESTERDAY        0.65          1.41 1971   0.11   0.54     0.09
  MONTH TO DATE    3.74                      2.51   1.23     2.11
  SINCE JUN 1     12.79                     10.30   2.49    13.59
  SINCE JAN 1     30.26                     28.89   1.37    31.47

SNOWFALL (IN)
  YESTERDAY        0.0           0.0    MM   0.0    0.0      0.0
  MONTH TO DATE    0.0                       0.0    0.0      0.0
  SINCE JUN 1      0.0                       0.0    0.0      0.0
  SINCE JUL 1      0.0                       0.0    0.0      0.0
  SNOW DEPTH       0

DEGREE DAYS
 HEATING
  YESTERDAY        0                         0      0        0
  MONTH TO DATE    0                         0      0        2
  SINCE JUN 1      8                        15     -7        5
  SINCE JUL 1      5                         0      5        4

 COOLING
  YESTERDAY       14                        10      4       13
  MONTH TO DATE  191                       229    -38      177
  SINCE JUN 1    682                       794   -112      720
  SINCE JAN 1    816                       888    -72      859
..................................................................


WIND (MPH)
  RESULTANT WIND SPEED   4   RESULTANT WIND DIRECTION  SW (240)
  HIGHEST WIND SPEED    25   HIGHEST WIND DIRECTION     N (350)
  HIGHEST GUST SPEED    31   HIGHEST GUST DIRECTION     N (350)
  AVERAGE WIND SPEED     5.0


SKY COVER
  POSSIBLE SUNSHINE  MM
  AVERAGE SKY COVER 0.7


WEATHER CONDITIONS
 THE FOLLOWING WEATHER WAS RECORDED YESTERDAY.
  THUNDERSTORM
  HEAVY RAIN
  RAIN
  LIGHT RAIN
  FOG
  HAZE


RELATIVE HUMIDITY (PERCENT)
 HIGHEST    97           400 AM
 LOWEST     69           700 PM
 AVERAGE    83

..........................................................


THE CINCINNATI OH CLIMATE NORMALS FOR TODAY
                         NORMAL    RECORD    YEAR
 MAXIMUM TEMPERATURE (F)   85       100      2007
 MINIMUM TEMPERATURE (F)   64        46      1923


SUNRISE AND SUNSET
AUGUST 23 2014........SUNRISE   659 AM EDT   SUNSET   823 PM EDT
AUGUST 24 2014........SUNRISE   700 AM EDT   SUNSET   821 PM EDT


-  INDICATES NEGATIVE NUMBERS.
R  INDICATES RECORD WAS SET OR TIED.
MM INDICATES DATA IS MISSING.
T  INDICATES TRACE AMOUNT.




$$
