000
CDUS45 KCYS 290437
CLICYS


CLIMATE REPORT
NATIONAL WEATHER SERVICE CHEYENNE WY
937 PM MST WED JAN 28 2015


...................................

...THE CHEYENNE WYOMING CLIMATE SUMMARY FOR JANUARY 28 2015...
VALID TODAY AS OF 0900 PM LOCAL TIME.

CLIMATE NORMAL PERIOD 1981 TO 2010
CLIMATE RECORD PERIOD 1871 TO 2015


WEATHER ITEM   OBSERVED TIME   RECORD YEAR NORMAL DEPARTURE LAST
                VALUE   (LST)  VALUE       VALUE  FROM      YEAR
                                                  NORMAL
..................................................................
TEMPERATURE (F)
 TODAY
  MAXIMUM         50    203 PM  61    1920  39     11       27
                                      1906
  MINIMUM         35    730 AM -19    1951  18     17       -8
  AVERAGE         43                        28     15       10

PRECIPITATION (IN)
  TODAY            T             0.86 1891   0.01  -0.01     0.00
  MONTH TO DATE    0.06                      0.29  -0.23     0.69
  SINCE DEC 1      0.73                      0.78  -0.05     1.19
  SINCE JAN 1      0.06                      0.29  -0.23     0.69

SNOWFALL (IN)
  TODAY            T             8.6  1891   0.2   -0.2      0.0
  MONTH TO DATE    0.8                       5.3   -4.5     11.0
  SINCE JUL 1     23.4                      28.0   -4.6     36.7
  SNOW DEPTH       0

DEGREE DAYS
 HEATING
  TODAY           22                        37    -15       55
  MONTH TO DATE  927                      1012    -85     1012
  SINCE DEC 1   2032                      2167   -135     2208
  SINCE JUL 1   3630                      3915   -285     3912

 COOLING
  TODAY            0                         0      0        0
  MONTH TO DATE    0                         0      0        0
  SINCE DEC 1      0                         0      0        0
  SINCE JAN 1      0                         0      0        0
..................................................................


WIND (MPH)
  HIGHEST WIND SPEED    41   HIGHEST WIND DIRECTION     W (280)
  HIGHEST GUST SPEED    49   HIGHEST GUST DIRECTION    NW (310)
  AVERAGE WIND SPEED    20.2


SKY COVER
  AVERAGE SKY COVER 0.4


WEATHER CONDITIONS
 THE FOLLOWING WEATHER WAS RECORDED TODAY.
  LIGHT RAIN
  LIGHT SNOW


RELATIVE HUMIDITY (PERCENT)
 HIGHEST    82           600 PM
 LOWEST     39          1200 AM
 AVERAGE    61

..........................................................


THE CHEYENNE WYOMING CLIMATE NORMALS FOR TOMORROW
                         NORMAL    RECORD    YEAR
 MAXIMUM TEMPERATURE (F)   39        63      1920
 MINIMUM TEMPERATURE (F)   18       -18      1951


SUNRISE AND SUNSET
JANUARY 28 2015.......SUNRISE   714 AM MST   SUNSET   511 PM MST
JANUARY 29 2015.......SUNRISE   713 AM MST   SUNSET   512 PM MST


-  INDICATES NEGATIVE NUMBERS.
R  INDICATES RECORD WAS SET OR TIED.
MM INDICATES DATA IS MISSING.
T  INDICATES TRACE AMOUNT.




$$
