000
CDUS45 KCYS 300728
CLICYS


CLIMATE REPORT
NATIONAL WEATHER SERVICE CHEYENNE WY
128 AM MDT TUE SEP 30 2014


...................................

...THE CHEYENNE WYOMING CLIMATE SUMMARY FOR SEPTEMBER 29 2014...

CLIMATE NORMAL PERIOD 1981 TO 2010
CLIMATE RECORD PERIOD 1871 TO 2014


WEATHER ITEM   OBSERVED TIME   RECORD YEAR NORMAL DEPARTURE LAST
                VALUE   (LST)  VALUE       VALUE  FROM      YEAR
                                                  NORMAL
..................................................................
TEMPERATURE (F)
 YESTERDAY
  MAXIMUM         66   1241 PM  85    1994  65      1       70
                                      1892
  MINIMUM         44   1004 PM  14    1985  39      5       43
  AVERAGE         55                        52      3       57

PRECIPITATION (IN)
  YESTERDAY        0.79R         0.47 1995   0.04   0.75     0.00
  MONTH TO DATE    1.73                      1.44   0.29     6.95
  SINCE JAN 1     15.39                     13.89   1.50    15.38

SNOWFALL (IN)
  YESTERDAY        0.0           2.3  1959   0.1   -0.1      0.0
  MONTH TO DATE    0.7                       1.2   -0.5      0.0
  SINCE JUL 1      0.7                       1.2   -0.5      0.0
  SNOW DEPTH       0

DEGREE DAYS
 HEATING
  YESTERDAY       10                        13     -3        8
  MONTH TO DATE  152                       212    -60      165
  SINCE SEP 1    152                       212    -60      165
  SINCE JUL 1    210                       268    -58      180

 COOLING
  YESTERDAY        0                         0      0        0
  MONTH TO DATE   35                        21     14       67
  SINCE SEP 1     35                        21     14       67
  SINCE JAN 1    301                       347    -46      520
..................................................................


WIND (MPH)
  HIGHEST WIND SPEED    30   HIGHEST WIND DIRECTION     N (340)
  HIGHEST GUST SPEED    37   HIGHEST GUST DIRECTION     N (340)
  AVERAGE WIND SPEED    10.6


SKY COVER
  AVERAGE SKY COVER 0.7


WEATHER CONDITIONS
 THE FOLLOWING WEATHER WAS RECORDED YESTERDAY.
  THUNDERSTORM
  HEAVY RAIN
  RAIN
  LIGHT RAIN
  FOG
  FOG W/VISIBILITY <= 1/4 MILE


RELATIVE HUMIDITY (PERCENT)
 HIGHEST    93           200 AM
 LOWEST     48          1200 PM
 AVERAGE    71

..........................................................


THE CHEYENNE WYOMING CLIMATE NORMALS FOR TODAY
                         NORMAL    RECORD    YEAR
 MAXIMUM TEMPERATURE (F)   65        85      1980
 MINIMUM TEMPERATURE (F)   39         8      1985


SUNRISE AND SUNSET
SEPTEMBER 30 2014.....SUNRISE   655 AM MDT   SUNSET   643 PM MDT
OCTOBER  1 2014.......SUNRISE   656 AM MDT   SUNSET   641 PM MDT


-  INDICATES NEGATIVE NUMBERS.
R  INDICATES RECORD WAS SET OR TIED.
MM INDICATES DATA IS MISSING.
T  INDICATES TRACE AMOUNT.




$$
