000
CDUS45 KCYS 030738
CLICYS


CLIMATE REPORT
NATIONAL WEATHER SERVICE CHEYENNE WY
138 AM MDT MON AUG 3 2015


...................................

...THE CHEYENNE WYOMING AIRPORT CLIMATE SUMMARY FOR AUGUST 2 2015...

CLIMATE NORMAL PERIOD 1981 TO 2010
CLIMATE RECORD PERIOD 1871 TO 2015


WEATHER ITEM   OBSERVED TIME   RECORD YEAR NORMAL DEPARTURE LAST
                VALUE   (LST)  VALUE       VALUE  FROM      YEAR
                                                  NORMAL
..................................................................
TEMPERATURE (F)
 YESTERDAY
  MAXIMUM         88    347 PM  98    2008  83      5       80
  MINIMUM         56    501 AM  42    1898  56      0       52
  AVERAGE         72                        70      2       66

PRECIPITATION (IN)
  YESTERDAY        T             1.61 1894   0.08  -0.08     0.00
  MONTH TO DATE    T                         0.16  -0.16     0.00
  SINCE JAN 1     12.96                     10.66   2.30    12.18

SNOWFALL (IN)
  YESTERDAY        0.0           0.5  1993   0.0    0.0      0.0
  MONTH TO DATE    0.0                       0.0    0.0      0.0
  SINCE JUL 1      0.0                       0.0    0.0      0.0
  SNOW DEPTH       0

DEGREE DAYS
 HEATING
  YESTERDAY        0                         1     -1        0
  MONTH TO DATE    0                         2     -2        0
  SINCE JUN 1     63                       158    -95      155
  SINCE JUL 1     27                        24      3       29

 COOLING
  YESTERDAY        7                         5      2        1
  MONTH TO DATE   14                        10      4        1
  SINCE JUN 1    206                       217    -11      173
  SINCE JAN 1    206                       220    -14      174
..................................................................


WIND (MPH)
  HIGHEST WIND SPEED    26   HIGHEST WIND DIRECTION    SW (230)
  HIGHEST GUST SPEED    33   HIGHEST GUST DIRECTION    SW (230)
  AVERAGE WIND SPEED     8.0


SKY COVER
  AVERAGE SKY COVER 0.1


WEATHER CONDITIONS
 THE FOLLOWING WEATHER WAS RECORDED YESTERDAY.
  THUNDERSTORM
  LIGHT RAIN


RELATIVE HUMIDITY (PERCENT)
 HIGHEST    80           200 AM
 LOWEST     18           400 PM
 AVERAGE    49

..........................................................


THE CHEYENNE WYOMING AIRPORT CLIMATE NORMALS FOR TODAY
                         NORMAL    RECORD    YEAR
 MAXIMUM TEMPERATURE (F)   83        93      2003
                                             1954
                                             1947
 MINIMUM TEMPERATURE (F)   56        40      1884


SUNRISE AND SUNSET
AUGUST  3 2015........SUNRISE   557 AM MDT   SUNSET   814 PM MDT
AUGUST  4 2015........SUNRISE   558 AM MDT   SUNSET   813 PM MDT


-  INDICATES NEGATIVE NUMBERS.
R  INDICATES RECORD WAS SET OR TIED.
MM INDICATES DATA IS MISSING.
T  INDICATES TRACE AMOUNT.




$$
