000
CDUS45 KCYS 190440
CLICYS


CLIMATE REPORT
NATIONAL WEATHER SERVICE CHEYENNE WY
940 PM MST THU DEC 18 2014


...................................

...THE CHEYENNE WYOMING CLIMATE SUMMARY FOR DECEMBER 18 2014...
VALID TODAY AS OF 0900 PM LOCAL TIME.

CLIMATE NORMAL PERIOD 1981 TO 2010
CLIMATE RECORD PERIOD 1871 TO 2014


WEATHER ITEM   OBSERVED TIME   RECORD YEAR NORMAL DEPARTURE LAST
                VALUE   (LST)  VALUE       VALUE  FROM      YEAR
                                                  NORMAL
..................................................................
TEMPERATURE (F)
 TODAY
  MAXIMUM         41    115 PM  67    1931  38      3       60
  MINIMUM         19    435 AM -15    1924  17      2       36
  AVERAGE         30                        27      3       48

PRECIPITATION (IN)
  TODAY            0.00          0.50 1973   0.01  -0.01     0.00
  MONTH TO DATE    0.05                      0.30  -0.25     0.37
  SINCE DEC 1      0.05                      0.30  -0.25     0.37
  SINCE JAN 1     17.15                     15.75   1.40    18.05

SNOWFALL (IN)
  TODAY            0.0           7.0  2012   0.3   -0.3      0.0
  MONTH TO DATE    0.5                       5.1   -4.6      8.0
  SINCE JUL 1     11.9                      19.4   -7.5     23.6
  SNOW DEPTH       0

DEGREE DAYS
 HEATING
  TODAY           35                        38     -3       17
  MONTH TO DATE  509                       672   -163      742
  SINCE DEC 1    509                       672   -163      742
  SINCE JUL 1   2107                      2420   -313     2446

 COOLING
  TODAY            0                         0      0        0
  MONTH TO DATE    0                         0      0        0
  SINCE DEC 1      0                         0      0        0
  SINCE JAN 1    301                       348    -47      520
..................................................................


WIND (MPH)
  HIGHEST WIND SPEED    24   HIGHEST WIND DIRECTION     W (280)
  HIGHEST GUST SPEED    32   HIGHEST GUST DIRECTION     W (270)
  AVERAGE WIND SPEED    11.3


SKY COVER
  AVERAGE SKY COVER 0.0


WEATHER CONDITIONS
 THE FOLLOWING WEATHER WAS RECORDED TODAY.
  NO SIGNIFICANT WEATHER WAS OBSERVED.


RELATIVE HUMIDITY (PERCENT)
 HIGHEST    77           500 AM
 LOWEST     30           100 PM
 AVERAGE    54

..........................................................


THE CHEYENNE WYOMING CLIMATE NORMALS FOR TOMORROW
                         NORMAL    RECORD    YEAR
 MAXIMUM TEMPERATURE (F)   38        58      1979
 MINIMUM TEMPERATURE (F)   17       -20      1990


SUNRISE AND SUNSET
DECEMBER 18 2014......SUNRISE   719 AM MST   SUNSET   432 PM MST
DECEMBER 19 2014......SUNRISE   720 AM MST   SUNSET   433 PM MST


-  INDICATES NEGATIVE NUMBERS.
R  INDICATES RECORD WAS SET OR TIED.
MM INDICATES DATA IS MISSING.
T  INDICATES TRACE AMOUNT.




$$
