000
CDUS45 KCYS 260731
CLICYS


CLIMATE REPORT
NATIONAL WEATHER SERVICE CHEYENNE WY
130 AM MDT THU MAY 26 2016


...................................

...THE CHEYENNE WYOMING AIRPORT CLIMATE SUMMARY FOR MAY 25 2016...

CLIMATE NORMAL PERIOD 1981 TO 2010
CLIMATE RECORD PERIOD 1871 TO 2016


WEATHER ITEM   OBSERVED TIME   RECORD YEAR NORMAL DEPARTURE LAST
                VALUE   (LST)  VALUE       VALUE  FROM      YEAR
                                                  NORMAL
..................................................................
TEMPERATURE (F)
 YESTERDAY
  MAXIMUM         66   1232 PM  88    1874  67     -1       58
  MINIMUM         40   1134 PM  29    1950  43     -3       43
  AVERAGE         53                        55     -2       51

PRECIPITATION (IN)
  YESTERDAY        0.04          1.61 1917   0.09  -0.05     0.11
  MONTH TO DATE    1.79                      1.82  -0.03     5.54
  SINCE JAN 1      8.38                      5.45   2.93     9.13

SNOWFALL (IN)
  YESTERDAY       MM             5.6  1950   0.1   MM        0.0
  MONTH TO DATE    1.6                       2.2   -0.6      4.4
  SINCE JUL 1     91.7                      60.2   31.5     54.5
  SNOW DEPTH       0

DEGREE DAYS
 HEATING
  YESTERDAY       12                        10      2       14
  MONTH TO DATE  394                       337     57      457
  SINCE MAR 1   1883                      1903    -20     1791
  SINCE JUL 1   6400                      6922   -522     6442

 COOLING
  YESTERDAY        0                         0      0        0
  MONTH TO DATE    0                         0      0        0
  SINCE MAR 1      0                         0      0        0
  SINCE JAN 1      0                         0      0        0
..................................................................


WIND (MPH)
  HIGHEST WIND SPEED    25   HIGHEST WIND DIRECTION     W (260)
  HIGHEST GUST SPEED    31   HIGHEST GUST DIRECTION     W (270)
  AVERAGE WIND SPEED    10.4


SKY COVER
  AVERAGE SKY COVER 0.4


WEATHER CONDITIONS
 THE FOLLOWING WEATHER WAS RECORDED YESTERDAY.
  THUNDERSTORM
  LIGHT RAIN


RELATIVE HUMIDITY (PERCENT)
 HIGHEST    76          1100 PM
 LOWEST     31           900 AM
 AVERAGE    54

..........................................................


THE CHEYENNE WYOMING AIRPORT CLIMATE NORMALS FOR TODAY
                         NORMAL    RECORD    YEAR
 MAXIMUM TEMPERATURE (F)   68        86      1969
 MINIMUM TEMPERATURE (F)   43        30      1950
                                             1893


SUNRISE AND SUNSET
MAY 26 2016...........SUNRISE   532 AM MDT   SUNSET   821 PM MDT
MAY 27 2016...........SUNRISE   531 AM MDT   SUNSET   822 PM MDT


-  INDICATES NEGATIVE NUMBERS.
R  INDICATES RECORD WAS SET OR TIED.
MM INDICATES DATA IS MISSING.
T  INDICATES TRACE AMOUNT.




$$
