633
CDUS46 KSGX 251429
CLICZZ


CLIMATE REPORT
NATIONAL WEATHER SERVICE SAN DIEGO, CA
728 AM PDT SUN SEP 25 2016


...................................

...THE CAMPO ASOS CA CLIMATE SUMMARY FOR SEPTEMBER 24 2016...

CLIMATE NORMAL PERIOD 1981 TO 2010
CLIMATE RECORD PERIOD 1948 TO 2016


WEATHER ITEM   OBSERVED TIME   RECORD YEAR NORMAL DEPARTURE LAST
                VALUE   (LST)  VALUE       VALUE  FROM      YEAR
                                                  NORMAL
..................................................................
TEMPERATURE (F)
 YESTERDAY
  MAXIMUM         85    336 PM  98    2002  87     -2       97
  MINIMUM         47    100 AM  35    2007  47      0       56
  AVERAGE         66                        67     -1       77

PRECIPITATION (IN)
  YESTERDAY        0.00          0.29 1986   0.01  -0.01     0.00
  MONTH TO DATE    1.00                      0.27   0.73     0.59
  SINCE OCT 1     10.32                     15.66  -5.34    10.71
  SINCE JAN 1      7.37                     11.44  -4.07     6.84

DEGREE DAYS
 HEATING
  YESTERDAY        0                         2     -2        0
  MONTH TO DATE   37                        25     12        4
  SINCE SEP 1     37                        25     12        4
  SINCE JUL 1     37                        39     -2       14

 COOLING
  YESTERDAY        1                         4     -3       12
  MONTH TO DATE   73                       143    -70      163
  SINCE SEP 1     73                       143    -70      163
  SINCE JAN 1    893                       793    100      853
..................................................................


WIND (MPH)
  RESULTANT WIND SPEED   8   RESULTANT WIND DIRECTION  NE (60)
  HIGHEST WIND SPEED    24   HIGHEST WIND DIRECTION     E (70)
  HIGHEST GUST SPEED    31   HIGHEST GUST DIRECTION     E (80)
  AVERAGE WIND SPEED     9.7


SKY COVER
  POSSIBLE SUNSHINE  MM
  AVERAGE SKY COVER 0.0



RELATIVE HUMIDITY (PERCENT)
 HIGHEST    56           500 AM
 LOWEST     13          1000 AM
 AVERAGE    35

..........................................................


THE CAMPO ASOS CA CLIMATE NORMALS FOR TODAY
                         NORMAL    RECORD    YEAR
 MAXIMUM TEMPERATURE (F)   87       100      1989
 MINIMUM TEMPERATURE (F)   47        35      1973


SUNRISE AND SUNSET
SEPTEMBER 25 2016.....SUNRISE   636 AM PDT   SUNSET   638 PM PDT
SEPTEMBER 26 2016.....SUNRISE   637 AM PDT   SUNSET   636 PM PDT


-  INDICATES NEGATIVE NUMBERS.
R  INDICATES RECORD WAS SET OR TIED.
MM INDICATES DATA IS MISSING.
T  INDICATES TRACE AMOUNT.




$$
