000
CDUS46 KSGX 310016
CLICZZ


CLIMATE REPORT
NATIONAL WEATHER SERVICE SAN DIEGO, CA
516 PM PDT SAT AUG 30 2014


...................................

...THE CAMPO ASOS CA CLIMATE SUMMARY FOR AUGUST 30 2014...
VALID TODAY AS OF 0500 PM LOCAL TIME.

CLIMATE NORMAL PERIOD 1981 TO 2010
CLIMATE RECORD PERIOD 1948 TO 2014


WEATHER ITEM   OBSERVED TIME   RECORD YEAR NORMAL DEPARTURE LAST
                VALUE   (LST)  VALUE       VALUE  FROM      YEAR
                                                  NORMAL
..................................................................
TEMPERATURE (F)
 TODAY
  MAXIMUM         98    125 PM 104    1998  94      4       91
  MINIMUM         55    536 AM  38    1962  52      3       71
  AVERAGE         77                        73      4       81

PRECIPITATION (IN)
  TODAY            0.00          0.13 2012   0.02  -0.02     0.00
  MONTH TO DATE    0.48                      0.68  -0.20     0.16
  SINCE JUL 1      0.62                      1.00  -0.38     0.40
  SINCE JAN 1      3.38                     11.15  -7.77     5.18

SNOWFALL (IN)
  TODAY            0.0
  MONTH TO DATE    0.0
  SINCE JAN 1      0.0
  SINCE JUL 1      0.0
  SNOW DEPTH       0

DEGREE DAYS
 HEATING
  TODAY            0                         0      0        0
  MONTH TO DATE    2                         0      2        2
  SINCE JUN 1     30                        63    -33       30
  SINCE JUL 1      2                         7     -5        2

 COOLING
  TODAY           12                         8      4       16
  MONTH TO DATE  226                       266    -40      255
  SINCE JUN 1    572                       608    -36      675
  SINCE JAN 1    624                       638    -14      702
..................................................................


WIND (MPH)
  RESULTANT WIND SPEED   3   RESULTANT WIND DIRECTION  SW (230)
  HIGHEST WIND SPEED    20   HIGHEST WIND DIRECTION    SW (220)
  HIGHEST GUST SPEED    25   HIGHEST GUST DIRECTION    SW (220)
  AVERAGE WIND SPEED     8.7


SKY COVER
  POSSIBLE SUNSHINE  MM
  AVERAGE SKY COVER 0.0



RELATIVE HUMIDITY (PERCENT)
 HIGHEST    60           100 AM
 LOWEST     12          1100 AM
 AVERAGE    36

..........................................................


THE CAMPO ASOS CA CLIMATE NORMALS FOR TOMORROW
                         NORMAL    RECORD    YEAR
 MAXIMUM TEMPERATURE (F)   94       105      1998
 MINIMUM TEMPERATURE (F)   52        37      1979


SUNRISE AND SUNSET
AUGUST 30 2014........SUNRISE   619 AM PDT   SUNSET   713 PM PDT
AUGUST 31 2014........SUNRISE   620 AM PDT   SUNSET   712 PM PDT


-  INDICATES NEGATIVE NUMBERS.
R  INDICATES RECORD WAS SET OR TIED.
MM INDICATES DATA IS MISSING.
T  INDICATES TRACE AMOUNT.




$$
