000
CDUS46 KSGX 271134
CLICZZ


CLIMATE REPORT
NATIONAL WEATHER SERVICE SAN DIEGO, CA
434 AM PDT TUE JUN 27 2017


...................................

...THE CAMPO ASOS CA CLIMATE SUMMARY FOR JUNE 26 2017...

CLIMATE NORMAL PERIOD 1981 TO 2010
CLIMATE RECORD PERIOD 1948 TO 2017


WEATHER ITEM   OBSERVED TIME   RECORD YEAR NORMAL DEPARTURE LAST
                VALUE   (LST)  VALUE       VALUE  FROM      YEAR
                                                  NORMAL
..................................................................
TEMPERATURE (F)
 YESTERDAY
  MAXIMUM        102   1203 PM 107    1994  91     11      101
  MINIMUM         59    424 AM  34    2005  47     12       56
  AVERAGE         81                        69     12       79

PRECIPITATION (IN)
  YESTERDAY        0.00          0.08 2006   0.00   0.00     0.00
  MONTH TO DATE    0.00                      0.09  -0.09     0.00
  SINCE OCT 1     16.58                     14.35   2.23     9.32
  SINCE JAN 1     11.35                     10.13   1.22     6.37

DEGREE DAYS
 HEATING
  YESTERDAY        0                         1     -1        0
  MONTH TO DATE   37                        51    -14       27
  SINCE JUN 1     37                        51    -14       27
  SINCE JUL 1   2704                      2978   -274     2795

 COOLING
  YESTERDAY       16                         5     11       14
  MONTH TO DATE  157                        73     84      157
  SINCE JUN 1    157                        73     84      157
  SINCE JAN 1    184                       103     81      160
..................................................................


WIND (MPH)
  RESULTANT WIND SPEED   5   RESULTANT WIND DIRECTION  NW (300)
  HIGHEST WIND SPEED    22   HIGHEST WIND DIRECTION     W (290)
  HIGHEST GUST SPEED    29   HIGHEST GUST DIRECTION    NW (300)
  AVERAGE WIND SPEED     8.2


SKY COVER
  POSSIBLE SUNSHINE  MM
  AVERAGE SKY COVER 0.0



RELATIVE HUMIDITY (PERCENT)
 HIGHEST    48          1200 AM
 LOWEST      8          1200 PM
 AVERAGE    28

..........................................................


THE CAMPO ASOS CA CLIMATE NORMALS FOR TODAY
                         NORMAL    RECORD    YEAR
 MAXIMUM TEMPERATURE (F)   91       106      1994
 MINIMUM TEMPERATURE (F)   48        33      1955


SUNRISE AND SUNSET
JUNE 27 2017..........SUNRISE   541 AM PDT   SUNSET   757 PM PDT
JUNE 28 2017..........SUNRISE   541 AM PDT   SUNSET   758 PM PDT


-  INDICATES NEGATIVE NUMBERS.
R  INDICATES RECORD WAS SET OR TIED.
MM INDICATES DATA IS MISSING.
T  INDICATES TRACE AMOUNT.




$$
