000
CDUS46 KSGX 251435
CLICZZ


CLIMATE REPORT
NATIONAL WEATHER SERVICE SAN DIEGO, CA
735 AM PDT MON JUL 25 2016


...................................

...THE CAMPO ASOS CA CLIMATE SUMMARY FOR JULY 24 2016...

CLIMATE NORMAL PERIOD 1981 TO 2010
CLIMATE RECORD PERIOD 1948 TO 2016


WEATHER ITEM   OBSERVED TIME   RECORD YEAR NORMAL DEPARTURE LAST
                VALUE   (LST)  VALUE       VALUE  FROM      YEAR
                                                  NORMAL
..................................................................
TEMPERATURE (F)
 YESTERDAY
  MAXIMUM         97    144 PM 105    2014  95      2       91
  MINIMUM         60    434 AM  43    1987  53      7       47
  AVERAGE         79                        74      5       69

PRECIPITATION (IN)
  YESTERDAY        0.00          0.24 1974   0.02  -0.02     0.00
  MONTH TO DATE    0.00                      0.21  -0.21     0.49
  SINCE OCT 1      9.32                     14.58  -5.26    10.09
  SINCE JAN 1      6.37                     10.36  -3.99     6.22

DEGREE DAYS
 HEATING
  YESTERDAY        0                         0      0        0
  MONTH TO DATE    0                         4     -4        9
  SINCE JUN 1     27                        60    -33       59
  SINCE JUL 1      0                         4     -4        9

 COOLING
  YESTERDAY       14                         9      5        4
  MONTH TO DATE  195                       187      8      127
  SINCE JUN 1    416                       279    137      315
  SINCE JAN 1    419                       309    110      332
..................................................................


WIND (MPH)
  RESULTANT WIND SPEED   5   RESULTANT WIND DIRECTION  SW (220)
  HIGHEST WIND SPEED    22   HIGHEST WIND DIRECTION    SW (210)
  HIGHEST GUST SPEED    28   HIGHEST GUST DIRECTION    SW (240)
  AVERAGE WIND SPEED     8.7


SKY COVER
  POSSIBLE SUNSHINE  MM
  AVERAGE SKY COVER 0.0



RELATIVE HUMIDITY (PERCENT)
 HIGHEST    57          1100 PM
 LOWEST     17           800 AM
 AVERAGE    37

..........................................................


THE CAMPO ASOS CA CLIMATE NORMALS FOR TODAY
                         NORMAL    RECORD    YEAR
 MAXIMUM TEMPERATURE (F)   95       104      1959
 MINIMUM TEMPERATURE (F)   54        41      1987


SUNRISE AND SUNSET
JULY 25 2016..........SUNRISE   556 AM PDT   SUNSET   749 PM PDT
JULY 26 2016..........SUNRISE   556 AM PDT   SUNSET   748 PM PDT


-  INDICATES NEGATIVE NUMBERS.
R  INDICATES RECORD WAS SET OR TIED.
MM INDICATES DATA IS MISSING.
T  INDICATES TRACE AMOUNT.




$$
