000
CDUS46 KSGX 020017
CLICZZ


CLIMATE REPORT
NATIONAL WEATHER SERVICE SAN DIEGO, CA
517 PM PDT FRI AUG 1 2014


...................................

...THE CAMPO ASOS CA CLIMATE SUMMARY FOR AUGUST 1 2014...
VALID TODAY AS OF 0500 PM LOCAL TIME.

CLIMATE NORMAL PERIOD 1981 TO 2010
CLIMATE RECORD PERIOD 1948 TO 2014


WEATHER ITEM   OBSERVED TIME   RECORD YEAR NORMAL DEPARTURE LAST
                VALUE   (LST)  VALUE       VALUE  FROM      YEAR
                                                  NORMAL
..................................................................
TEMPERATURE (F)
 TODAY
  MAXIMUM         97   1121 AM 105    1993  95      2       86
  MINIMUM         60    400 AM  38    1956  54      6       48
  AVERAGE         79                        74      5       67

PRECIPITATION (IN)
  TODAY            0.14          1.63 2005   0.02   0.12     0.00
  MONTH TO DATE    0.14                      0.02   0.12     0.00
  SINCE JUL 1      0.28                      0.34  -0.06     0.24
  SINCE JAN 1      3.04                     10.49  -7.45     5.02

SNOWFALL (IN)
  TODAY            0.0
  MONTH TO DATE    0.0
  SINCE JAN 1      0.0
  SINCE JUL 1      0.0
  SNOW DEPTH       0

DEGREE DAYS
 HEATING
  TODAY            0                         0      0        0
  MONTH TO DATE    0                         0      0        0
  SINCE JUN 1     28                        63    -35       28
  SINCE JUL 1      0                         7     -7        0

 COOLING
  TODAY           14                         9      5        2
  MONTH TO DATE   14                         9      5        2
  SINCE JUN 1    360                       351      9      422
  SINCE JAN 1    412                       381     31      449
..................................................................


WIND (MPH)
  RESULTANT WIND SPEED   3   RESULTANT WIND DIRECTION   N (20)
  HIGHEST WIND SPEED    31   HIGHEST WIND DIRECTION    NW (320)
  HIGHEST GUST SPEED    41   HIGHEST GUST DIRECTION    NW (320)
  AVERAGE WIND SPEED     8.0


SKY COVER
  POSSIBLE SUNSHINE  MM
  AVERAGE SKY COVER 0.0



RELATIVE HUMIDITY (PERCENT)
 HIGHEST    67          1200 AM
 LOWEST     23           800 AM
 AVERAGE    45

..........................................................


THE CAMPO ASOS CA CLIMATE NORMALS FOR TOMORROW
                         NORMAL    RECORD    YEAR
 MAXIMUM TEMPERATURE (F)   95       104      1997
 MINIMUM TEMPERATURE (F)   54        39      1985


SUNRISE AND SUNSET
AUGUST  1 2014........SUNRISE   600 AM PDT   SUNSET   744 PM PDT
AUGUST  2 2014........SUNRISE   601 AM PDT   SUNSET   743 PM PDT


-  INDICATES NEGATIVE NUMBERS.
R  INDICATES RECORD WAS SET OR TIED.
MM INDICATES DATA IS MISSING.
T  INDICATES TRACE AMOUNT.




$$
