000
CDUS46 KSGX 261419
CLICZZ


CLIMATE REPORT
NATIONAL WEATHER SERVICE SAN DIEGO, CA
719 AM PDT FRI AUG 26 2016


...................................

...THE CAMPO ASOS CA CLIMATE SUMMARY FOR AUGUST 25 2016...

CLIMATE NORMAL PERIOD 1981 TO 2010
CLIMATE RECORD PERIOD 1948 TO 2016


WEATHER ITEM   OBSERVED TIME   RECORD YEAR NORMAL DEPARTURE LAST
                VALUE   (LST)  VALUE       VALUE  FROM      YEAR
                                                  NORMAL
..................................................................
TEMPERATURE (F)
 YESTERDAY
  MAXIMUM         91    123 PM 107    1985  94     -3       87
  MINIMUM         54    230 AM  30    1978  52      2       66
  AVERAGE         73                        73      0       77

PRECIPITATION (IN)
  YESTERDAY        0.00          1.07 2008   0.03  -0.03     0.01
  MONTH TO DATE    0.00                      0.58  -0.58     0.01
  SINCE OCT 1      9.32                     15.27  -5.95    10.12
  SINCE JAN 1      6.37                     11.05  -4.68     6.25

DEGREE DAYS
 HEATING
  YESTERDAY        0                         0      0        0
  MONTH TO DATE    0                         0      0        0
  SINCE JUN 1     27                        63    -36       60
  SINCE JUL 1      0                         7     -7       10

 COOLING
  YESTERDAY        8                         9     -1       12
  MONTH TO DATE  244                       225     19      227
  SINCE JUN 1    765                       567    198      595
  SINCE JAN 1    768                       597    171      612
..................................................................


WIND (MPH)
  RESULTANT WIND SPEED   4   RESULTANT WIND DIRECTION  SW (210)
  HIGHEST WIND SPEED    21   HIGHEST WIND DIRECTION    SW (220)
  HIGHEST GUST SPEED    25   HIGHEST GUST DIRECTION    SW (220)
  AVERAGE WIND SPEED     8.7


SKY COVER
  POSSIBLE SUNSHINE  MM
  AVERAGE SKY COVER 0.0



RELATIVE HUMIDITY (PERCENT)
 HIGHEST    80           100 AM
 LOWEST     21           300 PM
 AVERAGE    51

..........................................................


THE CAMPO ASOS CA CLIMATE NORMALS FOR TODAY
                         NORMAL    RECORD    YEAR
 MAXIMUM TEMPERATURE (F)   94       104      1999
 MINIMUM TEMPERATURE (F)   52        31      1973


SUNRISE AND SUNSET
AUGUST 26 2016........SUNRISE   617 AM PDT   SUNSET   717 PM PDT
AUGUST 27 2016........SUNRISE   618 AM PDT   SUNSET   716 PM PDT


-  INDICATES NEGATIVE NUMBERS.
R  INDICATES RECORD WAS SET OR TIED.
MM INDICATES DATA IS MISSING.
T  INDICATES TRACE AMOUNT.




$$
