000
CDUS46 KSGX 240018
CLICZZ


CLIMATE REPORT
NATIONAL WEATHER SERVICE SAN DIEGO, CA
518 PM PDT TUE MAY 23 2017


...................................

...THE CAMPO ASOS CA CLIMATE SUMMARY FOR MAY 23 2017...
VALID TODAY AS OF 0500 PM LOCAL TIME.

CLIMATE NORMAL PERIOD 1981 TO 2010
CLIMATE RECORD PERIOD 1948 TO 2017


WEATHER ITEM   OBSERVED TIME   RECORD YEAR NORMAL DEPARTURE LAST
                VALUE   (LST)  VALUE       VALUE  FROM      YEAR
                                                  NORMAL
..................................................................
TEMPERATURE (F)
 TODAY
  MAXIMUM         96R  1111 AM  94    1984  81     15       66
  MINIMUM         48    229 AM  30    1973  43      5       38
  AVERAGE         72                        62     10       52

PRECIPITATION (IN)
  TODAY            0.00          0.45 1967   0.00   0.00     0.00
  MONTH TO DATE    0.89                      0.16   0.73     0.14
  SINCE OCT 1     16.58                     14.24   2.34     9.32
  SINCE JAN 1     11.35                     10.02   1.33     6.37

DEGREE DAYS
 HEATING
  TODAY            0                         4     -4       13
  MONTH TO DATE  140                       127     13      165
  SINCE MAR 1    718                       844   -126      838
  SINCE JUL 1   2628                      2895   -267     2722

 COOLING
  TODAY            7                         1      6        0
  MONTH TO DATE   25                        18      7        2
  SINCE MAR 1     27                        21      6        2
  SINCE JAN 1     27                        21      6        2
..................................................................


WIND (MPH)
  RESULTANT WIND SPEED   2   RESULTANT WIND DIRECTION   W (280)
  HIGHEST WIND SPEED    21   HIGHEST WIND DIRECTION    SW (220)
  HIGHEST GUST SPEED    26   HIGHEST GUST DIRECTION    SW (220)
  AVERAGE WIND SPEED     7.2


SKY COVER
  POSSIBLE SUNSHINE  MM
  AVERAGE SKY COVER 0.0



RELATIVE HUMIDITY (PERCENT)
 HIGHEST    77           100 AM
 LOWEST     11          1000 AM
 AVERAGE    44

..........................................................


THE CAMPO ASOS CA CLIMATE NORMALS FOR TOMORROW
                         NORMAL    RECORD    YEAR
 MAXIMUM TEMPERATURE (F)   81        92      1984
 MINIMUM TEMPERATURE (F)   43        26      2010


SUNRISE AND SUNSET
MAY 23 2017...........SUNRISE   542 AM PDT   SUNSET   743 PM PDT
MAY 24 2017...........SUNRISE   542 AM PDT   SUNSET   744 PM PDT


-  INDICATES NEGATIVE NUMBERS.
R  INDICATES RECORD WAS SET OR TIED.
MM INDICATES DATA IS MISSING.
T  INDICATES TRACE AMOUNT.




$$
