000
CDUS46 KSGX 261417
CLICZZ


CLIMATE REPORT
NATIONAL WEATHER SERVICE SAN DIEGO, CA
617 AM PST THU FEB 26 2015


...................................

...THE CAMPO ASOS CA CLIMATE SUMMARY FOR FEBRUARY 25 2015...

CLIMATE NORMAL PERIOD 1981 TO 2010
CLIMATE RECORD PERIOD 1948 TO 2015


WEATHER ITEM   OBSERVED TIME   RECORD YEAR NORMAL DEPARTURE LAST
                VALUE   (LST)  VALUE       VALUE  FROM      YEAR
                                                  NORMAL
..................................................................
TEMPERATURE (F)
 YESTERDAY
  MAXIMUM         68   1256 PM  84    1968  65      3       70
  MINIMUM         30    530 AM  20    1960  35     -5       36
  AVERAGE         49                        50     -1       53

PRECIPITATION (IN)
  YESTERDAY        0.00          0.85 2003   0.11  -0.11     0.00
  MONTH TO DATE    0.65                      2.88  -2.23     0.39
  SINCE OCT 1      4.88                     10.08  -5.20     2.72
  SINCE JAN 1      1.01                      5.86  -4.85     0.47

SNOWFALL (IN)
  YESTERDAY        0.0
  MONTH TO DATE    0.0
  SINCE JAN 1      0.0
  SINCE JUL 1      0.0
  SNOW DEPTH       0

DEGREE DAYS
 HEATING
  YESTERDAY       16                        15      1       12
  MONTH TO DATE  264                       391   -127      343
  SINCE DEC 1   1203                      1437   -234     1201
  SINCE JUL 1   1584                      2007   -423     1830

 COOLING
  YESTERDAY        0                         0      0        0
  MONTH TO DATE    0                         0      0        0
  SINCE DEC 1      0                         0      0        2
  SINCE JAN 1      0                         0      0        0
..................................................................


WIND (MPH)
  RESULTANT WIND SPEED   0   RESULTANT WIND DIRECTION  SW (220)
  HIGHEST WIND SPEED    21   HIGHEST WIND DIRECTION     S (200)
  HIGHEST GUST SPEED    25   HIGHEST GUST DIRECTION     S (200)
  AVERAGE WIND SPEED     7.8


SKY COVER
  POSSIBLE SUNSHINE  MM
  AVERAGE SKY COVER 0.0



RELATIVE HUMIDITY (PERCENT)
 HIGHEST    85          1100 PM
 LOWEST     24          1200 PM
 AVERAGE    55

..........................................................


THE CAMPO ASOS CA CLIMATE NORMALS FOR TODAY
                         NORMAL    RECORD    YEAR
 MAXIMUM TEMPERATURE (F)   65        85      1986
 MINIMUM TEMPERATURE (F)   35        21      1977


SUNRISE AND SUNSET
FEBRUARY 26 2015......SUNRISE   617 AM PST   SUNSET   541 PM PST
FEBRUARY 27 2015......SUNRISE   616 AM PST   SUNSET   541 PM PST


-  INDICATES NEGATIVE NUMBERS.
R  INDICATES RECORD WAS SET OR TIED.
MM INDICATES DATA IS MISSING.
T  INDICATES TRACE AMOUNT.




$$
