000
CDUS43 KUNR 180831
CLID07


CLIMATE REPORT
NATIONAL WEATHER SERVICE RAPID CITY SD
131 AM MST THU JAN 18 2018


...................................

...THE FAITH SD CLIMATE SUMMARY FOR JANUARY 17 2018...

CLIMATE NORMAL PERIOD 1981 TO 2010
CLIMATE RECORD PERIOD 9999 TO 9999


WEATHER ITEM   OBSERVED TIME   NORMAL DEPARTURE LAST
                VALUE   (LST)  VALUE  FROM      YEAR
                                      NORMAL
......................................................
TEMPERATURE (F)
 YESTERDAY
  MAXIMUM         39    305 PM  30      9       32
  MINIMUM          0    155 AM  11    -11       10
  AVERAGE         20            20      0       21

PRECIPITATION (IN)
  YESTERDAY        0.00          0.00   0.00     0.00
  MONTH TO DATE    0.13          0.10   0.03     0.45
  SINCE DEC 1      0.74          0.50   0.24     0.89
  SINCE JAN 1      0.13          0.10   0.03     0.45

DEGREE DAYS
 HEATING
  YESTERDAY       45            45      0       44
  MONTH TO DATE  898           765    133     1019
  SINCE DEC 1   2234          2125    109     2501
  SINCE JUL 1   3857          3908    -51     3752

 COOLING
  YESTERDAY        0             0      0        0
  MONTH TO DATE    0             0      0        0
  SINCE DEC 1      0             0      0        0
  SINCE JAN 1      0             0      0        0
......................................................


WIND (MPH)
  HIGHEST WIND SPEED    20   HIGHEST WIND DIRECTION     W (290)
  HIGHEST GUST SPEED    23   HIGHEST GUST DIRECTION     W (290)
  AVERAGE WIND SPEED    11.6




RELATIVE HUMIDITY (PERCENT)
 HIGHEST    95           100 AM
 LOWEST     49           600 AM
 AVERAGE    72

..........................................................




SUNRISE AND SUNSET
JANUARY 18 2018.......SUNRISE   721 AM MST   SUNSET   437 PM MST
JANUARY 19 2018.......SUNRISE   720 AM MST   SUNSET   438 PM MST


-  INDICATES NEGATIVE NUMBERS.
R  INDICATES RECORD WAS SET OR TIED.
MM INDICATES DATA IS MISSING.
T  INDICATES TRACE AMOUNT.




$$
