000
CDUS43 KUNR 290839
CLID07


CLIMATE REPORT
NATIONAL WEATHER SERVICE RAPID CITY SD
238 AM MDT THU SEP 29 2016


...................................

...THE FAITH SD CLIMATE SUMMARY FOR SEPTEMBER 28 2016...

CLIMATE NORMAL PERIOD 1981 TO 2010
CLIMATE RECORD PERIOD 9999 TO 9999


WEATHER ITEM   OBSERVED TIME   NORMAL DEPARTURE LAST
                VALUE   (LST)  VALUE  FROM      YEAR
                                      NORMAL
......................................................
TEMPERATURE (F)
 YESTERDAY
  MAXIMUM         75    306 PM  67      8       61
  MINIMUM         47   1159 PM  41      6       51
  AVERAGE         61            54      7       56

PRECIPITATION (IN)
  YESTERDAY        0.00          0.04  -0.04     0.10
  MONTH TO DATE    1.39          1.30   0.09     0.56
  SINCE SEP 1      1.39          1.30   0.09     0.56
  SINCE JAN 1     13.01         15.12  -2.11    13.53

DEGREE DAYS
 HEATING
  YESTERDAY        4            11     -7        9
  MONTH TO DATE  106           173    -67       51
  SINCE SEP 1    106           173    -67       51
  SINCE JUL 1    135           206    -71       80

 COOLING
  YESTERDAY        0             0      0        0
  MONTH TO DATE   46            60    -14      101
  SINCE SEP 1     46            60    -14      101
  SINCE JAN 1    732           635     97      680
......................................................


WIND (MPH)
  HIGHEST WIND SPEED    17   HIGHEST WIND DIRECTION    SE (140)
  HIGHEST GUST SPEED    22   HIGHEST GUST DIRECTION    SE (130)
  AVERAGE WIND SPEED     9.6




RELATIVE HUMIDITY (PERCENT)
 HIGHEST    80           600 AM
 LOWEST     31           100 PM
 AVERAGE    56

..........................................................




SUNRISE AND SUNSET
SEPTEMBER 29 2016.....SUNRISE   644 AM MDT   SUNSET   631 PM MDT
SEPTEMBER 30 2016.....SUNRISE   646 AM MDT   SUNSET   629 PM MDT


-  INDICATES NEGATIVE NUMBERS.
R  INDICATES RECORD WAS SET OR TIED.
MM INDICATES DATA IS MISSING.
T  INDICATES TRACE AMOUNT.




$$
