000
CDUS43 KUNR 010836
CLID07


CLIMATE REPORT
NATIONAL WEATHER SERVICE RAPID CITY SD
136 AM MST SUN FEB 1 2015


...................................

...THE FAITH SD CLIMATE SUMMARY FOR JANUARY 31 2015...

CLIMATE NORMAL PERIOD 1981 TO 2010
CLIMATE RECORD PERIOD 9999 TO 9999


WEATHER ITEM   OBSERVED TIME   NORMAL DEPARTURE LAST
                VALUE   (LST)  VALUE  FROM      YEAR
                                      NORMAL
......................................................
TEMPERATURE (F)
 YESTERDAY
  MAXIMUM         27   1206 AM  31     -4       28
  MINIMUM          4   1159 PM  11     -7       -2
  AVERAGE         16            21     -5       13

PRECIPITATION (IN)
  YESTERDAY        0.03          0.01   0.02     0.01
  MONTH TO DATE    0.17          0.20  -0.03     0.20
  SINCE DEC 1      0.45          0.60  -0.15     1.10
  SINCE JAN 1      0.17          0.20  -0.03     0.20

DEGREE DAYS
 HEATING
  YESTERDAY       49            44      5       52
  MONTH TO DATE 1216          1390   -174     1374
  SINCE DEC 1   2433          2746   -313     2944
  SINCE JUL 1   4309          4529   -220     4694

 COOLING
  YESTERDAY        0             0      0        0
  MONTH TO DATE    0             0      0        0
  SINCE DEC 1      0             0      0        0
  SINCE JAN 1      0             0      0        0
......................................................


WIND (MPH)
  HIGHEST WIND SPEED    25   HIGHEST WIND DIRECTION    NE (30)
  HIGHEST GUST SPEED    30   HIGHEST GUST DIRECTION    NE (30)
  AVERAGE WIND SPEED    15.0




RELATIVE HUMIDITY (PERCENT)
 HIGHEST    96           700 AM
 LOWEST     74           500 PM
 AVERAGE    85

..........................................................




SUNRISE AND SUNSET
FEBRUARY  1 2015......SUNRISE   708 AM MST   SUNSET   456 PM MST
FEBRUARY  2 2015......SUNRISE   707 AM MST   SUNSET   457 PM MST


-  INDICATES NEGATIVE NUMBERS.
R  INDICATES RECORD WAS SET OR TIED.
MM INDICATES DATA IS MISSING.
T  INDICATES TRACE AMOUNT.




$$
