000
CDUS43 KUNR 230848
CLID07


CLIMATE REPORT
NATIONAL WEATHER SERVICE RAPID CITY SD
148 AM MST SUN NOV 23 2014


...................................

...THE FAITH SD CLIMATE SUMMARY FOR NOVEMBER 22 2014...

CLIMATE NORMAL PERIOD 1981 TO 2010
CLIMATE RECORD PERIOD 9999 TO 9999


WEATHER ITEM   OBSERVED TIME   NORMAL DEPARTURE LAST
                VALUE   (LST)  VALUE  FROM      YEAR
                                      NORMAL
......................................................
TEMPERATURE (F)
 YESTERDAY
  MAXIMUM         49    311 PM  39     10       34
  MINIMUM         25    541 AM  18      7        6
  AVERAGE         37            28      9       20

PRECIPITATION (IN)
  YESTERDAY        0.07          0.01   0.06     0.00
  MONTH TO DATE    0.28          0.50  -0.22     0.22
  SINCE SEP 1      1.96          3.41  -1.45     3.96
  SINCE JAN 1     18.47         17.23   1.24    16.33

DEGREE DAYS
 HEATING
  YESTERDAY       28            37     -9       45
  MONTH TO DATE  848           673    175      677
  SINCE SEP 1   1500          1439     61     1444
  SINCE JUL 1   1543          1472     71     1459

 COOLING
  YESTERDAY        0             0      0        0
  MONTH TO DATE    0             0      0        0
  SINCE SEP 1     46            60    -14      130
  SINCE JAN 1    445           635   -190      720
......................................................


WIND (MPH)
  HIGHEST WIND SPEED    26   HIGHEST WIND DIRECTION    NW (300)
  HIGHEST GUST SPEED    33   HIGHEST GUST DIRECTION    NW (300)
  AVERAGE WIND SPEED    10.7




RELATIVE HUMIDITY (PERCENT)
 HIGHEST    92          1000 PM
 LOWEST     46           200 PM
 AVERAGE    69

..........................................................




SUNRISE AND SUNSET
NOVEMBER 23 2014......SUNRISE   656 AM MST   SUNSET   412 PM MST
NOVEMBER 24 2014......SUNRISE   658 AM MST   SUNSET   412 PM MST


-  INDICATES NEGATIVE NUMBERS.
R  INDICATES RECORD WAS SET OR TIED.
MM INDICATES DATA IS MISSING.
T  INDICATES TRACE AMOUNT.




$$
