000
CDUS43 KUNR 270831
CLID07


CLIMATE REPORT
NATIONAL WEATHER SERVICE RAPID CITY SD
130 AM MST MON FEB 27 2017


...................................

...THE FAITH SD CLIMATE SUMMARY FOR FEBRUARY 26 2017...

CLIMATE NORMAL PERIOD 1981 TO 2010
CLIMATE RECORD PERIOD 9999 TO 9999


WEATHER ITEM   OBSERVED TIME   NORMAL DEPARTURE LAST
                VALUE   (LST)  VALUE  FROM      YEAR
                                      NORMAL
......................................................
TEMPERATURE (F)
 YESTERDAY
  MAXIMUM         40    234 PM  36      4       60
  MINIMUM         18    428 AM  17      1       22
  AVERAGE         29            26      3       41

PRECIPITATION (IN)
  YESTERDAY        0.00          0.01  -0.01     0.00
  MONTH TO DATE    0.14          0.40  -0.26     0.80
  SINCE DEC 1      1.13          1.00   0.13     1.59
  SINCE JAN 1      0.69          0.60   0.09     1.06

DEGREE DAYS
 HEATING
  YESTERDAY       36            38     -2       24
  MONTH TO DATE  962          1084   -122      854
  SINCE DEC 1   4019          3830    189     3490
  SINCE JUL 1   5270          5613   -343     4876

 COOLING
  YESTERDAY        0             0      0        0
  MONTH TO DATE    0             0      0        0
  SINCE DEC 1      0             0      0        0
  SINCE JAN 1      0             0      0        0
......................................................


WIND (MPH)
  HIGHEST WIND SPEED    25   HIGHEST WIND DIRECTION     W (280)
  HIGHEST GUST SPEED    30   HIGHEST GUST DIRECTION     W (290)
  AVERAGE WIND SPEED    13.2




RELATIVE HUMIDITY (PERCENT)
 HIGHEST   100          1000 PM
 LOWEST     40           100 PM
 AVERAGE    70

..........................................................




SUNRISE AND SUNSET
FEBRUARY 27 2017......SUNRISE   629 AM MST   SUNSET   533 PM MST
FEBRUARY 28 2017......SUNRISE   627 AM MST   SUNSET   535 PM MST


-  INDICATES NEGATIVE NUMBERS.
R  INDICATES RECORD WAS SET OR TIED.
MM INDICATES DATA IS MISSING.
T  INDICATES TRACE AMOUNT.




$$
