000
CDUS43 KUNR 220831
CLID07


CLIMATE REPORT
NATIONAL WEATHER SERVICE RAPID CITY SD
231 AM MDT WED OCT 22 2014


...................................

...THE FAITH SD CLIMATE SUMMARY FOR OCTOBER 21 2014...

CLIMATE NORMAL PERIOD 1981 TO 2010
CLIMATE RECORD PERIOD 9999 TO 9999


WEATHER ITEM   OBSERVED TIME   NORMAL DEPARTURE LAST
                VALUE   (LST)  VALUE  FROM      YEAR
                                      NORMAL
......................................................
TEMPERATURE (F)
 YESTERDAY
  MAXIMUM         82    311 PM  56     26       50
  MINIMUM         45    520 AM  34     11       31
  AVERAGE         64            45     19       41

PRECIPITATION (IN)
  YESTERDAY        0.00          0.07  -0.07     0.13
  MONTH TO DATE    0.53          0.95  -0.42     2.44
  SINCE SEP 1      1.67          2.31  -0.64     3.54
  SINCE JAN 1     18.18         16.13   2.05    15.91

DEGREE DAYS
 HEATING
  YESTERDAY        1            20    -19       24
  MONTH TO DATE  269           344    -75      419
  SINCE SEP 1    474           543    -69      499
  SINCE JUL 1    517           576    -59      514

 COOLING
  YESTERDAY        0             0      0        0
  MONTH TO DATE    0             0      0        0
  SINCE SEP 1     46            59    -13      130
  SINCE JAN 1    445           634   -189      720
......................................................


WIND (MPH)
  HIGHEST WIND SPEED    26   HIGHEST WIND DIRECTION     S (180)
  HIGHEST GUST SPEED    32   HIGHEST GUST DIRECTION     S (180)
  AVERAGE WIND SPEED    17.0




RELATIVE HUMIDITY (PERCENT)
 HIGHEST    76           300 AM
 LOWEST     24           300 PM
 AVERAGE    50

..........................................................




SUNRISE AND SUNSET
OCTOBER 22 2014.......SUNRISE   713 AM MDT   SUNSET   551 PM MDT
OCTOBER 23 2014.......SUNRISE   714 AM MDT   SUNSET   550 PM MDT


-  INDICATES NEGATIVE NUMBERS.
R  INDICATES RECORD WAS SET OR TIED.
MM INDICATES DATA IS MISSING.
T  INDICATES TRACE AMOUNT.




$$
