550
CDUS43 KUNR 230837
CLID07


CLIMATE REPORT
NATIONAL WEATHER SERVICE RAPID CITY SD
235 AM MDT SAT JUL 23 2016


...................................

...THE FAITH SD CLIMATE SUMMARY FOR JULY 22 2016...

CLIMATE NORMAL PERIOD 1981 TO 2010
CLIMATE RECORD PERIOD 9999 TO 9999


WEATHER ITEM   OBSERVED TIME   NORMAL DEPARTURE LAST
                VALUE   (LST)  VALUE  FROM      YEAR
                                      NORMAL
......................................................
TEMPERATURE (F)
 YESTERDAY
  MAXIMUM        105    140 PM  87     18       92
  MINIMUM         70   1159 PM  60     10       60
  AVERAGE         88            73     15       76

PRECIPITATION (IN)
  YESTERDAY        0.00          0.07  -0.07     0.00
  MONTH TO DATE    0.76          2.27  -1.51     0.26
  SINCE JUN 1      2.45          5.36  -2.91     2.90
  SINCE JAN 1      9.30         11.66  -2.36    10.14

DEGREE DAYS
 HEATING
  YESTERDAY        0             0      0        0
  MONTH TO DATE    3             5     -2        0
  SINCE JUN 1     18            95    -77       34
  SINCE JUL 1      3             5     -2        0

 COOLING
  YESTERDAY       23             9     14       11
  MONTH TO DATE  206           167     39      167
  SINCE JUN 1    381           255    126      262
  SINCE JAN 1    383           267    116      264
......................................................


WIND (MPH)
  HIGHEST WIND SPEED    35   HIGHEST WIND DIRECTION     E (70)
  HIGHEST GUST SPEED    43   HIGHEST GUST DIRECTION     E (80)
  AVERAGE WIND SPEED    15.0




RELATIVE HUMIDITY (PERCENT)
 HIGHEST    90           500 AM
 LOWEST     18           400 PM
 AVERAGE    54

..........................................................




SUNRISE AND SUNSET
JULY 23 2016..........SUNRISE   524 AM MDT   SUNSET   824 PM MDT
JULY 24 2016..........SUNRISE   525 AM MDT   SUNSET   823 PM MDT


-  INDICATES NEGATIVE NUMBERS.
R  INDICATES RECORD WAS SET OR TIED.
MM INDICATES DATA IS MISSING.
T  INDICATES TRACE AMOUNT.




$$
