000
CDUS43 KUNR 030834
CLID07


CLIMATE REPORT
NATIONAL WEATHER SERVICE RAPID CITY SD
233 AM MDT THU SEP 3 2015


...................................

...THE FAITH SD CLIMATE SUMMARY FOR SEPTEMBER 2 2015...

CLIMATE NORMAL PERIOD 1981 TO 2010
CLIMATE RECORD PERIOD 9999 TO 9999


WEATHER ITEM   OBSERVED TIME   NORMAL DEPARTURE LAST
                VALUE   (LST)  VALUE  FROM      YEAR
                                      NORMAL
......................................................
TEMPERATURE (F)
 YESTERDAY
  MAXIMUM         97    258 PM  81     16       82
  MINIMUM         57    303 AM  53      4       47
  AVERAGE         77            67     10       65

PRECIPITATION (IN)
  YESTERDAY        0.01          0.05  -0.04     0.00
  MONTH TO DATE    0.01          0.11  -0.10     0.03
  SINCE SEP 1      0.01          0.11  -0.10     0.03
  SINCE JAN 1     12.98         13.93  -0.95    16.54

DEGREE DAYS
 HEATING
  YESTERDAY        0             2     -2        0
  MONTH TO DATE    0             4     -4        3
  SINCE SEP 1      0             4     -4        3
  SINCE JUL 1     29            37     -8       46

 COOLING
  YESTERDAY       12             5      7        0
  MONTH TO DATE   21            10     11        0
  SINCE SEP 1     21            10     11        0
  SINCE JAN 1    600           585     15      399
......................................................


WIND (MPH)
  HIGHEST WIND SPEED    17   HIGHEST WIND DIRECTION     S (170)
  HIGHEST GUST SPEED    22   HIGHEST GUST DIRECTION     S (160)
  AVERAGE WIND SPEED     9.9




RELATIVE HUMIDITY (PERCENT)
 HIGHEST    80           300 AM
 LOWEST     21           300 PM
 AVERAGE    51

..........................................................




SUNRISE AND SUNSET
SEPTEMBER  3 2015.....SUNRISE   612 AM MDT   SUNSET   722 PM MDT
SEPTEMBER  4 2015.....SUNRISE   613 AM MDT   SUNSET   720 PM MDT


-  INDICATES NEGATIVE NUMBERS.
R  INDICATES RECORD WAS SET OR TIED.
MM INDICATES DATA IS MISSING.
T  INDICATES TRACE AMOUNT.




$$
