000
CDUS43 KUNR 270831
CLID07


CLIMATE REPORT
NATIONAL WEATHER SERVICE RAPID CITY SD
231 AM MDT THU APR 27 2017


...................................

...THE FAITH SD CLIMATE SUMMARY FOR APRIL 26 2017...

CLIMATE NORMAL PERIOD 1981 TO 2010
CLIMATE RECORD PERIOD 9999 TO 9999


WEATHER ITEM   OBSERVED TIME   NORMAL DEPARTURE LAST
                VALUE   (LST)  VALUE  FROM      YEAR
                                      NORMAL
......................................................
TEMPERATURE (F)
 YESTERDAY
  MAXIMUM         49    456 PM  61    -12       43
  MINIMUM         27   1156 PM  37    -10       31
  AVERAGE         38            49    -11       37

PRECIPITATION (IN)
  YESTERDAY        0.00          0.07  -0.07     0.22
  MONTH TO DATE    1.55          1.27   0.28     2.91
  SINCE MAR 1      2.05          2.25  -0.20     3.74
  SINCE JAN 1      3.07          2.87   0.20     5.25

DEGREE DAYS
 HEATING
  YESTERDAY       27            16     11       28
  MONTH TO DATE  473           549    -76      468
  SINCE MAR 1   1383          1552   -169     1238
  SINCE JUL 1   6734          7240   -506     6184

 COOLING
  YESTERDAY        0             0      0        0
  MONTH TO DATE    0             0      0        0
  SINCE MAR 1      0             0      0        0
  SINCE JAN 1      0             0      0        0
......................................................


WIND (MPH)
  HIGHEST WIND SPEED    20   HIGHEST WIND DIRECTION     N (340)
  HIGHEST GUST SPEED    26   HIGHEST GUST DIRECTION     N (350)
  AVERAGE WIND SPEED    12.7




RELATIVE HUMIDITY (PERCENT)
 HIGHEST    92          1200 AM
 LOWEST     42           300 PM
 AVERAGE    67

..........................................................




SUNRISE AND SUNSET
APRIL 27 2017.........SUNRISE   543 AM MDT   SUNSET   749 PM MDT
APRIL 28 2017.........SUNRISE   541 AM MDT   SUNSET   750 PM MDT


-  INDICATES NEGATIVE NUMBERS.
R  INDICATES RECORD WAS SET OR TIED.
MM INDICATES DATA IS MISSING.
T  INDICATES TRACE AMOUNT.




$$
