000
CDUS42 KMLB 190635
CLIDAB


CLIMATE REPORT
NATIONAL WEATHER SERVICE MELBOURNE
235 AM EDT SAT APR 19 2014


...................................

...THE DAYTONA BEACH CLIMATE SUMMARY FOR APRIL 18 2014...

CLIMATE NORMAL PERIOD 1981 TO 2010
CLIMATE RECORD PERIOD 1923 TO 2014


WEATHER ITEM   OBSERVED TIME   RECORD YEAR NORMAL DEPARTURE LAST
                VALUE   (LST)  VALUE       VALUE  FROM      YEAR
                                                  NORMAL
..................................................................
TEMPERATURE (F)
 YESTERDAY
  MAXIMUM         79    257 PM  92    1967  80     -1       84
  MINIMUM         67    531 PM  45    2001  59      8       66
                                      1952
  AVERAGE         73                        69      4       75

PRECIPITATION (IN)
  YESTERDAY        0.59          2.89 1978   0.07   0.52     0.00
  MONTH TO DATE    2.22                      1.47   0.75     1.50
  SINCE MAR 1      6.94                      5.71   1.23     2.32
  SINCE JAN 1     13.52                     11.23   2.29     4.20

SNOWFALL (IN)
  YESTERDAY        0.0
  MONTH TO DATE    0.0
  SINCE JUL 1      0.0

DEGREE DAYS
 HEATING
  YESTERDAY        0                         1     -1        0
  MONTH TO DATE    9                        21    -12        2
  SINCE MAR 1     89                       118    -29      228
  SINCE JUL 1    602                       800   -198      694

 COOLING
  YESTERDAY        8                         5      3       10
  MONTH TO DATE   94                        74     20      118
  SINCE MAR 1    153                       151      2      155
  SINCE JAN 1    237                       216     21      288
..................................................................


WIND (MPH)
  HIGHEST WIND SPEED    30   HIGHEST WIND DIRECTION    SW (240)
  HIGHEST GUST SPEED    40   HIGHEST GUST DIRECTION    SW (240)
  AVERAGE WIND SPEED     7.3


SKY COVER
  AVERAGE SKY COVER 1.0


WEATHER CONDITIONS
 THE FOLLOWING WEATHER WAS RECORDED YESTERDAY.
  THUNDERSTORM
  HEAVY RAIN
  RAIN
  LIGHT RAIN
  FOG
  HAZE


RELATIVE HUMIDITY (PERCENT)
 HIGHEST    93           800 PM
 LOWEST     73           100 AM
 AVERAGE    83

..........................................................


THE DAYTONA BEACH CLIMATE NORMALS FOR TODAY
                         NORMAL    RECORD    YEAR
 MAXIMUM TEMPERATURE (F)   80        92      1968
 MINIMUM TEMPERATURE (F)   59        43      2001
                                             1997


SUNRISE AND SUNSET
APRIL 19 2014.........SUNRISE   654 AM EDT   SUNSET   753 PM EDT
APRIL 20 2014.........SUNRISE   653 AM EDT   SUNSET   754 PM EDT


-  INDICATES NEGATIVE NUMBERS.
R  INDICATES RECORD WAS SET OR TIED.
MM INDICATES DATA IS MISSING.
T  INDICATES TRACE AMOUNT.




$$
