000
CDUS42 KMLB 260629
CLIDAB


CLIMATE REPORT
NATIONAL WEATHER SERVICE MELBOURNE FL
228 AM EDT FRI MAY 26 2017


...................................

...THE DAYTONA BEACH CLIMATE SUMMARY FOR MAY 25 2017...

CLIMATE NORMAL PERIOD 1981 TO 2010
CLIMATE RECORD PERIOD 1923 TO 2017


WEATHER ITEM   OBSERVED TIME   RECORD YEAR NORMAL DEPARTURE LAST
                VALUE   (LST)  VALUE       VALUE  FROM      YEAR
                                                  NORMAL
..................................................................
TEMPERATURE (F)
 YESTERDAY
  MAXIMUM         86    414 PM  97    2000  86      0       85
  MINIMUM         64   1159 PM  57    1951  68     -4       69
                                      1941
                                      1935
  AVERAGE         75                        77     -2       77

PRECIPITATION (IN)
  YESTERDAY        0.00          1.01 1997   0.13  -0.13     0.00
  MONTH TO DATE    1.90                      2.22  -0.32     4.52
  SINCE MAR 1      4.19                      8.64  -4.45     8.11
  SINCE JAN 1      8.20                     14.16  -5.96    18.82

SNOWFALL (IN)
  YESTERDAY        0.0
  MONTH TO DATE    0.0
  SINCE JUL 1      0.0

DEGREE DAYS
 HEATING
  YESTERDAY        0                         0      0        0
  MONTH TO DATE    0                         0      0        0
  SINCE MAR 1     95                       125    -30       43
  SINCE JUL 1    401                       807   -406      508

 COOLING
  YESTERDAY       10                        12     -2       12
  MONTH TO DATE  272                       237     35      260
  SINCE MAR 1    618                       459    159      644
  SINCE JAN 1    738                       524    214      694
..................................................................


WIND (MPH)
  HIGHEST WIND SPEED    22   HIGHEST WIND DIRECTION    SW (240)
  HIGHEST GUST SPEED    31   HIGHEST GUST DIRECTION    SW (240)
  AVERAGE WIND SPEED    10.6


SKY COVER
  AVERAGE SKY COVER 0.4


WEATHER CONDITIONS
 THE FOLLOWING WEATHER WAS RECORDED YESTERDAY.
  NO SIGNIFICANT WEATHER WAS OBSERVED.


RELATIVE HUMIDITY (PERCENT)
 HIGHEST   100           400 AM
 LOWEST     32           400 PM
 AVERAGE    66

..........................................................


THE DAYTONA BEACH CLIMATE NORMALS FOR TODAY
                         NORMAL    RECORD    YEAR
 MAXIMUM TEMPERATURE (F)   86       100      1953
 MINIMUM TEMPERATURE (F)   68        57      1979
                                             1935


SUNRISE AND SUNSET
MAY 26 2017...........SUNRISE   627 AM EDT   SUNSET   816 PM EDT
MAY 27 2017...........SUNRISE   627 AM EDT   SUNSET   816 PM EDT


-  INDICATES NEGATIVE NUMBERS.
R  INDICATES RECORD WAS SET OR TIED.
MM INDICATES DATA IS MISSING.
T  INDICATES TRACE AMOUNT.




$$
