000
CDUS42 KMLB 280632
CLIDAB


CLIMATE REPORT
NATIONAL WEATHER SERVICE MELBOURNE FL
231 AM EDT THU MAY 28 2015


...................................

...THE DAYTONA BEACH CLIMATE SUMMARY FOR MAY 27 2015...

CLIMATE NORMAL PERIOD 1981 TO 2010
CLIMATE RECORD PERIOD 1923 TO 2015


WEATHER ITEM   OBSERVED TIME   RECORD YEAR NORMAL DEPARTURE LAST
                VALUE   (LST)  VALUE       VALUE  FROM      YEAR
                                                  NORMAL
..................................................................
TEMPERATURE (F)
 YESTERDAY
  MAXIMUM         85   1242 PM  97    1967  87     -2       84
  MINIMUM         74    241 AM  53    1935  68      6       69
  AVERAGE         80                        78      2       77

PRECIPITATION (IN)
  YESTERDAY        0.00          1.90 1923   0.14  -0.14     0.00
  MONTH TO DATE    2.60                      2.49   0.11     2.68
  SINCE MAR 1      8.89                      8.91  -0.02    11.74
  SINCE JAN 1     14.32                     14.43  -0.11    18.32

SNOWFALL (IN)
  YESTERDAY        0.0
  MONTH TO DATE    0.0
  SINCE JUL 1      0.0

DEGREE DAYS
 HEATING
  YESTERDAY        0                         0      0        0
  MONTH TO DATE    0                         0      0        0
  SINCE MAR 1     35                       125    -90       89
  SINCE JUL 1    682                       807   -125      602

 COOLING
  YESTERDAY       15                        12      3       12
  MONTH TO DATE  316                       261     55      278
  SINCE MAR 1    821                       483    338      529
  SINCE JAN 1    861                       548    313      613
..................................................................


WIND (MPH)
  HIGHEST WIND SPEED    16   HIGHEST WIND DIRECTION     E (70)
  HIGHEST GUST SPEED    23   HIGHEST GUST DIRECTION     E (80)
  AVERAGE WIND SPEED     7.9


SKY COVER
  AVERAGE SKY COVER 0.8


WEATHER CONDITIONS
 THE FOLLOWING WEATHER WAS RECORDED YESTERDAY.
  NO SIGNIFICANT WEATHER WAS OBSERVED.


RELATIVE HUMIDITY (PERCENT)
 HIGHEST    74          1200 AM
 LOWEST     55           100 PM
 AVERAGE    65

..........................................................


THE DAYTONA BEACH CLIMATE NORMALS FOR TODAY
                         NORMAL    RECORD    YEAR
 MAXIMUM TEMPERATURE (F)   87        99      2000
 MINIMUM TEMPERATURE (F)   69        53      1935


SUNRISE AND SUNSET
MAY 28 2015...........SUNRISE   627 AM EDT   SUNSET   817 PM EDT
MAY 29 2015...........SUNRISE   626 AM EDT   SUNSET   817 PM EDT


-  INDICATES NEGATIVE NUMBERS.
R  INDICATES RECORD WAS SET OR TIED.
MM INDICATES DATA IS MISSING.
T  INDICATES TRACE AMOUNT.




$$
