000
CDUS42 KMLB 240626
CLIDAB


CLIMATE REPORT
NATIONAL WEATHER SERVICE MELBOURNE FL
226 AM EDT SUN SEP 24 2017


...................................

...THE DAYTONA BEACH CLIMATE SUMMARY FOR SEPTEMBER 23 2017...

CLIMATE NORMAL PERIOD 1981 TO 2010
CLIMATE RECORD PERIOD 1923 TO 2017


WEATHER ITEM   OBSERVED TIME   RECORD YEAR NORMAL DEPARTURE LAST
                VALUE   (LST)  VALUE       VALUE  FROM      YEAR
                                                  NORMAL
..................................................................
TEMPERATURE (F)
 YESTERDAY
  MAXIMUM         88    143 PM  95    1925  86      2       88
  MINIMUM         73    617 AM  57    1938  72      1       73
  AVERAGE         81                        79      2       81

PRECIPITATION (IN)
  YESTERDAY        T             1.82 1963   0.22  -0.22     0.01
  MONTH TO DATE    9.20                      5.48   3.72     5.65
  SINCE SEP 1      9.20                      5.48   3.72     5.65
  SINCE JAN 1     38.87                     38.61   0.26    33.28

SNOWFALL (IN)
  YESTERDAY        0.0
  MONTH TO DATE    0.0
  SINCE JUL 1      0.0

DEGREE DAYS
 HEATING
  YESTERDAY        0                         0      0        0
  MONTH TO DATE    0                         0      0        0
  SINCE SEP 1      0                         0      0        0
  SINCE JUL 1      0                         0      0        0

 COOLING
  YESTERDAY       16                        14      2       16
  MONTH TO DATE  368                       344     24      372
  SINCE SEP 1    368                       344     24      372
  SINCE JAN 1   2795                      2418    377     2837
..................................................................


WIND (MPH)
  HIGHEST WIND SPEED    22   HIGHEST WIND DIRECTION    NE (60)
  HIGHEST GUST SPEED    28   HIGHEST GUST DIRECTION    NE (60)
  AVERAGE WIND SPEED    10.8


SKY COVER
  AVERAGE SKY COVER 0.5


WEATHER CONDITIONS
 THE FOLLOWING WEATHER WAS RECORDED YESTERDAY.
  THUNDERSTORM
  LIGHT RAIN


RELATIVE HUMIDITY (PERCENT)
 HIGHEST    94           600 AM
 LOWEST     61          1000 AM
 AVERAGE    78

..........................................................


THE DAYTONA BEACH CLIMATE NORMALS FOR TODAY
                         NORMAL    RECORD    YEAR
 MAXIMUM TEMPERATURE (F)   86        92      1988
 MINIMUM TEMPERATURE (F)   71        60      1996


SUNRISE AND SUNSET
SEPTEMBER 24 2017.....SUNRISE   714 AM EDT   SUNSET   718 PM EDT
SEPTEMBER 25 2017.....SUNRISE   714 AM EDT   SUNSET   717 PM EDT


-  INDICATES NEGATIVE NUMBERS.
R  INDICATES RECORD WAS SET OR TIED.
MM INDICATES DATA IS MISSING.
T  INDICATES TRACE AMOUNT.




$$
