000
CDUS42 KMLB 262129
CLIDAB


CLIMATE REPORT
NATIONAL WEATHER SERVICE MELBOURNE FL
427 PM EST WED NOV 26 2014


...................................

...THE DAYTONA BEACH CLIMATE SUMMARY FOR NOVEMBER 26 2014...
VALID TODAY AS OF 400 PM LOCAL TIME.

CLIMATE NORMAL PERIOD 1981 TO 2010
CLIMATE RECORD PERIOD 1923 TO 2014


WEATHER ITEM   OBSERVED TIME   RECORD YEAR NORMAL DEPARTURE LAST
                VALUE   (LST)  VALUE       VALUE  FROM      YEAR
                                                  NORMAL
..................................................................
TEMPERATURE (F)
 TODAY
  MAXIMUM         72    508 AM  85    1992  74     -2       82
  MINIMUM         53   1111 AM  27    1950  55     -2       69
  AVERAGE         63                        64     -1       76

PRECIPITATION (IN)
  TODAY            0.27          4.21 1963   0.08   0.19     0.05
  MONTH TO DATE    9.09                      2.34   6.75     2.65
  SINCE SEP 1     27.82                     13.51  14.31    10.68
  SINCE JAN 1     60.99                     46.64  14.35    45.90

SNOWFALL (IN)
  TODAY            0.0
  MONTH TO DATE    0.0
  SINCE JUL 1      0.0

DEGREE DAYS
 HEATING
  TODAY            2                         3     -1        0
  MONTH TO DATE   95                        51     44        2
  SINCE SEP 1     95                        59     36        3
  SINCE JUL 1     95                        59     36        3

 COOLING
  TODAY            0                         3     -3       11
  MONTH TO DATE   74                       106    -32      179
  SINCE SEP 1    790                       828    -38      943
  SINCE JAN 1   2982                      2902     80     3139
..................................................................


WIND (MPH)
  HIGHEST WIND SPEED    22   HIGHEST WIND DIRECTION     W (280)
  HIGHEST GUST SPEED    28   HIGHEST GUST DIRECTION     W (280)
  AVERAGE WIND SPEED    10.4


SKY COVER
  AVERAGE SKY COVER 0.7


WEATHER CONDITIONS
 THE FOLLOWING WEATHER WAS RECORDED TODAY.
  THUNDERSTORM
  HEAVY RAIN
  LIGHT RAIN
  FOG


RELATIVE HUMIDITY (PERCENT)
 HIGHEST    93           300 AM
 LOWEST     64           400 PM
 AVERAGE    79

..........................................................


THE DAYTONA BEACH CLIMATE NORMALS FOR TOMORROW
                         NORMAL    RECORD    YEAR
 MAXIMUM TEMPERATURE (F)   74        88      1948
 MINIMUM TEMPERATURE (F)   55        34      1956


SUNRISE AND SUNSET
NOVEMBER 26 2014......SUNRISE   657 AM EST   SUNSET   526 PM EST
NOVEMBER 27 2014......SUNRISE   657 AM EST   SUNSET   526 PM EST


-  INDICATES NEGATIVE NUMBERS.
R  INDICATES RECORD WAS SET OR TIED.
MM INDICATES DATA IS MISSING.
T  INDICATES TRACE AMOUNT.

&&

DAYTONA BEACH SURF TEMPERATURE 68

$$
