000
CDUS41 KRNK 021041
CLIDAN


CLIMATE REPORT
NATIONAL WEATHER SERVICE BLACKSBURG VA
539 AM EST MON MAR 2 2015


...................................

...THE DANVILLE VA CLIMATE SUMMARY FOR MARCH 1 2015...

CLIMATE NORMAL PERIOD 1981 TO 2010
CLIMATE RECORD PERIOD 1948 TO 2015


WEATHER ITEM   OBSERVED TIME   RECORD YEAR NORMAL DEPARTURE LAST
                VALUE   (LST)  VALUE       VALUE  FROM      YEAR
                                                  NORMAL
..................................................................
TEMPERATURE (F)
 YESTERDAY
  MAXIMUM         35   1159 PM  80    1972  54    -19       52
  MINIMUM         25   1218 AM  17    2002  34     -9       24
  AVERAGE         30                        44    -14

PRECIPITATION (IN)
  YESTERDAY        0.19          3.03 1987   0.09   0.10     0.00
  MONTH TO DATE    0.19                      0.09   0.10     0.00
  SINCE MAR 1      0.19                      0.09   0.10     0.00
  SINCE JAN 1      3.98                      6.52  -2.54     5.12

SNOWFALL (IN)
  YESTERDAY       MM
  MONTH TO DATE   MM
  SINCE MAR 1     MM
  SINCE JUL 1      9.8
  SNOW DEPTH      MM

DEGREE DAYS
 HEATING
  YESTERDAY       35                        21     14
  MONTH TO DATE   35                        21     14
  SINCE MAR 1     35                        21     14
  SINCE JUL 1   3129                      3022    107

 COOLING
  YESTERDAY        0                         0      0
  MONTH TO DATE    0                         0      0
  SINCE MAR 1      0                         0      0
  SINCE JAN 1      0                         0      0
..................................................................


WIND (MPH)
  HIGHEST WIND SPEED    10   HIGHEST WIND DIRECTION    SW (230)
  HIGHEST GUST SPEED    12   HIGHEST GUST DIRECTION    SW (230)
  AVERAGE WIND SPEED     3.0


SKY COVER
  POSSIBLE SUNSHINE  MM
  AVERAGE SKY COVER 1.0


WEATHER CONDITIONS
 THE FOLLOWING WEATHER WAS RECORDED YESTERDAY.
  LIGHT RAIN
  FREEZING RAIN
  LT FREEZING RAIN
  SLEET
  FOG


RELATIVE HUMIDITY (PERCENT)
 HIGHEST   100          1000 PM
 LOWEST     53           400 AM
 AVERAGE    77

..........................................................


THE DANVILLE VA CLIMATE NORMALS FOR TODAY
                         NORMAL    RECORD    YEAR
 MAXIMUM TEMPERATURE (F)   54        78      2006
                                             1976
 MINIMUM TEMPERATURE (F)   34        13      1980


SUNRISE AND SUNSET
MARCH  2 2015.........SUNRISE   647 AM EST   SUNSET   613 PM EST
MARCH  3 2015.........SUNRISE   646 AM EST   SUNSET   614 PM EST


-  INDICATES NEGATIVE NUMBERS.
R  INDICATES RECORD WAS SET OR TIED.
MM INDICATES DATA IS MISSING.
T  INDICATES TRACE AMOUNT.




$$
