187
CDUS41 KRNK 222214
CLIDAN


CLIMATE REPORT
NATIONAL WEATHER SERVICE BLACKSBURG VA
511 PM EST THU FEB 22 2018


...................................

...THE DANVILLE VA CLIMATE SUMMARY FOR FEBRUARY 22 2018...
VALID TODAY AS OF 0500 PM LOCAL TIME.

CLIMATE NORMAL PERIOD 1981 TO 2010
CLIMATE RECORD PERIOD 1948 TO 2018


WEATHER ITEM   OBSERVED TIME   RECORD YEAR NORMAL DEPARTURE LAST
                VALUE   (LST)  VALUE       VALUE  FROM      YEAR
                                                  NORMAL
..................................................................
TEMPERATURE (F)
 TODAY
  MAXIMUM         76R   259 PM  73    1976  52     24       57
  MINIMUM         58    617 AM  10    1968  33     25       43
  AVERAGE         67                        42     25       50

PRECIPITATION (IN)
  TODAY            0.00          0.97 1989   0.10  -0.10     0.12
  MONTH TO DATE    2.27                      2.43  -0.16     0.81
  SINCE DEC 1      5.84                      9.12  -3.28     6.31
  SINCE JAN 1      5.10                      5.85  -0.75     4.69

SNOWFALL (IN)
  TODAY            0.0                                       0.0
  MONTH TO DATE    T                                          T
  SINCE DEC 1     13.7                                       8.8
  SINCE JUL 1     13.7                                       8.8
  SNOW DEPTH       0

DEGREE DAYS
 HEATING
  TODAY            0                        23    -23       15
  MONTH TO DATE  408                       544   -136      379
  SINCE DEC 1   1869                      2163   -294     1819
  SINCE JUL 1   2591                      2872   -281     2389

 COOLING
  TODAY            2                         0      2        0
  MONTH TO DATE    2                         0      2        5
  SINCE DEC 1      2                         0      2        5
  SINCE JAN 1      2                         0      2        5
..................................................................


WIND (MPH)
  HIGHEST WIND SPEED    16   HIGHEST WIND DIRECTION    SW (240)
  HIGHEST GUST SPEED    21   HIGHEST GUST DIRECTION    SW (230)
  AVERAGE WIND SPEED     5.9


SKY COVER
  AVERAGE SKY COVER 0.6


WEATHER CONDITIONS
 THE FOLLOWING WEATHER WAS RECORDED TODAY.
  FOG


RELATIVE HUMIDITY (PERCENT)
 HIGHEST   100           100 AM
 LOWEST     64           300 PM
 AVERAGE    82

..........................................................


THE DANVILLE VA CLIMATE NORMALS FOR TOMORROW
                         NORMAL    RECORD    YEAR
 MAXIMUM TEMPERATURE (F)   52        73      2017
                                             1980
 MINIMUM TEMPERATURE (F)   33        10      1968


SUNRISE AND SUNSET
FEBRUARY 22 2018......SUNRISE   657 AM EST   SUNSET   605 PM EST
FEBRUARY 23 2018......SUNRISE   656 AM EST   SUNSET   606 PM EST


-  INDICATES NEGATIVE NUMBERS.
R  INDICATES RECORD WAS SET OR TIED.
MM INDICATES DATA IS MISSING.
T  INDICATES TRACE AMOUNT.

REMARKS:
DUE TO MISSING DATA FROM JANUARY 4-9 AND 21-22...ALL INFORMATION
WILL BE CALCULATED WITHOUT DATA FROM THESE DATES.

$$

RAB
