000
CDUS41 KRNK 140910
CLIDAN


CLIMATE REPORT
NATIONAL WEATHER SERVICE BLACKSBURG VA
509 AM EDT MON JUL 14 2014


...................................

...THE DANVILLE VA CLIMATE SUMMARY FOR JULY 13 2014...

CLIMATE NORMAL PERIOD 1981 TO 2010
CLIMATE RECORD PERIOD 1948 TO 2014


WEATHER ITEM   OBSERVED TIME   RECORD YEAR NORMAL DEPARTURE LAST
                VALUE   (LST)  VALUE       VALUE  FROM      YEAR
                                                  NORMAL
..................................................................
TEMPERATURE (F)
 YESTERDAY
  MAXIMUM         92    444 PM 100    1966  88      4       79
  MINIMUM         69    518 AM  51    1963  69      0       70
  AVERAGE         81                        78      3

PRECIPITATION (IN)
  YESTERDAY        0.00          3.65 1955   0.16  -0.16     0.23
  MONTH TO DATE    2.13                      1.83   0.30     7.86
  SINCE JUN 1      3.36                      5.68  -2.32    13.80
  SINCE JAN 1     21.92                     23.56  -1.64    34.01

SNOWFALL (IN)
  YESTERDAY        0.0
  MONTH TO DATE    0.0
  SINCE JUN 1      0.0
  SINCE JUL 1      0.0
  SNOW DEPTH       0

DEGREE DAYS
 HEATING
  YESTERDAY        0                         0      0
  MONTH TO DATE    0                         0      0
  SINCE JUN 1      0                         3     -3
  SINCE JUL 1      0                         0      0

 COOLING
  YESTERDAY       16                        13      3
  MONTH TO DATE  184                       169     15
  SINCE JUN 1    529                       466     63
  SINCE JAN 1    690                       610     80
..................................................................


WIND (MPH)
  HIGHEST WIND SPEED    15   HIGHEST WIND DIRECTION     W (250)
  HIGHEST GUST SPEED    19   HIGHEST GUST DIRECTION    SW (230)
  AVERAGE WIND SPEED     4.9


SKY COVER
  POSSIBLE SUNSHINE  MM
  AVERAGE SKY COVER 0.2


WEATHER CONDITIONS
 THE FOLLOWING WEATHER WAS RECORDED YESTERDAY.
  NO SIGNIFICANT WEATHER WAS OBSERVED.


RELATIVE HUMIDITY (PERCENT)
 HIGHEST    90           300 AM
 LOWEST     47           400 PM
 AVERAGE    69

..........................................................


THE DANVILLE VA CLIMATE NORMALS FOR TODAY
                         NORMAL    RECORD    YEAR
 MAXIMUM TEMPERATURE (F)   88       105      1954
 MINIMUM TEMPERATURE (F)   69        57      1976


SUNRISE AND SUNSET
JULY 14 2014..........SUNRISE   610 AM EDT   SUNSET   836 PM EDT
JULY 15 2014..........SUNRISE   611 AM EDT   SUNSET   836 PM EDT


-  INDICATES NEGATIVE NUMBERS.
R  INDICATES RECORD WAS SET OR TIED.
MM INDICATES DATA IS MISSING.
T  INDICATES TRACE AMOUNT.




$$
