000
CDUS41 KILN 210553
CLIDAY


CLIMATE REPORT
NATIONAL WEATHER SERVICE WILMINGTON OH
152 AM EDT SUN SEP 21 2014


...................................

...THE DAYTON OH CLIMATE SUMMARY FOR SEPTEMBER 20 2014...

CLIMATE NORMAL PERIOD 1981 TO 2010
CLIMATE RECORD PERIOD 1869 TO 2014


WEATHER ITEM   OBSERVED TIME   RECORD YEAR NORMAL DEPARTURE LAST
                VALUE   (LST)  VALUE       VALUE  FROM      YEAR
                                                  NORMAL
..................................................................
TEMPERATURE (F)
 YESTERDAY
  MAXIMUM         83    233 PM  95    1908  74      9       87
                                      1895
  MINIMUM         57    434 AM  36    1991  53      4       67
  AVERAGE         70                        64      6       77

PRECIPITATION (IN)
  YESTERDAY        T             1.73 1932   0.11  -0.11     0.60
  MONTH TO DATE    0.88                      2.22  -1.34     1.68
  SINCE SEP 1      0.88                      2.22  -1.34     1.68
  SINCE JAN 1     28.78                     30.53  -1.75    24.06

SNOWFALL (IN)
  YESTERDAY        0.0          MM      MM   0.0    0.0      0.0
  MONTH TO DATE    0.0                       0.0    0.0      0.0
  SINCE SEP 1      0.0                       0.0    0.0      0.0
  SINCE JUL 1      0.0                       0.0    0.0      0.0
  SNOW DEPTH       0

DEGREE DAYS
 HEATING
  YESTERDAY        0                         4     -4        0
  MONTH TO DATE   49                        36     13       25
  SINCE SEP 1     49                        36     13       25
  SINCE JUL 1     56                        38     18       37

 COOLING
  YESTERDAY        5                         2      3       12
  MONTH TO DATE   85                        82      3      138
  SINCE SEP 1     85                        82      3      138
  SINCE JAN 1    955                       864     91     1025
..................................................................


WIND (MPH)
  RESULTANT WIND SPEED  11   RESULTANT WIND DIRECTION  SW (210)
  HIGHEST WIND SPEED    23   HIGHEST WIND DIRECTION    SW (230)
  HIGHEST GUST SPEED    30   HIGHEST GUST DIRECTION    SW (240)
  AVERAGE WIND SPEED    11.7



WEATHER CONDITIONS
 THE FOLLOWING WEATHER WAS RECORDED YESTERDAY.
  LIGHT RAIN
  FOG


RELATIVE HUMIDITY (PERCENT)
 HIGHEST    90           600 AM
 LOWEST     47           300 PM
 AVERAGE    69

..........................................................


THE DAYTON OH CLIMATE NORMALS FOR TODAY
                         NORMAL    RECORD    YEAR
 MAXIMUM TEMPERATURE (F)   74        95      1908
                                             1895
 MINIMUM TEMPERATURE (F)   53        31      1897


SUNRISE AND SUNSET
SEPTEMBER 21 2014.....SUNRISE   723 AM EDT   SUNSET   736 PM EDT
SEPTEMBER 22 2014.....SUNRISE   724 AM EDT   SUNSET   734 PM EDT


-  INDICATES NEGATIVE NUMBERS.
R  INDICATES RECORD WAS SET OR TIED.
MM INDICATES DATA IS MISSING.
T  INDICATES TRACE AMOUNT.




$$
