000
CDUS41 KILN 220004
CLIDAY


CLIMATE REPORT
NATIONAL WEATHER SERVICE WILMINGTON OH
704 PM EST WED FEB 21 2018


...................................

...THE DAYTON OH CLIMATE SUMMARY FOR FEBRUARY 21 2018...
VALID TODAY AS OF 0500 PM LOCAL TIME.

CLIMATE NORMAL PERIOD 1981 TO 2010
CLIMATE RECORD PERIOD 1869 TO 2018


WEATHER ITEM   OBSERVED TIME   RECORD YEAR NORMAL DEPARTURE LAST
                VALUE   (LST)  VALUE       VALUE  FROM      YEAR
                                                  NORMAL
..................................................................
TEMPERATURE (F)
 TODAY
  MAXIMUM         67    238 AM  68    1930  41     26       65
  MINIMUM         40    431 PM  -4    2008  24     16       46
                                      1963
  AVERAGE         54                        32     22       56

PRECIPITATION (IN)
  TODAY            0.21          1.39 1945   0.08   0.13     0.01
  MONTH TO DATE    2.03                      1.67   0.36     1.01
  SINCE DEC 1      6.26                      7.50  -1.24     7.42
  SINCE JAN 1      4.72                      4.38   0.34     4.43

SNOWFALL (IN)
  TODAY            0.0           9.0  1912   0.2   -0.2      0.0
  MONTH TO DATE    2.6                       4.5   -1.9      1.2
  SINCE DEC 1     17.5                      16.9    0.6      7.2
  SINCE JUL 1     17.5                      17.9   -0.4      7.2
  SNOW DEPTH       0

DEGREE DAYS
 HEATING
  TODAY           11                        33    -22        9
  MONTH TO DATE  651                       733    -82      541
  SINCE DEC 1   2973                      2945     28     2552
  SINCE JUL 1   3980                      4056    -76     3325

 COOLING
  TODAY            0                         0      0        0
  MONTH TO DATE    3                         0      3        0
  SINCE DEC 1      3                         0      3        0
  SINCE JAN 1      3                         0      3        0
..................................................................


WIND (MPH)
  RESULTANT WIND SPEED   3   RESULTANT WIND DIRECTION   W (260)
  HIGHEST WIND SPEED    31   HIGHEST WIND DIRECTION    NW (320)
  HIGHEST GUST SPEED    40   HIGHEST GUST DIRECTION    NW (320)
  AVERAGE WIND SPEED    16.6


SKY COVER
  POSSIBLE SUNSHINE  MM
  AVERAGE SKY COVER 0.9


WEATHER CONDITIONS
 THE FOLLOWING WEATHER WAS RECORDED TODAY.
  HEAVY RAIN
  RAIN
  LIGHT RAIN
  FOG


RELATIVE HUMIDITY (PERCENT)
 HIGHEST   100           900 AM
 LOWEST     73          1200 AM
 AVERAGE    87

..........................................................


THE DAYTON OH CLIMATE NORMALS FOR TOMORROW
                         NORMAL    RECORD    YEAR
 MAXIMUM TEMPERATURE (F)   41        69      1922
 MINIMUM TEMPERATURE (F)   25       -10      1963


SUNRISE AND SUNSET
FEBRUARY 21 2018......SUNRISE   721 AM EST   SUNSET   620 PM EST
FEBRUARY 22 2018......SUNRISE   720 AM EST   SUNSET   621 PM EST


-  INDICATES NEGATIVE NUMBERS.
R  INDICATES RECORD WAS SET OR TIED.
MM INDICATES DATA IS MISSING.
T  INDICATES TRACE AMOUNT.




$$
