000
CDUS41 KILN 140535
CLIDAY


CLIMATE REPORT
NATIONAL WEATHER SERVICE WILMINGTON OH
1234 AM EST SUN FEB 14 2016


...................................

...THE DAYTON OH CLIMATE SUMMARY FOR FEBRUARY 13 2016...

CLIMATE NORMAL PERIOD 1981 TO 2010
CLIMATE RECORD PERIOD 1869 TO 2016


WEATHER ITEM   OBSERVED TIME   RECORD YEAR NORMAL DEPARTURE LAST
                VALUE   (LST)  VALUE       VALUE  FROM      YEAR
                                                  NORMAL
..................................................................
TEMPERATURE (F)
 YESTERDAY
  MAXIMUM         15    500 PM  70    1938  38    -23       29
  MINIMUM          3    757 AM -28    1899  23    -20       14
  AVERAGE          9                        30    -21       22

PRECIPITATION (IN)
  YESTERDAY        0.01          1.98 1948   0.09  -0.08     0.00
  MONTH TO DATE    1.37                      1.05   0.32     0.63
  SINCE DEC 1      7.26                      6.88   0.38     6.39
  SINCE JAN 1      2.87                      3.76  -0.89     3.60

SNOWFALL (IN)
  YESTERDAY        0.1           5.6  1914   0.3   -0.2      0.0
  MONTH TO DATE    2.2                       2.9   -0.7      1.8
  SINCE DEC 1      7.2                      15.3   -8.1      9.6
  SINCE JUL 1      7.2                      16.3   -9.1     13.7
  SNOW DEPTH       1

DEGREE DAYS
 HEATING
  YESTERDAY       56                        35     21       43
  MONTH TO DATE  476                       465     11      457
  SINCE DEC 1   2271                      2677   -406     2563
  SINCE JUL 1   3107                      3788   -681     3779

 COOLING
  YESTERDAY        0                         0      0        0
  MONTH TO DATE    0                         0      0        0
  SINCE DEC 1      0                         0      0        0
  SINCE JAN 1      0                         0      0        0
..................................................................


WIND (MPH)
  RESULTANT WIND SPEED   9   RESULTANT WIND DIRECTION  NW (310)
  HIGHEST WIND SPEED    21   HIGHEST WIND DIRECTION     N (350)
  HIGHEST GUST SPEED    26   HIGHEST GUST DIRECTION    NW (300)
  AVERAGE WIND SPEED    10.3



WEATHER CONDITIONS
 THE FOLLOWING WEATHER WAS RECORDED YESTERDAY.
  LIGHT SNOW
  FOG


RELATIVE HUMIDITY (PERCENT)
 HIGHEST    80          1200 AM
 LOWEST     50          1000 AM
 AVERAGE    65

..........................................................


THE DAYTON OH CLIMATE NORMALS FOR TODAY
                         NORMAL    RECORD    YEAR
 MAXIMUM TEMPERATURE (F)   39        67      1918
 MINIMUM TEMPERATURE (F)   23        -9      1905


SUNRISE AND SUNSET
FEBRUARY 14 2016......SUNRISE   731 AM EST   SUNSET   611 PM EST
FEBRUARY 15 2016......SUNRISE   730 AM EST   SUNSET   612 PM EST


-  INDICATES NEGATIVE NUMBERS.
R  INDICATES RECORD WAS SET OR TIED.
MM INDICATES DATA IS MISSING.
T  INDICATES TRACE AMOUNT.




$$
