000
CDUS41 KILN 200803
CLIDAY


CLIMATE REPORT
NATIONAL WEATHER SERVICE WILMINGTON OH
357 AM EDT WED AUG 20 2014


...................................

...THE DAYTON OH CLIMATE SUMMARY FOR AUGUST 19 2014...

CLIMATE NORMAL PERIOD 1981 TO 2010
CLIMATE RECORD PERIOD 1869 TO 2014


WEATHER ITEM   OBSERVED TIME   RECORD YEAR NORMAL DEPARTURE LAST
                VALUE   (LST)  VALUE       VALUE  FROM      YEAR
                                                  NORMAL
..................................................................
TEMPERATURE (F)
 YESTERDAY
  MAXIMUM         90    352 PM 102    1936  83      7       84
  MINIMUM         66    429 AM  51    1964  63      3       59
                                      1943
  AVERAGE         78                        73      5       72

PRECIPITATION (IN)
  YESTERDAY        0.00          0.64 2009   0.10  -0.10     0.00
  MONTH TO DATE    0.80                      1.81  -1.01     1.32
  SINCE JUN 1      7.56                     10.09  -2.53     8.02
  SINCE JAN 1     25.64                     27.13  -1.49    22.32

SNOWFALL (IN)
  YESTERDAY        0.0           0.0    MM   0.0    0.0      0.0
  MONTH TO DATE    0.0                       0.0    0.0      0.0
  SINCE JUN 1      0.0                       0.0    0.0      0.0
  SINCE JUL 1      0.0                       0.0    0.0      0.0
  SNOW DEPTH       0

DEGREE DAYS
 HEATING
  YESTERDAY        0                         0      0        0
  MONTH TO DATE    3                         0      3        9
  SINCE JUN 1      9                        22    -13       23
  SINCE JUL 1      7                         0      7       12

 COOLING
  YESTERDAY       13                         8      5        7
  MONTH TO DATE  134                       158    -24      117
  SINCE JUN 1    589                       627    -38      614
  SINCE JAN 1    718                       697     21      745
..................................................................


WIND (MPH)
  RESULTANT WIND SPEED   6   RESULTANT WIND DIRECTION  SW (240)
  HIGHEST WIND SPEED    21   HIGHEST WIND DIRECTION     W (250)
  HIGHEST GUST SPEED    21   HIGHEST GUST DIRECTION     W (250)
  AVERAGE WIND SPEED     7.0



WEATHER CONDITIONS
 THE FOLLOWING WEATHER WAS RECORDED YESTERDAY.
  FOG
  HAZE


RELATIVE HUMIDITY (PERCENT)
 HIGHEST    93           500 AM
 LOWEST     46           200 PM
 AVERAGE    70

..........................................................


THE DAYTON OH CLIMATE NORMALS FOR TODAY
                         NORMAL    RECORD    YEAR
 MAXIMUM TEMPERATURE (F)   83        98      1983
                                             1962
 MINIMUM TEMPERATURE (F)   63        50      1897


SUNRISE AND SUNSET
AUGUST 20 2014........SUNRISE   653 AM EDT   SUNSET   826 PM EDT
AUGUST 21 2014........SUNRISE   654 AM EDT   SUNSET   825 PM EDT


-  INDICATES NEGATIVE NUMBERS.
R  INDICATES RECORD WAS SET OR TIED.
MM INDICATES DATA IS MISSING.
T  INDICATES TRACE AMOUNT.




$$
