000
CDUS41 KILN 290616
CLIDAY


CLIMATE REPORT
NATIONAL WEATHER SERVICE WILMINGTON OH
215 AM EDT THU JUN 29 2017


...................................

...THE DAYTON OH CLIMATE SUMMARY FOR JUNE 28 2017...

CLIMATE NORMAL PERIOD 1981 TO 2010
CLIMATE RECORD PERIOD 1869 TO 2017


WEATHER ITEM   OBSERVED TIME   RECORD YEAR NORMAL DEPARTURE LAST
                VALUE   (LST)  VALUE       VALUE  FROM      YEAR
                                                  NORMAL
..................................................................
TEMPERATURE (F)
 YESTERDAY
  MAXIMUM         78    546 PM 102    2012  83     -5       80
                                      1944
  MINIMUM         53    524 AM  52    1987  64    -11       58
                                      1985
                                      1954
  AVERAGE         66                        74     -8       69

PRECIPITATION (IN)
  YESTERDAY        0.00          2.94 1980   0.14  -0.14     0.00
  MONTH TO DATE    6.27                      3.90   2.37     3.60
  SINCE JUN 1      6.27                      3.90   2.37     3.60
  SINCE JAN 1     28.12                     20.94   7.18    19.82

SNOWFALL (IN)
  YESTERDAY        0.0           0.0         0.0    0.0      0.0
  MONTH TO DATE    0.0                       0.0    0.0      0.0
  SINCE JUN 1      0.0                       0.0    0.0      0.0
  SINCE JUL 1      8.5                      23.3  -14.8     12.7
  SNOW DEPTH      MM

DEGREE DAYS
 HEATING
  YESTERDAY        0                         0      0        0
  MONTH TO DATE   14                        22     -8        4
  SINCE JUN 1     14                        22     -8        4
  SINCE JUL 1   4569                      5642  -1073     4681

 COOLING
  YESTERDAY        1                         9     -8        4
  MONTH TO DATE  167                       172     -5      235
  SINCE JUN 1    167                       172     -5      235
  SINCE JAN 1    259                       242     17      314
..................................................................


WIND (MPH)
  RESULTANT WIND SPEED   9   RESULTANT WIND DIRECTION   S (190)
  HIGHEST WIND SPEED    18   HIGHEST WIND DIRECTION     S (170)
  HIGHEST GUST SPEED    23   HIGHEST GUST DIRECTION     S (180)
  AVERAGE WIND SPEED     9.4



WEATHER CONDITIONS
 THE FOLLOWING WEATHER WAS RECORDED YESTERDAY.
  NO SIGNIFICANT WEATHER WAS OBSERVED.


RELATIVE HUMIDITY (PERCENT)
 HIGHEST    83           600 AM
 LOWEST     40           600 PM
 AVERAGE    62

..........................................................


THE DAYTON OH CLIMATE NORMALS FOR TODAY
                         NORMAL    RECORD    YEAR
 MAXIMUM TEMPERATURE (F)   83       100      1934
 MINIMUM TEMPERATURE (F)   64        49      1923
                                             1905


SUNRISE AND SUNSET
JUNE 29 2017..........SUNRISE   611 AM EDT   SUNSET   909 PM EDT
JUNE 30 2017..........SUNRISE   612 AM EDT   SUNSET   909 PM EDT


-  INDICATES NEGATIVE NUMBERS.
R  INDICATES RECORD WAS SET OR TIED.
MM INDICATES DATA IS MISSING.
T  INDICATES TRACE AMOUNT.




$$
