000
CDUS41 KILN 290659
CLIDAY


CLIMATE REPORT
NATIONAL WEATHER SERVICE WILMINGTON OH
259 AM EDT FRI JUL 29 2016


...................................

...THE DAYTON OH CLIMATE SUMMARY FOR JULY 28 2016...

CLIMATE NORMAL PERIOD 1981 TO 2010
CLIMATE RECORD PERIOD 1869 TO 2016


WEATHER ITEM   OBSERVED TIME   RECORD YEAR NORMAL DEPARTURE LAST
                VALUE   (LST)  VALUE       VALUE  FROM      YEAR
                                                  NORMAL
..................................................................
TEMPERATURE (F)
 YESTERDAY
  MAXIMUM         87    419 PM 102    1901  83      4       89
  MINIMUM         71   1132 PM  53    2013  64      7       69
  AVERAGE         79                        74      5       79

PRECIPITATION (IN)
  YESTERDAY        T             1.66 1896   0.12  -0.12     0.00
  MONTH TO DATE    2.49                      3.78  -1.29     3.67
  SINCE JUN 1      6.09                      7.95  -1.86    11.55
  SINCE JAN 1     22.31                     24.99  -2.68    26.87

SNOWFALL (IN)
  YESTERDAY        0.0           0.0    MM   0.0    0.0      0.0
  MONTH TO DATE    0.0                       0.0    0.0      0.0
  SINCE JUN 1      0.0                       0.0    0.0      0.0
  SINCE JUL 1      0.0                       0.0    0.0      0.0
  SNOW DEPTH       0

DEGREE DAYS
 HEATING
  YESTERDAY        0                         0      0        0
  MONTH TO DATE    3                         0      3        0
  SINCE JUN 1      7                        22    -15       20
  SINCE JUL 1      3                         0      3        0

 COOLING
  YESTERDAY       14                         9      5       14
  MONTH TO DATE  299                       252     47      244
  SINCE JUN 1    540                       442     98      498
  SINCE JAN 1    619                       512    107      673
..................................................................


WIND (MPH)
  RESULTANT WIND SPEED   4   RESULTANT WIND DIRECTION  SW (240)
  HIGHEST WIND SPEED    12   HIGHEST WIND DIRECTION     S (200)
  HIGHEST GUST SPEED    15   HIGHEST GUST DIRECTION     S (200)
  AVERAGE WIND SPEED     5.2



WEATHER CONDITIONS
 THE FOLLOWING WEATHER WAS RECORDED YESTERDAY.
  NO SIGNIFICANT WEATHER WAS OBSERVED.


RELATIVE HUMIDITY (PERCENT)
 HIGHEST    87           800 AM
 LOWEST     51           300 PM
 AVERAGE    69

..........................................................


THE DAYTON OH CLIMATE NORMALS FOR TODAY
                         NORMAL    RECORD    YEAR
 MAXIMUM TEMPERATURE (F)   83       100      1901
 MINIMUM TEMPERATURE (F)   64        51      1968


SUNRISE AND SUNSET
JULY 29 2016..........SUNRISE   633 AM EDT   SUNSET   853 PM EDT
JULY 30 2016..........SUNRISE   634 AM EDT   SUNSET   852 PM EDT


-  INDICATES NEGATIVE NUMBERS.
R  INDICATES RECORD WAS SET OR TIED.
MM INDICATES DATA IS MISSING.
T  INDICATES TRACE AMOUNT.




$$
