000
CDUS41 KILN 230535
CLIDAY


CLIMATE REPORT
NATIONAL WEATHER SERVICE WILMINGTON OH
135 AM EDT THU MAR 23 2017


...................................

...THE DAYTON OH CLIMATE SUMMARY FOR MARCH 22 2017...

CLIMATE NORMAL PERIOD 1981 TO 2010
CLIMATE RECORD PERIOD 1869 TO 2017


WEATHER ITEM   OBSERVED TIME   RECORD YEAR NORMAL DEPARTURE LAST
                VALUE   (LST)  VALUE       VALUE  FROM      YEAR
                                                  NORMAL
..................................................................
TEMPERATURE (F)
 YESTERDAY
  MAXIMUM         39    501 PM  84    1907  52    -13       64
  MINIMUM         23    720 AM  14    1951  33    -10       37
                                      1906
  AVERAGE         31                        43    -12       51

PRECIPITATION (IN)
  YESTERDAY        0.00          1.85 1952   0.12  -0.12     0.00
  MONTH TO DATE    4.04                      2.24   1.80     3.25
  SINCE MAR 1      4.04                      2.24   1.80     3.25
  SINCE JAN 1      8.98                      7.19   1.79     8.07

SNOWFALL (IN)
  YESTERDAY        0.0          11.2  1968   0.1   -0.1      0.0
  MONTH TO DATE    1.3                       2.8   -1.5      1.4
  SINCE MAR 1      1.3                       2.8   -1.5      1.4
  SINCE JUL 1      8.5                      22.1  -13.6     12.0
  SNOW DEPTH       0

DEGREE DAYS
 HEATING
  YESTERDAY       34                        22     12       14
  MONTH TO DATE  638                       579     59      405
  SINCE MAR 1    638                       579     59      405
  SINCE JUL 1   4068                      4854   -786     3946

 COOLING
  YESTERDAY        0                         0      0        0
  MONTH TO DATE    0                         0      0        0
  SINCE MAR 1      0                         0      0        0
  SINCE JAN 1      0                         0      0        0
..................................................................


WIND (MPH)
  RESULTANT WIND SPEED  12   RESULTANT WIND DIRECTION  NE (30)
  HIGHEST WIND SPEED    25   HIGHEST WIND DIRECTION     N (10)
  HIGHEST GUST SPEED    30   HIGHEST GUST DIRECTION     N (360)
  AVERAGE WIND SPEED    12.5



WEATHER CONDITIONS
 THE FOLLOWING WEATHER WAS RECORDED YESTERDAY.
  NO SIGNIFICANT WEATHER WAS OBSERVED.


RELATIVE HUMIDITY (PERCENT)
 HIGHEST    69           200 AM
 LOWEST     44           300 PM
 AVERAGE    57

..........................................................


THE DAYTON OH CLIMATE NORMALS FOR TODAY
                         NORMAL    RECORD    YEAR
 MAXIMUM TEMPERATURE (F)   53        83      1907
 MINIMUM TEMPERATURE (F)   33         8      1906


SUNRISE AND SUNSET
MARCH 23 2017.........SUNRISE   735 AM EDT   SUNSET   752 PM EDT
MARCH 24 2017.........SUNRISE   733 AM EDT   SUNSET   753 PM EDT


-  INDICATES NEGATIVE NUMBERS.
R  INDICATES RECORD WAS SET OR TIED.
MM INDICATES DATA IS MISSING.
T  INDICATES TRACE AMOUNT.




$$
