000
CDUS41 KILN 190535
CLIDAY


CLIMATE REPORT
NATIONAL WEATHER SERVICE WILMINGTON OH
135 AM EDT SAT APR 19 2014


...................................

...THE DAYTON OH CLIMATE SUMMARY FOR APRIL 18 2014...

CLIMATE NORMAL PERIOD 1981 TO 2010
CLIMATE RECORD PERIOD 1869 TO 2014


WEATHER ITEM   OBSERVED TIME   RECORD YEAR NORMAL DEPARTURE LAST
                VALUE   (LST)  VALUE       VALUE  FROM      YEAR
                                                  NORMAL
..................................................................
TEMPERATURE (F)
 YESTERDAY
  MAXIMUM         70    442 PM  88    1896  63      7       81
  MINIMUM         43    339 AM  25    1983  42      1       62
  AVERAGE         57                        53      4       72

PRECIPITATION (IN)
  YESTERDAY        0.00          1.11 1992   0.15  -0.15     0.00
  MONTH TO DATE    3.94                      2.39   1.55     2.26
  SINCE MAR 1      6.56                      5.73   0.83     5.42
  SINCE JAN 1     11.54                     10.68   0.86     9.81

SNOWFALL (IN)
  YESTERDAY        0.0           2.2  1953   0.1   -0.1      0.0
  MONTH TO DATE    1.1                       0.6    0.5      0.0
  SINCE MAR 1      8.2                       4.0    4.2     14.2
  SINCE JUL 1     53.6                      23.3   30.3     35.9
  SNOW DEPTH       0

DEGREE DAYS
 HEATING
  YESTERDAY        8                        13     -5        0
  MONTH TO DATE  237                       283    -46      219
  SINCE MAR 1   1114                      1047     67     1131
  SINCE JUL 1   5713                      5322    391     5181

 COOLING
  YESTERDAY        0                         0      0        7
  MONTH TO DATE    8                         0      8       16
  SINCE MAR 1      8                         0      8       16
  SINCE JAN 1      8                         0      8       16
..................................................................


WIND (MPH)
  RESULTANT WIND SPEED   1   RESULTANT WIND DIRECTION   W (290)
  HIGHEST WIND SPEED    14   HIGHEST WIND DIRECTION     N (360)
  HIGHEST GUST SPEED    18   HIGHEST GUST DIRECTION     N (350)
  AVERAGE WIND SPEED     4.4



WEATHER CONDITIONS
 THE FOLLOWING WEATHER WAS RECORDED YESTERDAY.
  NO SIGNIFICANT WEATHER WAS OBSERVED.


RELATIVE HUMIDITY (PERCENT)
 HIGHEST    71           800 AM
 LOWEST     32           200 PM
 AVERAGE    52

..........................................................


THE DAYTON OH CLIMATE NORMALS FOR TODAY
                         NORMAL    RECORD    YEAR
 MAXIMUM TEMPERATURE (F)   63        84      1985
 MINIMUM TEMPERATURE (F)   43        22      1983
                                             1953


SUNRISE AND SUNSET
APRIL 19 2014.........SUNRISE   653 AM EDT   SUNSET   819 PM EDT
APRIL 20 2014.........SUNRISE   652 AM EDT   SUNSET   820 PM EDT


-  INDICATES NEGATIVE NUMBERS.
R  INDICATES RECORD WAS SET OR TIED.
MM INDICATES DATA IS MISSING.
T  INDICATES TRACE AMOUNT.




$$
