178
CDUS43 KDVN 310917
CLIDBQ


CLIMATE REPORT
NATIONAL WEATHER SERVICE QUAD CITIES IA IL
415 AM CDT SUN JUL 31 2016

***COMMS OUTAGE AFTER 18z 7/30 IS REASON FOR NO DATA***

...................................

...THE DUBUQUE IA CLIMATE SUMMARY FOR JULY 30 2016...

CLIMATE NORMAL PERIOD 1981 TO 2010
CLIMATE RECORD PERIOD 1873 TO 2016


WEATHER ITEM   OBSERVED TIME   RECORD YEAR NORMAL DEPARTURE LAST
                VALUE   (LST)  VALUE       VALUE  FROM      YEAR
                                                  NORMAL
..................................................................
TEMPERATURE (F)
 YESTERDAY
  MAXIMUM         MM        MM 100    1916  81     MM       86
                                      1913
  MINIMUM         MM        MM  44    1971  62     MM       62
  AVERAGE         MM                        72     MM       74

PRECIPITATION (IN)
  YESTERDAY        0.04          1.95 1965   0.14  -0.10     0.00
  MONTH TO DATE    7.17                      4.17   3.00     1.20
  SINCE JUN 1     14.46                      8.57   5.89     9.54
  SINCE JAN 1     25.41                     21.44   3.97    20.31

SNOWFALL (IN)
  YESTERDAY        0.0          MM      MM   0.0    0.0      0.0
  MONTH TO DATE    0.0                       0.0    0.0      0.0
  SINCE JUN 1      0.0                       0.0    0.0       T
  SINCE JUL 1      0.0                       0.0    0.0      0.0
  SNOW DEPTH       0

DEGREE DAYS
 HEATING
  YESTERDAY       MM                         0     MM        0
  MONTH TO DATE    5                         0      5       13
  SINCE JUN 1     18                        40    -22       36
  SINCE JUL 1      5                         0      5       13

 COOLING
  YESTERDAY       MM                         7     MM        9
  MONTH TO DATE  220                       211      9      186
  SINCE JUN 1    394                       350     44      305
  SINCE JAN 1    445                       387     58      341
..................................................................


WIND (MPH)
  HIGHEST WIND SPEED    MM   HIGHEST WIND DIRECTION    MM
  HIGHEST GUST SPEED    MM   HIGHEST GUST DIRECTION    MM
  AVERAGE WIND SPEED    MM


SKY COVER
  POSSIBLE SUNSHINE  MM
  AVERAGE SKY COVER 0.7


WEATHER CONDITIONS
 THE FOLLOWING WEATHER WAS RECORDED YESTERDAY.
  LIGHT RAIN
  FOG


RELATIVE HUMIDITY (PERCENT)
 HIGHEST    MM
 LOWEST     MM
 AVERAGE    MM

..........................................................


THE DUBUQUE IA CLIMATE NORMALS FOR TODAY
                         NORMAL    RECORD    YEAR
 MAXIMUM TEMPERATURE (F)   81       101      1988
 MINIMUM TEMPERATURE (F)   62        45      1971


SUNRISE AND SUNSET
JULY 31 2016..........SUNRISE   555 AM CDT   SUNSET   823 PM CDT
AUGUST  1 2016........SUNRISE   556 AM CDT   SUNSET   822 PM CDT


-  INDICATES NEGATIVE NUMBERS.
R  INDICATES RECORD WAS SET OR TIED.
MM INDICATES DATA IS MISSING.
T  INDICATES TRACE AMOUNT.




$$
