000
CDUS43 KDVN 020939
CLIDBQ


CLIMATE REPORT
NATIONAL WEATHER SERVICE QUAD CITIES IA IL
436 AM CDT THU OCT 2 2014


...................................

...THE DUBUQUE IA CLIMATE SUMMARY FOR OCTOBER 1 2014...

CLIMATE NORMAL PERIOD 1981 TO 2010
CLIMATE RECORD PERIOD 1873 TO 2014


WEATHER ITEM   OBSERVED TIME   RECORD YEAR NORMAL DEPARTURE LAST
                VALUE   (LST)  VALUE       VALUE  FROM      YEAR
                                                  NORMAL
..................................................................
TEMPERATURE (F)
 YESTERDAY
  MAXIMUM         71    338 PM  88    1976  66      5       80
                                      1897
  MINIMUM         47    255 AM  26    2003  45      2       56
  AVERAGE         59                        56      3       68

PRECIPITATION (IN)
  YESTERDAY        0.00          1.00 2009   0.09  -0.09     0.00
  MONTH TO DATE    0.00                      0.09  -0.09     0.00
  SINCE SEP 1      2.14                      3.55  -1.41     2.37
  SINCE JAN 1     32.29                     29.53   2.76    33.06

SNOWFALL (IN)
  YESTERDAY        0.0          MM      MM   0.0    0.0      0.0
  MONTH TO DATE    0.0                       0.0    0.0      0.0
  SINCE SEP 1      0.0                       0.0    0.0      0.0
  SINCE JUL 1      0.0                       0.0    0.0      0.0
  SNOW DEPTH       0

DEGREE DAYS
 HEATING
  YESTERDAY        6                        10     -4        0
  MONTH TO DATE    6                        10     -4        0
  SINCE SEP 1    177                       161     16      106
  SINCE JUL 1    206                       188     18      138

 COOLING
  YESTERDAY        0                         1     -1        3
  MONTH TO DATE    0                         1     -1        3
  SINCE SEP 1     44                        62    -18       99
  SINCE JAN 1    526                       638   -112      635
..................................................................


WIND (MPH)
  HIGHEST WIND SPEED    23   HIGHEST WIND DIRECTION    SE (140)
  HIGHEST GUST SPEED    28   HIGHEST GUST DIRECTION    SE (140)
  AVERAGE WIND SPEED     9.6


SKY COVER
  POSSIBLE SUNSHINE  MM
  AVERAGE SKY COVER 0.9


WEATHER CONDITIONS
 THE FOLLOWING WEATHER WAS RECORDED YESTERDAY.
  FOG


RELATIVE HUMIDITY (PERCENT)
 HIGHEST    MM
 LOWEST     MM
 AVERAGE    MM

..........................................................


THE DUBUQUE IA CLIMATE NORMALS FOR TODAY
                         NORMAL    RECORD    YEAR
 MAXIMUM TEMPERATURE (F)   66        89      1953
 MINIMUM TEMPERATURE (F)   45        22      2003


SUNRISE AND SUNSET
OCTOBER  2 2014.......SUNRISE   701 AM CDT   SUNSET   642 PM CDT
OCTOBER  3 2014.......SUNRISE   702 AM CDT   SUNSET   641 PM CDT


-  INDICATES NEGATIVE NUMBERS.
R  INDICATES RECORD WAS SET OR TIED.
MM INDICATES DATA IS MISSING.
T  INDICATES TRACE AMOUNT.




$$
