000
CDUS43 KDVN 250911
CLIDBQ


CLIMATE REPORT
NATIONAL WEATHER SERVICE QUAD CITIES IA IL
411 AM CDT TUE APR 25 2017


...................................

...THE DUBUQUE IA CLIMATE SUMMARY FOR APRIL 24 2017...

CLIMATE NORMAL PERIOD 1981 TO 2010
CLIMATE RECORD PERIOD 1873 TO 2017


WEATHER ITEM   OBSERVED TIME   RECORD YEAR NORMAL DEPARTURE LAST
                VALUE   (LST)  VALUE       VALUE  FROM      YEAR
                                                  NORMAL
..................................................................
TEMPERATURE (F)
 YESTERDAY
  MAXIMUM         73    437 PM  85    1939  62     11       74
  MINIMUM         45    323 AM  22    1956  41      4       51
  AVERAGE         59                        52      7       63

PRECIPITATION (IN)
  YESTERDAY        0.00          1.89 1965   0.13  -0.13     0.00
  MONTH TO DATE    3.76                      2.85   0.91     1.62
  SINCE MAR 1      5.89                      5.26   0.63     4.64
  SINCE JAN 1      9.70                      7.87   1.83     5.72

SNOWFALL (IN)
  YESTERDAY        0.0          MM      MM   0.0    0.0      0.0
  MONTH TO DATE    T                         1.8   -1.8      0.5
  SINCE MAR 1      4.5                       8.1   -3.6      3.3
  SINCE JUL 1     27.1                      41.7  -14.6     34.8
  SNOW DEPTH       0

DEGREE DAYS
 HEATING
  YESTERDAY        6                        14     -8        2
  MONTH TO DATE  311                       435   -124      418
  SINCE MAR 1   1200                      1353   -153     1163
  SINCE JUL 1   5681                      6746  -1065     5640

 COOLING
  YESTERDAY        0                         0      0        0
  MONTH TO DATE    5                         0      5        3
  SINCE MAR 1      5                         0      5        3
  SINCE JAN 1      5                         0      5        3
..................................................................


WIND (MPH)
  HIGHEST WIND SPEED    28   HIGHEST WIND DIRECTION    SE (150)
  HIGHEST GUST SPEED    34   HIGHEST GUST DIRECTION     S (160)
  AVERAGE WIND SPEED    13.9


SKY COVER
  POSSIBLE SUNSHINE  MM
  AVERAGE SKY COVER 0.0


WEATHER CONDITIONS
 THE FOLLOWING WEATHER WAS RECORDED YESTERDAY.
  NO SIGNIFICANT WEATHER WAS OBSERVED.


RELATIVE HUMIDITY (PERCENT)
 HIGHEST    58           500 AM
 LOWEST     16           500 PM
 AVERAGE    37

..........................................................


THE DUBUQUE IA CLIMATE NORMALS FOR TODAY
                         NORMAL    RECORD    YEAR
 MAXIMUM TEMPERATURE (F)   62        86      1986
 MINIMUM TEMPERATURE (F)   41        28      1887


SUNRISE AND SUNSET
APRIL 25 2017.........SUNRISE   606 AM CDT   SUNSET   756 PM CDT
APRIL 26 2017.........SUNRISE   605 AM CDT   SUNSET   757 PM CDT


-  INDICATES NEGATIVE NUMBERS.
R  INDICATES RECORD WAS SET OR TIED.
MM INDICATES DATA IS MISSING.
T  INDICATES TRACE AMOUNT.




$$
