000
CDUS43 KDVN 270921
CLIDBQ


CLIMATE REPORT
NATIONAL WEATHER SERVICE QUAD CITIES IA IL
421 AM CDT SAT AUG 27 2016


...................................

...THE DUBUQUE IA CLIMATE SUMMARY FOR AUGUST 26 2016...

CLIMATE NORMAL PERIOD 1981 TO 2010
CLIMATE RECORD PERIOD 1873 TO 2016


WEATHER ITEM   OBSERVED TIME   RECORD YEAR NORMAL DEPARTURE LAST
                VALUE   (LST)  VALUE       VALUE  FROM      YEAR
                                                  NORMAL
..................................................................
TEMPERATURE (F)
 YESTERDAY
  MAXIMUM         74    238 PM  95    2003  79     -5       76
  MINIMUM         60    542 AM  44    1964  59      1       52
  AVERAGE         67                        69     -2       64

PRECIPITATION (IN)
  YESTERDAY        0.05          2.08 1987   0.13  -0.08     0.00
  MONTH TO DATE    3.21                      3.72  -0.51     1.31
  SINCE JUN 1     17.67                     12.43   5.24    10.85
  SINCE JAN 1     28.62                     25.30   3.32    21.62

SNOWFALL (IN)
  YESTERDAY        0.0          MM      MM   0.0    0.0      0.0
  MONTH TO DATE    0.0                       0.0    0.0      0.0
  SINCE JUN 1      0.0                       0.0    0.0       T
  SINCE JUL 1      0.0                       0.0    0.0      0.0
  SNOW DEPTH       0

DEGREE DAYS
 HEATING
  YESTERDAY        0                         1     -1        1
  MONTH TO DATE    2                        11     -9       16
  SINCE JUN 1     20                        59    -39       52
  SINCE JUL 1      7                        19    -12       29

 COOLING
  YESTERDAY        2                         5     -3        0
  MONTH TO DATE  192                       155     37      138
  SINCE JUN 1    591                       518     73      450
  SINCE JAN 1    642                       555     87      486
..................................................................


WIND (MPH)
  HIGHEST WIND SPEED    12   HIGHEST WIND DIRECTION    NE (50)
  HIGHEST GUST SPEED    14   HIGHEST GUST DIRECTION    NE (50)
  AVERAGE WIND SPEED     6.9


SKY COVER
  POSSIBLE SUNSHINE  MM
  AVERAGE SKY COVER 0.3


WEATHER CONDITIONS
 THE FOLLOWING WEATHER WAS RECORDED YESTERDAY.
  THUNDERSTORM
  HEAVY RAIN
  LIGHT RAIN
  FOG


RELATIVE HUMIDITY (PERCENT)
 HIGHEST    97           100 AM
 LOWEST     61           100 PM
 AVERAGE    79

..........................................................


THE DUBUQUE IA CLIMATE NORMALS FOR TODAY
                         NORMAL    RECORD    YEAR
 MAXIMUM TEMPERATURE (F)   79        94      1895
                                             1886
 MINIMUM TEMPERATURE (F)   59        43      1915


SUNRISE AND SUNSET
AUGUST 27 2016........SUNRISE   623 AM CDT   SUNSET   744 PM CDT
AUGUST 28 2016........SUNRISE   624 AM CDT   SUNSET   743 PM CDT


-  INDICATES NEGATIVE NUMBERS.
R  INDICATES RECORD WAS SET OR TIED.
MM INDICATES DATA IS MISSING.
T  INDICATES TRACE AMOUNT.




$$
