000
CDUS43 KDVN 212128
CLIDBQ


CLIMATE REPORT
NATIONAL WEATHER SERVICE QUAD CITIES IA IL
427 PM CDT SUN SEP 21 2014


...................................

...THE DUBUQUE IA CLIMATE SUMMARY FOR SEPTEMBER 21 2014...
VALID TODAY AS OF 0400 PM LOCAL TIME.

CLIMATE NORMAL PERIOD 1981 TO 2010
CLIMATE RECORD PERIOD 1873 TO 2014


WEATHER ITEM   OBSERVED TIME   RECORD YEAR NORMAL DEPARTURE LAST
                VALUE   (LST)  VALUE       VALUE  FROM      YEAR
                                                  NORMAL
..................................................................
TEMPERATURE (F)
 TODAY
  MAXIMUM         65    254 PM  94    1891  70     -5       64
  MINIMUM         53    619 AM  35    1991  49      4       46
                                      1952
  AVERAGE         59                        60     -1       55

PRECIPITATION (IN)
  TODAY            0.00          2.40 1965   0.12  -0.12     0.00
  MONTH TO DATE    2.14                      2.48  -0.34     2.06
  SINCE SEP 1      2.14                      2.48  -0.34     2.06
  SINCE JAN 1     32.29                     28.46   3.83    32.75

SNOWFALL (IN)
  TODAY            0.0          MM      MM   0.0    0.0      0.0
  MONTH TO DATE    0.0                       0.0    0.0      0.0
  SINCE SEP 1      0.0                       0.0    0.0      0.0
  SINCE JUL 1      0.0                       0.0    0.0      0.0
  SNOW DEPTH       0

DEGREE DAYS
 HEATING
  TODAY            6                         6      0       10
  MONTH TO DATE  135                        78     57       64
  SINCE SEP 1    135                        78     57       64
  SINCE JUL 1    164                       105     59       96

 COOLING
  TODAY            0                         1     -1        0
  MONTH TO DATE   31                        53    -22       93
  SINCE SEP 1     31                        53    -22       93
  SINCE JAN 1    513                       629   -116      629
..................................................................


WIND (MPH)
  HIGHEST WIND SPEED    23   HIGHEST WIND DIRECTION    NW (320)
  HIGHEST GUST SPEED    29   HIGHEST GUST DIRECTION    NW (300)
  AVERAGE WIND SPEED    14.0


SKY COVER
  POSSIBLE SUNSHINE  MM
  AVERAGE SKY COVER 0.5


WEATHER CONDITIONS
 THE FOLLOWING WEATHER WAS RECORDED TODAY.
  NO SIGNIFICANT WEATHER WAS OBSERVED.


RELATIVE HUMIDITY (PERCENT)
 HIGHEST    93           200 AM
 LOWEST     60           300 PM
 AVERAGE    77

..........................................................


THE DUBUQUE IA CLIMATE NORMALS FOR TOMORROW
                         NORMAL    RECORD    YEAR
 MAXIMUM TEMPERATURE (F)   70        92      1937
 MINIMUM TEMPERATURE (F)   49        31      1995
                                             1974


SUNRISE AND SUNSET
SEPTEMBER 21 2014.....SUNRISE   649 AM CDT   SUNSET   702 PM CDT
SEPTEMBER 22 2014.....SUNRISE   650 AM CDT   SUNSET   700 PM CDT


-  INDICATES NEGATIVE NUMBERS.
R  INDICATES RECORD WAS SET OR TIED.
MM INDICATES DATA IS MISSING.
T  INDICATES TRACE AMOUNT.




$$
