000
CDUS43 KDVN 240930
CLIDBQ


CLIMATE REPORT
NATIONAL WEATHER SERVICE QUAD CITIES IA IL
430 AM CDT MON JUL 24 2017


...................................

...THE DUBUQUE IA CLIMATE SUMMARY FOR JULY 23 2017...

CLIMATE NORMAL PERIOD 1981 TO 2010
CLIMATE RECORD PERIOD 1873 TO 2017


WEATHER ITEM   OBSERVED TIME   RECORD YEAR NORMAL DEPARTURE LAST
                VALUE   (LST)  VALUE       VALUE  FROM      YEAR
                                                  NORMAL
..................................................................
TEMPERATURE (F)
 YESTERDAY
  MAXIMUM         84   1128 AM 104    1901  82      2       81
  MINIMUM         64   1148 PM  52    1990  62      2       71
                                      1985
                                      1947
  AVERAGE         74                        72      2       76

PRECIPITATION (IN)
  YESTERDAY        0.00          4.59 2010   0.13  -0.13     0.49
  MONTH TO DATE    7.42                      3.21   4.21     6.36
  SINCE JUN 1     10.48                      7.61   2.87    13.65
  SINCE JAN 1     24.19                     20.48   3.71    24.60

SNOWFALL (IN)
  YESTERDAY        0.0          MM      MM   0.0    0.0      0.0
  MONTH TO DATE    0.0                       0.0    0.0      0.0
  SINCE JUN 1      0.0                       0.0    0.0      0.0
  SINCE JUL 1      0.0                       0.0    0.0      0.0
  SNOW DEPTH       0

DEGREE DAYS
 HEATING
  YESTERDAY        0                         0      0        0
  MONTH TO DATE    2                         0      2        5
  SINCE JUN 1     28                        40    -12       18
  SINCE JUL 1      2                         0      2        5

 COOLING
  YESTERDAY        9                         7      2       11
  MONTH TO DATE  169                       162      7      164
  SINCE JUN 1    340                       301     39      338
  SINCE JAN 1    364                       338     26      389
..................................................................


WIND (MPH)
  HIGHEST WIND SPEED    22   HIGHEST WIND DIRECTION    NW (330)
  HIGHEST GUST SPEED    27   HIGHEST GUST DIRECTION    NW (330)
  AVERAGE WIND SPEED    10.4


SKY COVER
  POSSIBLE SUNSHINE  MM
  AVERAGE SKY COVER 0.3


WEATHER CONDITIONS
 THE FOLLOWING WEATHER WAS RECORDED YESTERDAY.
  FOG
  FOG W/VISIBILITY <= 1/4 MILE


RELATIVE HUMIDITY (PERCENT)
 HIGHEST   100           400 AM
 LOWEST     54           300 PM
 AVERAGE    77

..........................................................


THE DUBUQUE IA CLIMATE NORMALS FOR TODAY
                         NORMAL    RECORD    YEAR
 MAXIMUM TEMPERATURE (F)   82       105      1901
 MINIMUM TEMPERATURE (F)   62        51      2003
                                             1992


SUNRISE AND SUNSET
JULY 24 2017..........SUNRISE   548 AM CDT   SUNSET   830 PM CDT
JULY 25 2017..........SUNRISE   549 AM CDT   SUNSET   830 PM CDT


-  INDICATES NEGATIVE NUMBERS.
R  INDICATES RECORD WAS SET OR TIED.
MM INDICATES DATA IS MISSING.
T  INDICATES TRACE AMOUNT.




$$
