000
CDUS43 KDVN 242130
CLIDBQ


CLIMATE REPORT
NATIONAL WEATHER SERVICE QUAD CITIES IA IL
430 PM CDT THU APR 24 2014


...................................

...THE DUBUQUE IA CLIMATE SUMMARY FOR APRIL 24 2014...
VALID TODAY AS OF 0400 PM LOCAL TIME.

CLIMATE NORMAL PERIOD 1981 TO 2010
CLIMATE RECORD PERIOD 1873 TO 2014


WEATHER ITEM   OBSERVED TIME   RECORD YEAR NORMAL DEPARTURE LAST
                VALUE   (LST)  VALUE       VALUE  FROM      YEAR
                                                  NORMAL
..................................................................
TEMPERATURE (F)
 TODAY
  MAXIMUM         56   1053 AM  85    1939  62     -6       51
  MINIMUM         42    509 AM  22    1956  41      1       30
  AVERAGE         49                        52     -3       41

PRECIPITATION (IN)
  TODAY            0.15          1.89 1965   0.13   0.02     0.02
  MONTH TO DATE    3.93                      2.85   1.08     8.52
  SINCE MAR 1      5.07                      5.26  -0.19    11.09
  SINCE JAN 1      7.55                      7.87  -0.32    14.51

SNOWFALL (IN)
  TODAY            0.0          MM      MM   0.0    0.0      0.0
  MONTH TO DATE    0.7                       1.8   -1.1       T
  SINCE MAR 1     11.6                       8.1    3.5     12.6
  SINCE JUL 1     63.3                      41.7   21.6     54.5
  SNOW DEPTH       0

DEGREE DAYS
 HEATING
  TODAY           16                        14      2       24
  MONTH TO DATE  462                       435     27      560
  SINCE MAR 1   1621                      1353    268     1733
  SINCE JUL 1   7997                      6746   1251     6983

 COOLING
  TODAY            0                         0      0        0
  MONTH TO DATE    0                         0      0        0
  SINCE MAR 1      0                         0      0        0
  SINCE JAN 1      0                         0      0        0
..................................................................


WIND (MPH)
  HIGHEST WIND SPEED    30   HIGHEST WIND DIRECTION    SE (150)
  HIGHEST GUST SPEED    37   HIGHEST GUST DIRECTION     S (170)
  AVERAGE WIND SPEED    18.7


SKY COVER
  POSSIBLE SUNSHINE  MM
  AVERAGE SKY COVER 0.9


WEATHER CONDITIONS
 THE FOLLOWING WEATHER WAS RECORDED TODAY.
  THUNDERSTORM
  RAIN
  LIGHT RAIN
  FOG


RELATIVE HUMIDITY (PERCENT)
 HIGHEST    89           200 PM
 LOWEST     55          1000 AM
 AVERAGE    72

..........................................................


THE DUBUQUE IA CLIMATE NORMALS FOR TOMORROW
                         NORMAL    RECORD    YEAR
 MAXIMUM TEMPERATURE (F)   62        86      1986
 MINIMUM TEMPERATURE (F)   41        28      1887


SUNRISE AND SUNSET
APRIL 24 2014.........SUNRISE   608 AM CDT   SUNSET   755 PM CDT
APRIL 25 2014.........SUNRISE   606 AM CDT   SUNSET   756 PM CDT


-  INDICATES NEGATIVE NUMBERS.
R  INDICATES RECORD WAS SET OR TIED.
MM INDICATES DATA IS MISSING.
T  INDICATES TRACE AMOUNT.




$$
