000
CDUS41 KLWX 060538
CLIDCA


CLIMATE REPORT
NATIONAL WEATHER SERVICE BALTIMORE MD/WASHINGTON DC
137 AM EDT MON JUL 6 2015


...................................

...THE WASHINGTON NATIONAL DC CLIMATE SUMMARY FOR JULY 5 2015...

CLIMATE NORMAL PERIOD 1981 TO 2010
CLIMATE RECORD PERIOD 1871 TO 2015


WEATHER ITEM   OBSERVED TIME   RECORD YEAR NORMAL DEPARTURE LAST
                VALUE   (LST)  VALUE       VALUE  FROM      YEAR
                                                  NORMAL
..................................................................
TEMPERATURE (F)
 YESTERDAY
  MAXIMUM         87    234 PM 102    1999  88     -1       86
  MINIMUM         71    519 AM  53    1909  71      0       64
  AVERAGE         79                        80     -1       75

PRECIPITATION (IN)
  YESTERDAY        T             3.68 1905   0.11  -0.11     0.00
  MONTH TO DATE    2.20                      0.62   1.58     0.56
  SINCE JUN 1     14.14                      4.40   9.74     3.87
  SINCE JAN 1     28.92                     20.36   8.56    26.16

SNOWFALL (IN)
  YESTERDAY        0.0          MM      MM   0.0    0.0
  MONTH TO DATE    0.0                       0.0    0.0
  SINCE JUL 1      0.0                       0.0    0.0
  SNOW DEPTH       0

DEGREE DAYS
 HEATING
  YESTERDAY        0                         0      0        0
  MONTH TO DATE    0                         0      0        0
  SINCE JUN 1      6                         6      0        0
  SINCE JUL 1      0                         0      0        0

 COOLING
  YESTERDAY       14                        14      0       10
  MONTH TO DATE   60                        70    -10       83
  SINCE JUN 1    467                       384     83      455
  SINCE JAN 1    765                       518    247      624
..................................................................


WIND (MPH)
  HIGHEST WIND SPEED    12   HIGHEST WIND DIRECTION    SE (120)
  HIGHEST GUST SPEED    14   HIGHEST GUST DIRECTION    SE (120)
  AVERAGE WIND SPEED     3.8


SKY COVER
  POSSIBLE SUNSHINE  MM
  AVERAGE SKY COVER 0.9


WEATHER CONDITIONS
 THE FOLLOWING WEATHER WAS RECORDED YESTERDAY.
  FOG
  HAZE


RELATIVE HUMIDITY (PERCENT)
 HIGHEST    87           100 AM
 LOWEST     55           200 PM
 AVERAGE    71

..........................................................


THE WASHINGTON NATIONAL DC CLIMATE NORMALS FOR TODAY
                         NORMAL    RECORD    YEAR
 MAXIMUM TEMPERATURE (F)   88       103      1999
 MINIMUM TEMPERATURE (F)   71        57      1979
                                             1910
                                             1892


SUNRISE AND SUNSET
JULY  6 2015..........SUNRISE   549 AM EDT   SUNSET   836 PM EDT
JULY  7 2015..........SUNRISE   550 AM EDT   SUNSET   836 PM EDT


-  INDICATES NEGATIVE NUMBERS.
R  INDICATES RECORD WAS SET OR TIED.
MM INDICATES DATA IS MISSING.
T  INDICATES TRACE AMOUNT.




$$
