000
CDUS41 KALY 220638
CLIDDH


CLIMATE REPORT
NATIONAL WEATHER SERVICE ALBANY NY
135 AM EST WED FEB 22 2017


...................................

...THE BENNINGTON VT CLIMATE SUMMARY FOR FEBRUARY 21 2017...

CLIMATE NORMAL PERIOD 1981 TO 2010
CLIMATE RECORD PERIOD 9999 TO 9999


WEATHER ITEM   OBSERVED TIME   NORMAL DEPARTURE LAST
                VALUE   (LST)  VALUE  FROM      YEAR
                                      NORMAL
......................................................
TEMPERATURE (F)
 YESTERDAY
  MAXIMUM         45    414 PM  36      9       49
  MINIMUM         14    715 AM  17     -3       30
  AVERAGE         30            26      4       40

PRECIPITATION (IN)
  YESTERDAY        0.00          0.08  -0.08      T
  MONTH TO DATE    1.25          1.57  -0.32     1.83
  SINCE DEC 1      5.05          7.11  -2.06     6.69
  SINCE JAN 1      2.96          4.32  -1.36     2.94

DEGREE DAYS
 HEATING
  YESTERDAY       35            39     -4       25
  MONTH TO DATE  801           857    -56      787
  SINCE DEC 1   3025          3375   -350     2749
  SINCE JUL 1   4395          4988   -593     4092

 COOLING
  YESTERDAY        0             0      0        0
  MONTH TO DATE    0             0      0        0
  SINCE DEC 1      0             0      0        0
  SINCE JAN 1      0             0      0        0
......................................................


WIND (MPH)
  HIGHEST WIND SPEED    16   HIGHEST WIND DIRECTION     S (180)
  HIGHEST GUST SPEED    20   HIGHEST GUST DIRECTION    SE (140)
  AVERAGE WIND SPEED     4.0


SKY COVER
  AVERAGE SKY COVER 0.1



RELATIVE HUMIDITY (PERCENT)
 HIGHEST    80           400 AM
 LOWEST     28           300 PM
 AVERAGE    54

..........................................................


THE BENNINGTON VT CLIMATE NORMALS FOR TODAY
                         NORMAL
 MAXIMUM TEMPERATURE (F)   37
 MINIMUM TEMPERATURE (F)   17


SUNRISE AND SUNSET
FEBRUARY 22 2017......SUNRISE   640 AM EST   SUNSET   534 PM EST
FEBRUARY 23 2017......SUNRISE   638 AM EST   SUNSET   535 PM EST


-  INDICATES NEGATIVE NUMBERS.
R  INDICATES RECORD WAS SET OR TIED.
MM INDICATES DATA IS MISSING.
T  INDICATES TRACE AMOUNT.




$$
