000
CDUS41 KALY 020627
CLIDDH


CLIMATE REPORT
NATIONAL WEATHER SERVICE ALBANY NY
226 AM EDT TUE JUN 2 2015


...................................

...THE BENNINGTON VT CLIMATE SUMMARY FOR JUNE 1 2015...

CLIMATE NORMAL PERIOD 1981 TO 2010
CLIMATE RECORD PERIOD 9999 TO 9999


WEATHER ITEM   OBSERVED TIME   NORMAL DEPARTURE LAST
                VALUE   (LST)  VALUE  FROM      YEAR
                                      NORMAL
......................................................
TEMPERATURE (F)
 YESTERDAY
  MAXIMUM         54    311 PM  71    -17       75
  MINIMUM         47   1016 PM  48     -1       42
  AVERAGE         51            60     -9       59

PRECIPITATION (IN)
  YESTERDAY        0.20          0.14   0.06     0.00
  MONTH TO DATE    0.20          0.14   0.06     0.00
  SINCE JUN 1      0.20          0.14   0.06     0.00
  SINCE JAN 1      7.76         15.21  -7.45    12.83

DEGREE DAYS
 HEATING
  YESTERDAY       14             6      8        6
  MONTH TO DATE   14             6      8        6
  SINCE JUN 1     14             6      8        6
  SINCE JUL 1   7456          7145    311     7257

 COOLING
  YESTERDAY        0             1     -1        0
  MONTH TO DATE    0             1     -1        0
  SINCE JUN 1      0             1     -1        0
  SINCE JAN 1     64            15     49       16
......................................................


WIND (MPH)
  HIGHEST WIND SPEED    20   HIGHEST WIND DIRECTION    SE (120)
  HIGHEST GUST SPEED    28   HIGHEST GUST DIRECTION    SE (130)
  AVERAGE WIND SPEED    10.9


SKY COVER
  AVERAGE SKY COVER 0.8



RELATIVE HUMIDITY (PERCENT)
 HIGHEST    86           400 AM
 LOWEST     71          1200 PM
 AVERAGE    79

..........................................................


THE BENNINGTON VT CLIMATE NORMALS FOR TODAY
                         NORMAL
 MAXIMUM TEMPERATURE (F)   72
 MINIMUM TEMPERATURE (F)   48


SUNRISE AND SUNSET
JUNE  2 2015..........SUNRISE   517 AM EDT   SUNSET   826 PM EDT
JUNE  3 2015..........SUNRISE   516 AM EDT   SUNSET   826 PM EDT


-  INDICATES NEGATIVE NUMBERS.
R  INDICATES RECORD WAS SET OR TIED.
MM INDICATES DATA IS MISSING.
T  INDICATES TRACE AMOUNT.




$$
