792
CDUS41 KALY 170623
CLIDDH


CLIMATE REPORT
NATIONAL WEATHER SERVICE ALBANY NY
123 AM EST SUN DEC 17 2017


...................................

...THE BENNINGTON VT CLIMATE SUMMARY FOR DECEMBER 16 2017...

CLIMATE NORMAL PERIOD 1981 TO 2010
CLIMATE RECORD PERIOD 9999 TO 9999


WEATHER ITEM   OBSERVED TIME   NORMAL DEPARTURE LAST
                VALUE   (LST)  VALUE  FROM      YEAR
                                      NORMAL
......................................................
TEMPERATURE (F)
 YESTERDAY
  MAXIMUM         27    225 PM  35     -8       20
  MINIMUM          9   1134 PM  20    -11       -9
  AVERAGE         18            27     -9        6

PRECIPITATION (IN)
  YESTERDAY        T             0.08  -0.08      T
  MONTH TO DATE    0.95          1.51  -0.56     0.91
  SINCE DEC 1      0.95          1.51  -0.56     0.91
  SINCE JAN 1     40.51         39.42   1.09    31.45

DEGREE DAYS
 HEATING
  YESTERDAY       47            38      9       59
  MONTH TO DATE  559           554      5      579
  SINCE DEC 1    559           554      5      579
  SINCE JUL 1   1859          2167   -308     1949

 COOLING
  YESTERDAY        0             0      0        0
  MONTH TO DATE    0             0      0        0
  SINCE DEC 1      0             0      0        0
  SINCE JAN 1    395           313     82      488
......................................................


WIND (MPH)
  HIGHEST WIND SPEED    14   HIGHEST WIND DIRECTION     W (270)
  HIGHEST GUST SPEED    19   HIGHEST GUST DIRECTION     W (280)
  AVERAGE WIND SPEED     4.8


SKY COVER
  AVERAGE SKY COVER 0.7



RELATIVE HUMIDITY (PERCENT)
 HIGHEST    80           300 AM
 LOWEST     60          1000 AM
 AVERAGE    70

..........................................................


THE BENNINGTON VT CLIMATE NORMALS FOR TODAY
                         NORMAL
 MAXIMUM TEMPERATURE (F)   35
 MINIMUM TEMPERATURE (F)   19


SUNRISE AND SUNSET
DECEMBER 17 2017......SUNRISE   718 AM EST   SUNSET   420 PM EST
DECEMBER 18 2017......SUNRISE   719 AM EST   SUNSET   420 PM EST


-  INDICATES NEGATIVE NUMBERS.
R  INDICATES RECORD WAS SET OR TIED.
MM INDICATES DATA IS MISSING.
T  INDICATES TRACE AMOUNT.




$$
