000
CDUS41 KALY 290624
CLIDDH


CLIMATE REPORT
NATIONAL WEATHER SERVICE ALBANY NY
123 AM EST MON DEC 29 2014


...................................

...THE BENNINGTON VT CLIMATE SUMMARY FOR DECEMBER 28 2014...

CLIMATE NORMAL PERIOD 1981 TO 2010
CLIMATE RECORD PERIOD 9999 TO 9999


WEATHER ITEM   OBSERVED TIME   NORMAL DEPARTURE LAST
                VALUE   (LST)  VALUE  FROM      YEAR
                                      NORMAL
......................................................
TEMPERATURE (F)
 YESTERDAY
  MAXIMUM         50    124 AM  32     18       42
  MINIMUM         32   1159 PM  14     18       18
  AVERAGE         41            23     18       30

PRECIPITATION (IN)
  YESTERDAY        0.56          0.08   0.48     0.00
  MONTH TO DATE    3.91          2.56   1.35     1.98
  SINCE DEC 1      3.91          2.56   1.35     1.98
  SINCE JAN 1     36.96         40.47  -3.51    43.88

DEGREE DAYS
 HEATING
  YESTERDAY       24            42    -18       35
  MONTH TO DATE  893          1034   -141     1008
  SINCE DEC 1    893          1034   -141     1008
  SINCE JUL 1   2386          2647   -261     2539

 COOLING
  YESTERDAY        0             0      0        0
  MONTH TO DATE    0             0      0        0
  SINCE DEC 1      0             0      0        0
  SINCE JAN 1    308           313     -5      503
......................................................


WIND (MPH)
  HIGHEST WIND SPEED    14   HIGHEST WIND DIRECTION     W (280)
  HIGHEST GUST SPEED    23   HIGHEST GUST DIRECTION     W (260)
  AVERAGE WIND SPEED     6.6


SKY COVER
  AVERAGE SKY COVER 0.9



RELATIVE HUMIDITY (PERCENT)
 HIGHEST    89           500 AM
 LOWEST     56          1200 AM
 AVERAGE    73

..........................................................


THE BENNINGTON VT CLIMATE NORMALS FOR TODAY
                         NORMAL
 MAXIMUM TEMPERATURE (F)   32
 MINIMUM TEMPERATURE (F)   14


SUNRISE AND SUNSET
DECEMBER 29 2014......SUNRISE   723 AM EST   SUNSET   427 PM EST
DECEMBER 30 2014......SUNRISE   724 AM EST   SUNSET   428 PM EST


-  INDICATES NEGATIVE NUMBERS.
R  INDICATES RECORD WAS SET OR TIED.
MM INDICATES DATA IS MISSING.
T  INDICATES TRACE AMOUNT.




$$
