000
CDUS41 KALY 110622
CLIDDH


CLIMATE REPORT
NATIONAL WEATHER SERVICE ALBANY NY
122 AM EST THU FEB 11 2016


...................................

...THE BENNINGTON VT CLIMATE SUMMARY FOR FEBRUARY 10 2016...

CLIMATE NORMAL PERIOD 1981 TO 2010
CLIMATE RECORD PERIOD 9999 TO 9999


WEATHER ITEM   OBSERVED TIME   NORMAL DEPARTURE LAST
                VALUE   (LST)  VALUE  FROM      YEAR
                                      NORMAL
......................................................
TEMPERATURE (F)
 YESTERDAY
  MAXIMUM         34    304 PM  34      0       31
  MINIMUM         23    227 AM  14      9        8
  AVERAGE         29            24      5       20

PRECIPITATION (IN)
  YESTERDAY        0.01          0.07  -0.06      T
  MONTH TO DATE    0.88          0.67   0.21     0.70
  SINCE DEC 1      5.74          6.21  -0.47     7.01
  SINCE JAN 1      1.99          3.42  -1.43     3.10

DEGREE DAYS
 HEATING
  YESTERDAY       36            41     -5       45
  MONTH TO DATE  303           419   -116      509
  SINCE DEC 1   2265          2937   -672     2996
  SINCE JUL 1   3608          4550   -942     4489

 COOLING
  YESTERDAY        0             0      0        0
  MONTH TO DATE    0             0      0        0
  SINCE DEC 1      0             0      0        0
  SINCE JAN 1      0             0      0        0
......................................................


WIND (MPH)
  HIGHEST WIND SPEED    15   HIGHEST WIND DIRECTION     W (290)
  HIGHEST GUST SPEED    23   HIGHEST GUST DIRECTION    NW (300)
  AVERAGE WIND SPEED     3.2


SKY COVER
  AVERAGE SKY COVER 1.0



RELATIVE HUMIDITY (PERCENT)
 HIGHEST    96           200 AM
 LOWEST     59           500 PM
 AVERAGE    78

..........................................................


THE BENNINGTON VT CLIMATE NORMALS FOR TODAY
                         NORMAL
 MAXIMUM TEMPERATURE (F)   34
 MINIMUM TEMPERATURE (F)   15


SUNRISE AND SUNSET
FEBRUARY 11 2016......SUNRISE   656 AM EST   SUNSET   519 PM EST
FEBRUARY 12 2016......SUNRISE   655 AM EST   SUNSET   520 PM EST


-  INDICATES NEGATIVE NUMBERS.
R  INDICATES RECORD WAS SET OR TIED.
MM INDICATES DATA IS MISSING.
T  INDICATES TRACE AMOUNT.




$$
