000
CDUS43 KILX 200647
CLIDEC


CLIMATE REPORT
NATIONAL WEATHER SERVICE LINCOLN IL
147 AM CDT FRI OCT 20 2017


...................................

...THE DECATUR IL AIRPORT CLIMATE SUMMARY FOR OCTOBER 19 2017...

CLIMATE NORMAL PERIOD 1981 TO 2010
CLIMATE RECORD PERIOD 9999 TO 9999


WEATHER ITEM   OBSERVED TIME   RECORD YEAR NORMAL DEPARTURE LAST
                VALUE   (LST)  VALUE       VALUE  FROM      YEAR
                                                  NORMAL
..................................................................
TEMPERATURE (F)
 YESTERDAY
  MAXIMUM         77    323 PM  MM      MM  65     12       68
  MINIMUM         51    646 AM  MM      MM  42      9       49
  AVERAGE         64                        53     11       59

PRECIPITATION (IN)
  YESTERDAY        0.00         MM      MM   0.11  -0.11     0.29
  MONTH TO DATE    3.34                      1.90   1.44     1.58
  SINCE SEP 1      4.22                      4.79  -0.57     4.08
  SINCE JAN 1     30.39                     31.10  -0.71    27.00

DEGREE DAYS
 HEATING
  YESTERDAY        1                        12    -11        6
  MONTH TO DATE   59                       180   -121       57
  SINCE SEP 1    101                       247   -146       63
  SINCE JUL 1    102                       253   -151       68

 COOLING
  YESTERDAY        0                         0      0        0
  MONTH TO DATE   49                        14     35       50
  SINCE SEP 1    212                       125     87      279
  SINCE JAN 1   1118                      1043     75     1414
..................................................................


WIND (MPH)
  HIGHEST WIND SPEED    13   HIGHEST WIND DIRECTION    SW (220)
  HIGHEST GUST SPEED    16   HIGHEST GUST DIRECTION    SW (220)
  AVERAGE WIND SPEED     6.6


SKY COVER
  POSSIBLE SUNSHINE  MM
  AVERAGE SKY COVER 0.0


WEATHER CONDITIONS
 THE FOLLOWING WEATHER WAS RECORDED YESTERDAY.
  NO SIGNIFICANT WEATHER WAS OBSERVED.


RELATIVE HUMIDITY (PERCENT)
 HIGHEST    89           700 AM
 LOWEST     40           200 PM
 AVERAGE    65

..........................................................


THE DECATUR IL AIRPORT CLIMATE NORMALS FOR TODAY
                         NORMAL    RECORD    YEAR
 MAXIMUM TEMPERATURE (F)   64        MM        MM
 MINIMUM TEMPERATURE (F)   42        MM        MM


SUNRISE AND SUNSET
OCTOBER 20 2017.......SUNRISE   711 AM CDT   SUNSET   608 PM CDT
OCTOBER 21 2017.......SUNRISE   712 AM CDT   SUNSET   607 PM CDT


-  INDICATES NEGATIVE NUMBERS.
R  INDICATES RECORD WAS SET OR TIED.
MM INDICATES DATA IS MISSING.
T  INDICATES TRACE AMOUNT.




$$
