000
CDUS43 KILX 270645
CLIDEC


CLIMATE REPORT
NATIONAL WEATHER SERVICE LINCOLN IL
140 AM CDT WED MAY 27 2015


...................................

...THE DECATUR IL AIRPORT CLIMATE SUMMARY FOR MAY 26 2015...

CLIMATE NORMAL PERIOD 1981 TO 2010
CLIMATE RECORD PERIOD 9999 TO 9999


WEATHER ITEM   OBSERVED TIME   RECORD YEAR NORMAL DEPARTURE LAST
                VALUE   (LST)  VALUE       VALUE  FROM      YEAR
                                                  NORMAL
..................................................................
TEMPERATURE (F)
 YESTERDAY
  MAXIMUM         79    216 PM  MM      MM  77      2       87
  MINIMUM         67   1034 AM  MM      MM  55     12       64
  AVERAGE         73                        66      7       76

PRECIPITATION (IN)
  YESTERDAY        0.54         MM      MM   0.12   0.42     0.00
  MONTH TO DATE    4.53                      3.76   0.77     2.56
  SINCE MAR 1      8.16                     10.20  -2.04     8.50
  SINCE JAN 1      9.41                     13.92  -4.51     9.62

DEGREE DAYS
 HEATING
  YESTERDAY        0                         3     -3        0
  MONTH TO DATE   79                       129    -50      129
  SINCE MAR 1   1169                      1235    -66     1339
  SINCE JUL 1   5815                      5492    323     6151

 COOLING
  YESTERDAY        8                         4      4       11
  MONTH TO DATE  122                        53     69       94
  SINCE MAR 1    125                        67     58       95
  SINCE JAN 1    125                        67     58       95
..................................................................


WIND (MPH)
  HIGHEST WIND SPEED    30   HIGHEST WIND DIRECTION    SW (220)
  HIGHEST GUST SPEED    37   HIGHEST GUST DIRECTION    SW (220)
  AVERAGE WIND SPEED    15.4


SKY COVER
  POSSIBLE SUNSHINE  MM
  AVERAGE SKY COVER 0.7


WEATHER CONDITIONS
 THE FOLLOWING WEATHER WAS RECORDED YESTERDAY.
  HEAVY RAIN
  RAIN
  LIGHT RAIN
  FOG
  HAZE


RELATIVE HUMIDITY (PERCENT)
 HIGHEST    90           200 AM
 LOWEST     58           200 PM
 AVERAGE    74

..........................................................


THE DECATUR IL AIRPORT CLIMATE NORMALS FOR TODAY
                         NORMAL    RECORD    YEAR
 MAXIMUM TEMPERATURE (F)   77        MM        MM
 MINIMUM TEMPERATURE (F)   55        MM        MM


SUNRISE AND SUNSET
MAY 27 2015...........SUNRISE   532 AM CDT   SUNSET   814 PM CDT
MAY 28 2015...........SUNRISE   531 AM CDT   SUNSET   815 PM CDT


-  INDICATES NEGATIVE NUMBERS.
R  INDICATES RECORD WAS SET OR TIED.
MM INDICATES DATA IS MISSING.
T  INDICATES TRACE AMOUNT.




$$
