000
CDUS43 KILX 050628
CLIDEC


CLIMATE REPORT
NATIONAL WEATHER SERVICE LINCOLN IL
128 AM CDT WED AUG 5 2015


...................................

...THE DECATUR IL AIRPORT CLIMATE SUMMARY FOR AUGUST 4 2015...

CLIMATE NORMAL PERIOD 1981 TO 2010
CLIMATE RECORD PERIOD 9999 TO 9999


WEATHER ITEM   OBSERVED TIME   RECORD YEAR NORMAL DEPARTURE LAST
                VALUE   (LST)  VALUE       VALUE  FROM      YEAR
                                                  NORMAL
..................................................................
TEMPERATURE (F)
 YESTERDAY
  MAXIMUM         82    408 PM  MM      MM  85     -3       84
  MINIMUM         62    532 AM  MM      MM  64     -2       58
  AVERAGE         72                        74     -2       71

PRECIPITATION (IN)
  YESTERDAY        0.00         MM      MM   0.09  -0.09      T
  MONTH TO DATE    T                         0.34  -0.34     0.63
  SINCE JUN 1      9.92                      8.55   1.37     9.97
  SINCE JAN 1     20.62                     23.00  -2.38    19.63

DEGREE DAYS
 HEATING
  YESTERDAY        0                         0      0        0
  MONTH TO DATE    0                         0      0        0
  SINCE JUN 1      8                        18    -10        3
  SINCE JUL 1      1                         1      0        2

 COOLING
  YESTERDAY        7                        10     -3        6
  MONTH TO DATE   44                        40      4       22
  SINCE JUN 1    603                       602      1      481
  SINCE JAN 1    747                       689     58      626
..................................................................


WIND (MPH)
  HIGHEST WIND SPEED    13   HIGHEST WIND DIRECTION     W (270)
  HIGHEST GUST SPEED    15   HIGHEST GUST DIRECTION     W (270)
  AVERAGE WIND SPEED     2.7


SKY COVER
  POSSIBLE SUNSHINE  MM
  AVERAGE SKY COVER 0.1


WEATHER CONDITIONS
 THE FOLLOWING WEATHER WAS RECORDED YESTERDAY.
  NO SIGNIFICANT WEATHER WAS OBSERVED.


RELATIVE HUMIDITY (PERCENT)
 HIGHEST    93           200 AM
 LOWEST     42           400 PM
 AVERAGE    68

..........................................................


THE DECATUR IL AIRPORT CLIMATE NORMALS FOR TODAY
                         NORMAL    RECORD    YEAR
 MAXIMUM TEMPERATURE (F)   85        MM        MM
 MINIMUM TEMPERATURE (F)   64        MM        MM


SUNRISE AND SUNSET
AUGUST  5 2015........SUNRISE   558 AM CDT   SUNSET   805 PM CDT
AUGUST  6 2015........SUNRISE   559 AM CDT   SUNSET   803 PM CDT


-  INDICATES NEGATIVE NUMBERS.
R  INDICATES RECORD WAS SET OR TIED.
MM INDICATES DATA IS MISSING.
T  INDICATES TRACE AMOUNT.




$$
