000
CDUS43 KILX 310650
CLIDEC


CLIMATE REPORT
NATIONAL WEATHER SERVICE LINCOLN IL
136 AM CDT TUE MAY 31 2016


...................................

...THE DECATUR IL AIRPORT CLIMATE SUMMARY FOR MAY 30 2016...

CLIMATE NORMAL PERIOD 1981 TO 2010
CLIMATE RECORD PERIOD 9999 TO 9999


WEATHER ITEM   OBSERVED TIME   RECORD YEAR NORMAL DEPARTURE LAST
                VALUE   (LST)  VALUE       VALUE  FROM      YEAR
                                                  NORMAL
..................................................................
TEMPERATURE (F)
 YESTERDAY
  MAXIMUM         85   1153 AM  MM      MM  78      7       77
  MINIMUM         61    401 AM  MM      MM  56      5       50
  AVERAGE         73                        67      6       64

PRECIPITATION (IN)
  YESTERDAY        0.09         MM      MM   0.11  -0.02     1.26
  MONTH TO DATE    3.13                      4.18  -1.05     5.81
  SINCE MAR 1      9.65                     10.62  -0.97     9.44
  SINCE JAN 1     10.84                     14.34  -3.50    10.69

DEGREE DAYS
 HEATING
  YESTERDAY        0                         2     -2        1
  MONTH TO DATE  138                       139     -1       80
  SINCE MAR 1    993                      1245   -252     1170
  SINCE JUL 1   4485                      5502  -1017     5816

 COOLING
  YESTERDAY        8                         4      4        0
  MONTH TO DATE   73                        69      4      141
  SINCE MAR 1     80                        83     -3      144
  SINCE JAN 1     80                        83     -3      144
..................................................................


WIND (MPH)
  HIGHEST WIND SPEED    23   HIGHEST WIND DIRECTION     N (340)
  HIGHEST GUST SPEED    29   HIGHEST GUST DIRECTION    NW (330)
  AVERAGE WIND SPEED     4.8


SKY COVER
  POSSIBLE SUNSHINE  MM
  AVERAGE SKY COVER 0.2


WEATHER CONDITIONS
 THE FOLLOWING WEATHER WAS RECORDED YESTERDAY.
  THUNDERSTORM
  LIGHT RAIN


RELATIVE HUMIDITY (PERCENT)
 HIGHEST    84           200 AM
 LOWEST     44          1200 PM
 AVERAGE    64

..........................................................


THE DECATUR IL AIRPORT CLIMATE NORMALS FOR TODAY
                         NORMAL    RECORD    YEAR
 MAXIMUM TEMPERATURE (F)   78        MM        MM
 MINIMUM TEMPERATURE (F)   56        MM        MM


SUNRISE AND SUNSET
MAY 31 2016...........SUNRISE   529 AM CDT   SUNSET   817 PM CDT
JUNE  1 2016..........SUNRISE   529 AM CDT   SUNSET   818 PM CDT


-  INDICATES NEGATIVE NUMBERS.
R  INDICATES RECORD WAS SET OR TIED.
MM INDICATES DATA IS MISSING.
T  INDICATES TRACE AMOUNT.




$$
