000
CDUS43 KILX 310642
CLIDEC


CLIMATE REPORT
NATIONAL WEATHER SERVICE LINCOLN IL
130 AM CDT THU JUL 31 2014


...................................

...THE DECATUR IL AIRPORT CLIMATE SUMMARY FOR JULY 30 2014...

CLIMATE NORMAL PERIOD 1981 TO 2010
CLIMATE RECORD PERIOD 9999 TO 9999


WEATHER ITEM   OBSERVED TIME   RECORD YEAR NORMAL DEPARTURE LAST
                VALUE   (LST)  VALUE       VALUE  FROM      YEAR
                                                  NORMAL
..................................................................
TEMPERATURE (F)
 YESTERDAY
  MAXIMUM         82    248 PM  MM      MM  86     -4       69
  MINIMUM         60    314 AM  MM      MM  64     -4       65
  AVERAGE         71                        75     -4       67

PRECIPITATION (IN)
  YESTERDAY        0.00         MM      MM   0.11  -0.11     0.36
  MONTH TO DATE    2.44                      3.75  -1.31     3.04
  SINCE JUN 1      9.34                      8.10   1.24     7.99
  SINCE JAN 1     19.00                     22.55  -3.55    26.30

DEGREE DAYS
 HEATING
  YESTERDAY        0                         0      0        0
  MONTH TO DATE    2                         0      2        4
  SINCE JUN 1      3                        17    -14       18
  SINCE JUL 1      2                         0      2        4

 COOLING
  YESTERDAY        6                        10     -4        2
  MONTH TO DATE  177                       322   -145      256
  SINCE JUN 1    453                       551    -98      498
  SINCE JAN 1    598                       638    -40      610
..................................................................


WIND (MPH)
  HIGHEST WIND SPEED    13   HIGHEST WIND DIRECTION     W (270)
  HIGHEST GUST SPEED    18   HIGHEST GUST DIRECTION     W (280)
  AVERAGE WIND SPEED     6.7


SKY COVER
  POSSIBLE SUNSHINE  MM
  AVERAGE SKY COVER 0.1


WEATHER CONDITIONS
 THE FOLLOWING WEATHER WAS RECORDED YESTERDAY.
  NO SIGNIFICANT WEATHER WAS OBSERVED.


RELATIVE HUMIDITY (PERCENT)
 HIGHEST    84           400 AM
 LOWEST     42           300 PM
 AVERAGE    63

..........................................................


THE DECATUR IL AIRPORT CLIMATE NORMALS FOR TODAY
                         NORMAL    RECORD    YEAR
 MAXIMUM TEMPERATURE (F)   86        MM        MM
 MINIMUM TEMPERATURE (F)   64        MM        MM


SUNRISE AND SUNSET
JULY 31 2014..........SUNRISE   553 AM CDT   SUNSET   810 PM CDT
AUGUST  1 2014........SUNRISE   554 AM CDT   SUNSET   809 PM CDT


-  INDICATES NEGATIVE NUMBERS.
R  INDICATES RECORD WAS SET OR TIED.
MM INDICATES DATA IS MISSING.
T  INDICATES TRACE AMOUNT.




$$
