147
CDUS45 KBOU 290804
CLIDEN


CLIMATE REPORT
NATIONAL WEATHER SERVICE DENVER/BOULDER CO
203 AM MDT FRI APR 29 2016


...................................

...THE DENVER CO CLIMATE SUMMARY FOR APRIL 28 2016...

CLIMATE NORMAL PERIOD 1981 TO 2010
CLIMATE RECORD PERIOD 1872 TO 2016


WEATHER ITEM   OBSERVED TIME   RECORD YEAR NORMAL DEPARTURE LAST
                VALUE   (LST)  VALUE       VALUE  FROM      YEAR
                                                  NORMAL
..................................................................
TEMPERATURE (F)
 YESTERDAY
  MAXIMUM         40    512 PM  86    1910  65    -25       60
  MINIMUM         35    848 AM  24    1917  37     -2       40
  AVERAGE         38                        51    -13       50

PRECIPITATION (IN)
  YESTERDAY        0.02          0.44 1950   0.07  -0.05     0.00
  MONTH TO DATE    1.68                      1.57   0.11     2.64
  SINCE MAR 1      2.86                      2.49   0.37     3.43
  SINCE JAN 1      3.84                      3.27   0.57     5.06

SNOWFALL (IN)
  YESTERDAY          T
  MONTH TO DATE   12.1
  SINCE MAR 1     30.5
  SINCE JUL 1     69.3
  SNOW DEPTH       0


DEGREE DAYS
 HEATING
  YESTERDAY       27                        14     13       15
  MONTH TO DATE  463                       501    -38      472
  SINCE MAR 1   1179                      1264    -85     1083
  SINCE JUL 1   5167                      5703   -536     5196

 COOLING
  YESTERDAY        0                         0      0        0
  MONTH TO DATE    0                         0      0        0
  SINCE MAR 1      0                         0      0        0
  SINCE JAN 1      0                         0      0        0
..................................................................


WIND (MPH)
  HIGHEST WIND SPEED    16   HIGHEST WIND DIRECTION     E (110)
  HIGHEST GUST SPEED    19   HIGHEST GUST DIRECTION     E (110)
  AVERAGE WIND SPEED    10.4


SKY COVER **
  POSSIBLE SUNSHINE  MM
  AVERAGE SKY COVER 1.0


WEATHER CONDITIONS
 THE FOLLOWING WEATHER WAS RECORDED YESTERDAY.
  LIGHT SNOW
  FOG


RELATIVE HUMIDITY (PERCENT)
 HIGHEST    82          1000 AM
 LOWEST     64          1200 AM
 AVERAGE    73

..........................................................


THE DENVER CO CLIMATE NORMALS FOR TODAY
                         NORMAL    RECORD    YEAR
 MAXIMUM TEMPERATURE (F)   65        83      1948
 MINIMUM TEMPERATURE (F)   37        12      1877


SUNRISE AND SUNSET
APRIL 29 2016.........SUNRISE   600 AM MDT   SUNSET   752 PM MDT
APRIL 30 2016.........SUNRISE   559 AM MDT   SUNSET   753 PM MDT


-  INDICATES NEGATIVE NUMBERS.
R  INDICATES RECORD WAS SET OR TIED.
MM INDICATES DATA IS MISSING.
T  INDICATES TRACE AMOUNT.

&&

** SUNSHINE DATA WILL NO LONGER BE AVAILABLE EFFECTIVE OCTOBER 1ST 2009.




$$
