000
CDUS45 KBOU 302227
CLIDEN


CLIMATE REPORT
NATIONAL WEATHER SERVICE DENVER CO
427 PM MDT TUE SEP 30 2014


...................................

...THE DENVER CO CLIMATE SUMMARY FOR SEPTEMBER 30 2014...
VALID TODAY AS OF 0400 PM LOCAL TIME.

CLIMATE NORMAL PERIOD 1981 TO 2010
CLIMATE RECORD PERIOD 1872 TO 2014


WEATHER ITEM   OBSERVED TIME   RECORD YEAR NORMAL DEPARTURE LAST
                VALUE   (LST)  VALUE       VALUE  FROM      YEAR
                                                  NORMAL
..................................................................
TEMPERATURE (F)
 TODAY
  MAXIMUM         67    142 PM  90    1980  72     -5       82
  MINIMUM         41    601 AM  25    1985  42     -1       51
  AVERAGE         54                        57     -3       67

PRECIPITATION (IN)
  TODAY            0.00          0.73 1904   0.04  -0.04     0.00
  MONTH TO DATE    1.79                      0.96   0.83     5.61
  SINCE SEP 1      1.79                      0.96   0.83     5.61
  SINCE JAN 1     16.90                     12.32   4.58    16.36

DEGREE DAYS
 HEATING
  TODAY           11                         8      3        0
  MONTH TO DATE   91                       123    -32       83
  SINCE SEP 1     91                       125    -34       83
  SINCE JUL 1     98                       141    -43       83

 COOLING
  TODAY            0                         1     -1        2
  MONTH TO DATE   88                        76     12      133
  SINCE SEP 1     88                        76     12      133
  SINCE JAN 1    701                       764    -63      999
..................................................................


WIND (MPH)
  HIGHEST WIND SPEED    24   HIGHEST WIND DIRECTION     W (260)
  HIGHEST GUST SPEED    29   HIGHEST GUST DIRECTION     W (260)
  AVERAGE WIND SPEED    11.6


SKY COVER **
  POSSIBLE SUNSHINE  MM
  AVERAGE SKY COVER 0.5


WEATHER CONDITIONS
 THE FOLLOWING WEATHER WAS RECORDED TODAY.
  NO SIGNIFICANT WEATHER WAS OBSERVED.


RELATIVE HUMIDITY (PERCENT)
 HIGHEST    93          1200 AM
 LOWEST     28           300 PM
 AVERAGE    61

..........................................................


THE DENVER CO CLIMATE NORMALS FOR TOMORROW
                         NORMAL    RECORD    YEAR
 MAXIMUM TEMPERATURE (F)   72        90      1892
 MINIMUM TEMPERATURE (F)   42        27      1985


SUNRISE AND SUNSET
SEPTEMBER 30 2014.....SUNRISE   654 AM MDT   SUNSET   644 PM MDT
OCTOBER  1 2014.......SUNRISE   655 AM MDT   SUNSET   643 PM MDT


-  INDICATES NEGATIVE NUMBERS.
R  INDICATES RECORD WAS SET OR TIED.
MM INDICATES DATA IS MISSING.
T  INDICATES TRACE AMOUNT.




$$
