000
CDUS45 KBOU 300757
CLIDEN


CLIMATE REPORT
NATIONAL WEATHER SERVICE DENVER/BOULDER CO
156 AM MDT TUE MAY 30 2017


...................................

...THE DENVER CO CLIMATE SUMMARY FOR MAY 29 2017...

CLIMATE NORMAL PERIOD 1981 TO 2010
CLIMATE RECORD PERIOD 1872 TO 2017


WEATHER ITEM   OBSERVED TIME   RECORD YEAR NORMAL DEPARTURE LAST
                VALUE   (LST)  VALUE       VALUE  FROM      YEAR
                                                  NORMAL
..................................................................
TEMPERATURE (F)
 YESTERDAY
  MAXIMUM         69    120 PM  94    2003  76     -7       76
  MINIMUM         47   1049 PM  32    1883  47      0       44
  AVERAGE         58                        62     -4       60

PRECIPITATION (IN)
  YESTERDAY        0.02          1.33 1964   0.08  -0.06     0.00
  MONTH TO DATE    3.61                      1.96   1.65     2.32
  SINCE MAR 1      5.49                      4.59   0.90     6.06
  SINCE JAN 1      6.26                      5.37   0.89     7.04

SNOWFALL (IN)
  YESTERDAY        0.0
  MONTH TO DATE      T
  SINCE MAR 1      2.5
  SINCE JUL 1     21.8
  SNOW DEPTH       0


DEGREE DAYS
 HEATING
  YESTERDAY        7                         5      2        5
  MONTH TO DATE  275                       255     20      315
  SINCE MAR 1   1276                      1547   -271     1557
  SINCE JUL 1   5078                      5986   -908     5545

 COOLING
  YESTERDAY        0                         1     -1        0
  MONTH TO DATE    6                        14     -8        3
  SINCE MAR 1      6                        15     -9        3
  SINCE JAN 1      6                        15     -9        3
..................................................................


WIND (MPH)
  HIGHEST WIND SPEED    17   HIGHEST WIND DIRECTION     N (10)
  HIGHEST GUST SPEED    23   HIGHEST GUST DIRECTION     N (20)
  AVERAGE WIND SPEED     7.0


SKY COVER **
  POSSIBLE SUNSHINE  MM
  AVERAGE SKY COVER 0.4


WEATHER CONDITIONS
 THE FOLLOWING WEATHER WAS RECORDED YESTERDAY.
  THUNDERSTORM
  LIGHT RAIN
  FOG


RELATIVE HUMIDITY (PERCENT)
 HIGHEST    86           200 AM
 LOWEST     42           100 PM
 AVERAGE    64

..........................................................


THE DENVER CO CLIMATE NORMALS FOR TODAY
                         NORMAL    RECORD    YEAR
 MAXIMUM TEMPERATURE (F)   77        91      2002
                                             1994
 MINIMUM TEMPERATURE (F)   47        32      1883


SUNRISE AND SUNSET
MAY 30 2017...........SUNRISE   533 AM MDT   SUNSET   820 PM MDT
MAY 31 2017...........SUNRISE   533 AM MDT   SUNSET   820 PM MDT


-  INDICATES NEGATIVE NUMBERS.
R  INDICATES RECORD WAS SET OR TIED.
MM INDICATES DATA IS MISSING.
T  INDICATES TRACE AMOUNT.

&&

** SUNSHINE DATA WILL NO LONGER BE AVAILABLE EFFECTIVE OCTOBER 1ST 2009.




$$
