000
CDUS45 KBOU 190750
CLIDEN


CLIMATE REPORT
NATIONAL WEATHER SERVICE DENVER/BOULDER CO
1250 AM MST FRI JAN 19 2018


...................................

...THE DENVER CO CLIMATE SUMMARY FOR JANUARY 18 2018...

CLIMATE NORMAL PERIOD 1981 TO 2010
CLIMATE RECORD PERIOD 1872 TO 2018


WEATHER ITEM   OBSERVED TIME   RECORD YEAR NORMAL DEPARTURE LAST
                VALUE   (LST)  VALUE       VALUE  FROM      YEAR
                                                  NORMAL
..................................................................
TEMPERATURE (F)
 YESTERDAY
  MAXIMUM         65R   309 PM  65    1920  44     21       52
  MINIMUM         28   1238 AM -19    1984  18     10       21
  AVERAGE         47                        31     16       37

PRECIPITATION (IN)
  YESTERDAY        0.00          0.28 1980   0.02  -0.02     0.00
  MONTH TO DATE    0.24                      0.24   0.00     0.54
  SINCE DEC 1      0.45                      0.59  -0.14     1.32
  SINCE JAN 1      0.24                      0.24   0.00     0.54

SNOWFALL (IN)
  YESTERDAY        0.0
  MONTH TO DATE    0.7
  SINCE DEC 1      4.7
  SINCE JUL 1      7.5
  SNOW DEPTH       0

DEGREE DAYS
 HEATING
  YESTERDAY       18                        34    -16       28
  MONTH TO DATE  555                       617    -62      675
  SINCE DEC 1   1534                      1703   -169     1821
  SINCE JUL 1   2705                      3085   -380     2717

 COOLING
  YESTERDAY        0                         0      0        0
  MONTH TO DATE    0                         0      0        0
  SINCE DEC 1      0                         0      0        0
  SINCE JAN 1      0                         0      0        0
..................................................................


WIND (MPH)
  HIGHEST WIND SPEED    18   HIGHEST WIND DIRECTION     S (200)
  HIGHEST GUST SPEED    22   HIGHEST GUST DIRECTION    SW (210)
  AVERAGE WIND SPEED    11.0


SKY COVER
  POSSIBLE SUNSHINE  MM
  AVERAGE SKY COVER 0.6


WEATHER CONDITIONS
 THE FOLLOWING WEATHER WAS RECORDED YESTERDAY.
  NO SIGNIFICANT WEATHER WAS OBSERVED.


RELATIVE HUMIDITY (PERCENT)
 HIGHEST    43          1200 AM
 LOWEST     10          1200 PM
 AVERAGE    27

..........................................................


THE DENVER CO CLIMATE NORMALS FOR TODAY
                         NORMAL    RECORD    YEAR
 MAXIMUM TEMPERATURE (F)   44        68      1986
                                             1920
 MINIMUM TEMPERATURE (F)   17       -20      1883


SUNRISE AND SUNSET
JANUARY 19 2018.......SUNRISE   716 AM MST   SUNSET   503 PM MST
JANUARY 20 2018.......SUNRISE   716 AM MST   SUNSET   504 PM MST


-  INDICATES NEGATIVE NUMBERS.
R  INDICATES RECORD WAS SET OR TIED.
MM INDICATES DATA IS MISSING.
T  INDICATES TRACE AMOUNT.




$$
