000
CDUS45 KBOU 120810
CLIDEN


CLIMATE REPORT
NATIONAL WEATHER SERVICE DENVER/BOULDER CO
109 AM MST FRI FEB 12 2016


...................................

...THE DENVER CO CLIMATE SUMMARY FOR FEBRUARY 11 2016...

CLIMATE NORMAL PERIOD 1981 TO 2010
CLIMATE RECORD PERIOD 1872 TO 2016


WEATHER ITEM   OBSERVED TIME   RECORD YEAR NORMAL DEPARTURE LAST
                VALUE   (LST)  VALUE       VALUE  FROM      YEAR
                                                  NORMAL
..................................................................
TEMPERATURE (F)
 YESTERDAY
  MAXIMUM         64    115 PM  73    1951  45     19       48
  MINIMUM         29    434 AM -20    1899  18     11       30
  AVERAGE         47                        32     15       39

PRECIPITATION (IN)
  YESTERDAY        0.00          0.39 1958   0.01  -0.01      T
  MONTH TO DATE    0.48                      0.14   0.34     0.17
  SINCE DEC 1      1.69                      0.90   0.79     1.14
  SINCE JAN 1      0.98                      0.55   0.43     0.55

SNOWFALL (IN)
  YESTERDAY        0.0
  MONTH TO DATE   11.6
  SINCE DEC 1     27.5
  SINCE JUL 1     38.8
  SNOW DEPTH       0


DEGREE DAYS
 HEATING
  YESTERDAY       18                        33    -15       26
  MONTH TO DATE  387                       373     14      233
  SINCE DEC 1   2505                      2522    -17     2228
  SINCE JUL 1   3595                      3904   -309     3482

 COOLING
  YESTERDAY        0                         0      0        0
  MONTH TO DATE    0                         0      0        0
  SINCE DEC 1      0                         0      0        0
  SINCE JAN 1      0                         0      0        0
..................................................................


WIND (MPH)
  HIGHEST WIND SPEED    21   HIGHEST WIND DIRECTION     W (280)
  HIGHEST GUST SPEED    26   HIGHEST GUST DIRECTION     W (290)
  AVERAGE WIND SPEED    12.2


SKY COVER **
  POSSIBLE SUNSHINE  MM
  AVERAGE SKY COVER 0.5


WEATHER CONDITIONS
 THE FOLLOWING WEATHER WAS RECORDED YESTERDAY.
  NO SIGNIFICANT WEATHER WAS OBSERVED.


RELATIVE HUMIDITY (PERCENT)
 HIGHEST    70          1000 PM
 LOWEST     21           100 PM
 AVERAGE    46

..........................................................


THE DENVER CO CLIMATE NORMALS FOR TODAY
                         NORMAL    RECORD    YEAR
 MAXIMUM TEMPERATURE (F)   45        72      1954
 MINIMUM TEMPERATURE (F)   18       -21      1905


SUNRISE AND SUNSET
FEBRUARY 12 2016......SUNRISE   655 AM MST   SUNSET   530 PM MST
FEBRUARY 13 2016......SUNRISE   654 AM MST   SUNSET   531 PM MST


-  INDICATES NEGATIVE NUMBERS.
R  INDICATES RECORD WAS SET OR TIED.
MM INDICATES DATA IS MISSING.
T  INDICATES TRACE AMOUNT.

&&

** SUNSHINE DATA WILL NO LONGER BE AVAILABLE EFFECTIVE OCTOBER 1ST 2009.




$$
