000
CDUS45 KBOU 230757
CLIDEN


CLIMATE REPORT
NATIONAL WEATHER SERVICE DENVER CO
156 AM MDT TUE SEP 23 2014


...................................

...THE DENVER CO CLIMATE SUMMARY FOR SEPTEMBER 22 2014...

CLIMATE NORMAL PERIOD 1981 TO 2010
CLIMATE RECORD PERIOD 1872 TO 2014


WEATHER ITEM   OBSERVED TIME   RECORD YEAR NORMAL DEPARTURE LAST
                VALUE   (LST)  VALUE       VALUE  FROM      YEAR
                                                  NORMAL
..................................................................
TEMPERATURE (F)
 YESTERDAY
  MAXIMUM         80    117 PM  89    1953  76      4       80
  MINIMUM         52   1127 PM  27    1895  46      6       55
  AVERAGE         66                        61      5       68

PRECIPITATION (IN)
  YESTERDAY        0.09          0.96 1896   0.03   0.06     0.18
  MONTH TO DATE    0.77                      0.71   0.06     4.83
  SINCE SEP 1      0.77                      0.71   0.06     4.83
  SINCE JAN 1     15.88                     12.07   3.81    15.58

SNOWFALL (IN)
  YESTERDAY        0.0
  MONTH TO DATE      T
  SINCE SEP 1        T
  SINCE JUL 1        T
  SNOW DEPTH       0


DEGREE DAYS
 HEATING
  YESTERDAY        0                         6     -6        0
  MONTH TO DATE   70                        66      4       22
  SINCE SEP 1     70                        66      4       22
  SINCE JUL 1     77                        82     -5       22

 COOLING
  YESTERDAY        1                         1      0        3
  MONTH TO DATE   60                        69     -9      131
  SINCE SEP 1     60                        69     -9      131
  SINCE JAN 1    673                       757    -84      997
..................................................................


WIND (MPH)
  HIGHEST WIND SPEED    23   HIGHEST WIND DIRECTION     S (200)
  HIGHEST GUST SPEED    29   HIGHEST GUST DIRECTION     S (190)
  AVERAGE WIND SPEED    11.0


SKY COVER **
  POSSIBLE SUNSHINE  MM
  AVERAGE SKY COVER 0.7


WEATHER CONDITIONS
 THE FOLLOWING WEATHER WAS RECORDED YESTERDAY.
  THUNDERSTORM
  RAIN
  FOG


RELATIVE HUMIDITY (PERCENT)
 HIGHEST    72          1200 AM
 LOWEST     32           400 PM
 AVERAGE    52

..........................................................


THE DENVER CO CLIMATE NORMALS FOR TODAY
                         NORMAL    RECORD    YEAR
 MAXIMUM TEMPERATURE (F)   75        90      1905
 MINIMUM TEMPERATURE (F)   45        29      1895


SUNRISE AND SUNSET
SEPTEMBER 23 2014.....SUNRISE   647 AM MDT   SUNSET   656 PM MDT
SEPTEMBER 24 2014.....SUNRISE   648 AM MDT   SUNSET   654 PM MDT


-  INDICATES NEGATIVE NUMBERS.
R  INDICATES RECORD WAS SET OR TIED.
MM INDICATES DATA IS MISSING.
T  INDICATES TRACE AMOUNT.

&&

** SUNSHINE DATA WILL NO LONGER BE AVAILABLE EFFECTIVE OCTOBER 1ST 2009.




$$
