000
CDUS45 KBOU 300805
CLIDEN


CLIMATE REPORT
NATIONAL WEATHER SERVICE DENVER CO
203 AM MDT SUN AUG 30 2015


...................................

...THE DENVER CO CLIMATE SUMMARY FOR AUGUST 29 2015...

CLIMATE NORMAL PERIOD 1981 TO 2010
CLIMATE RECORD PERIOD 1872 TO 2015


WEATHER ITEM   OBSERVED TIME   RECORD YEAR NORMAL DEPARTURE LAST
                VALUE   (LST)  VALUE       VALUE  FROM      YEAR
                                                  NORMAL
..................................................................
TEMPERATURE (F)
 YESTERDAY
  MAXIMUM         91    350 PM  97    2012  85      6       80
  MINIMUM         52    504 AM  44    1962  55     -3       54
  AVERAGE         72                        70      2       67

PRECIPITATION (IN)
  YESTERDAY        0.00          0.50 1872   0.05  -0.05      T
  MONTH TO DATE    1.06                      1.62  -0.56     2.73
  SINCE JUN 1      4.65                      5.76  -1.11     8.40
  SINCE JAN 1     13.48                     11.29   2.19    15.11

SNOWFALL (IN)
  YESTERDAY        0.0
  MONTH TO DATE      0
  SINCE JUN 1        0
  SINCE JUL 1        0
  SNOW DEPTH       0


DEGREE DAYS
 HEATING
  YESTERDAY        0                         1     -1        0
  MONTH TO DATE   13                         3     10        2
  SINCE JUN 1     29                        71    -42       37
  SINCE JUL 1     18                         9      9        7

 COOLING
  YESTERDAY        7                         6      1        2
  MONTH TO DATE  280                       234     46      177
  SINCE JUN 1    685                       656     29      587
  SINCE JAN 1    689                       678     11      608
..................................................................


WIND (MPH)
  HIGHEST WIND SPEED    26   HIGHEST WIND DIRECTION     S (170)
  HIGHEST GUST SPEED    33   HIGHEST GUST DIRECTION     S (170)
  AVERAGE WIND SPEED    11.5


SKY COVER **
  POSSIBLE SUNSHINE  MM
  AVERAGE SKY COVER 0.3


WEATHER CONDITIONS
 THE FOLLOWING WEATHER WAS RECORDED YESTERDAY.
  NO SIGNIFICANT WEATHER WAS OBSERVED.


RELATIVE HUMIDITY (PERCENT)
 HIGHEST    59           500 AM
 LOWEST     14           300 PM
 AVERAGE    37

..........................................................


THE DENVER CO CLIMATE NORMALS FOR TODAY
                         NORMAL    RECORD    YEAR
 MAXIMUM TEMPERATURE (F)   85        98      1990
 MINIMUM TEMPERATURE (F)   55        42      1968


SUNRISE AND SUNSET
AUGUST 30 2015........SUNRISE   624 AM MST   SUNSET   735 PM MST
AUGUST 31 2015........SUNRISE   625 AM MST   SUNSET   733 PM MST


-  INDICATES NEGATIVE NUMBERS.
R  INDICATES RECORD WAS SET OR TIED.
MM INDICATES DATA IS MISSING.
T  INDICATES TRACE AMOUNT.

&&

** SUNSHINE DATA WILL NO LONGER BE AVAILABLE EFFECTIVE OCTOBER 1ST 2009.




$$
