000
CDUS45 KBOU 241229
CLIDEN


CLIMATE REPORT
NATIONAL WEATHER SERVICE DENVER/BOULDER CO
629 AM MDT MON JUL 24 2017


...................................

...THE DENVER CO CLIMATE SUMMARY FOR JULY 24 2017...
VALID AS OF 0600 AM LOCAL TIME.

CLIMATE NORMAL PERIOD 1981 TO 2010
CLIMATE RECORD PERIOD 1872 TO 2017


WEATHER ITEM   OBSERVED TIME   RECORD YEAR NORMAL DEPARTURE LAST
                VALUE   (LST)  VALUE       VALUE  FROM      YEAR
                                                  NORMAL
..................................................................
TEMPERATURE (F)
 TODAY
  MAXIMUM         72   1227 AM 100    2003  90    -18       96
  MINIMUM         67    407 AM  49    2004  60      7       61
  AVERAGE         70                        75     -5       79

PRECIPITATION (IN)
  TODAY            0.00          1.06 1973   0.08  -0.08      T
  MONTH TO DATE    0.27                      1.61  -1.34     1.06
  SINCE JUN 1      0.60                      3.59  -2.99     2.68
  SINCE JAN 1      6.91                      9.12  -2.21     9.78

..................................................................


WIND (MPH)
  HIGHEST WIND SPEED    22   HIGHEST WIND DIRECTION     S (190)
  HIGHEST GUST SPEED    26   HIGHEST GUST DIRECTION     S (190)
  AVERAGE WIND SPEED    16.7




RELATIVE HUMIDITY (PERCENT)
 HIGHEST    63           300 AM
 LOWEST     53          1200 AM
 AVERAGE    58

..........................................................


THE DENVER CO CLIMATE NORMALS FOR TOMORROW
                         NORMAL    RECORD    YEAR
 MAXIMUM TEMPERATURE (F)   90        99      1963
                                             1931
 MINIMUM TEMPERATURE (F)   60        51      1973
                                             1915


SUNRISE AND SUNSET
JULY 24 2017..........SUNRISE   551 AM MDT   SUNSET   820 PM MDT
JULY 25 2017..........SUNRISE   552 AM MDT   SUNSET   819 PM MDT


-  INDICATES NEGATIVE NUMBERS.
R  INDICATES RECORD WAS SET OR TIED.
MM INDICATES DATA IS MISSING.
T  INDICATES TRACE AMOUNT.




$$
