000
CDUS45 KBOU 190741
CLIDEN


CLIMATE REPORT
NATIONAL WEATHER SERVICE DENVER CO
141 AM MDT SAT APR 19 2014


...................................

...THE DENVER CO CLIMATE SUMMARY FOR APRIL 18 2014...

CLIMATE NORMAL PERIOD 1981 TO 2010
CLIMATE RECORD PERIOD 1872 TO 2014


WEATHER ITEM   OBSERVED TIME   RECORD YEAR NORMAL DEPARTURE LAST
                VALUE   (LST)  VALUE       VALUE  FROM      YEAR
                                                  NORMAL
..................................................................
TEMPERATURE (F)
 YESTERDAY
  MAXIMUM         79    350 PM  82    1987  62     17       34
  MINIMUM         42    149 AM   8    1953  34      8       14
  AVERAGE         61                        48     13       24

PRECIPITATION (IN)
  YESTERDAY        0.00          1.54 1884   0.07  -0.07     0.00
  MONTH TO DATE    0.69                      0.89  -0.20     1.36
  SINCE MAR 1      1.52                      1.81  -0.29     2.83
  SINCE JAN 1      2.65                      2.59   0.06     3.91

SNOWFALL (IN)
  YESTERDAY        0.0
  MONTH TO DATE    5.6
  SINCE MAR 1     11.6
  SINCE JUL 1     37.3
  SNOW DEPTH       0


DEGREE DAYS
 HEATING
  YESTERDAY        4                        17    -13       41
  MONTH TO DATE  325                       344    -19      478
  SINCE MAR 1   1064                      1107    -43     1318
  SINCE JUL 1   5583                      5546     37     5590

 COOLING
  YESTERDAY        0                         0      0        0
  MONTH TO DATE    0                         0      0        0
  SINCE MAR 1      0                         0      0        0
  SINCE JAN 1      0                         0      0        0
..................................................................


WIND (MPH)
  HIGHEST WIND SPEED    25   HIGHEST WIND DIRECTION    NW (300)
  HIGHEST GUST SPEED    30   HIGHEST GUST DIRECTION    NW (310)
  AVERAGE WIND SPEED    11.6


SKY COVER **
  POSSIBLE SUNSHINE  MM
  AVERAGE SKY COVER 0.6


WEATHER CONDITIONS
 THE FOLLOWING WEATHER WAS RECORDED YESTERDAY.
  NO SIGNIFICANT WEATHER WAS OBSERVED.


RELATIVE HUMIDITY (PERCENT)
 HIGHEST    62          1200 AM
 LOWEST     13           200 PM
 AVERAGE    38

..........................................................


THE DENVER CO CLIMATE NORMALS FOR TODAY
                         NORMAL    RECORD    YEAR
 MAXIMUM TEMPERATURE (F)   62        83      1961
 MINIMUM TEMPERATURE (F)   34        13      1893


SUNRISE AND SUNSET
APRIL 19 2014.........SUNRISE   615 AM MDT   SUNSET   740 PM MDT
APRIL 20 2014.........SUNRISE   614 AM MDT   SUNSET   741 PM MDT


-  INDICATES NEGATIVE NUMBERS.
R  INDICATES RECORD WAS SET OR TIED.
MM INDICATES DATA IS MISSING.
T  INDICATES TRACE AMOUNT.

&&

** SUNSHINE DATA WILL NO LONGER BE AVAILABLE EFFECTIVE OCTOBER 1ST 2009.




$$
