000
CDUS45 KBOU 220803
CLIDEN


CLIMATE REPORT
NATIONAL WEATHER SERVICE DENVER CO
101 AM MST SAT NOV 22 2014


...................................

...THE DENVER CO CLIMATE SUMMARY FOR NOVEMBER 21 2014...

CLIMATE NORMAL PERIOD 1981 TO 2010
CLIMATE RECORD PERIOD 1872 TO 2014


WEATHER ITEM   OBSERVED TIME   RECORD YEAR NORMAL DEPARTURE LAST
                VALUE   (LST)  VALUE       VALUE  FROM      YEAR
                                                  NORMAL
..................................................................
TEMPERATURE (F)
 YESTERDAY
  MAXIMUM         57    233 PM  73    1974  49      8       25
  MINIMUM         30    359 AM   0    1929  22      8       12
  AVERAGE         44                        36      8       19

PRECIPITATION (IN)
  YESTERDAY        0.00          0.34 1967   0.01  -0.01     0.23
  MONTH TO DATE    0.76                      0.46   0.30     0.26
  SINCE SEP 1      3.07                      2.44   0.63     6.59
  SINCE JAN 1     18.18                     13.80   4.38    17.34

SNOWFALL (IN)
  YESTERDAY        0.0
  MONTH TO DATE      4
  SINCE SEP 1        4
  SINCE JUL 1        4
  SNOW DEPTH       0


DEGREE DAYS
 HEATING
  YESTERDAY       21                        29     -8       46
  MONTH TO DATE  647                       519    128      461
  SINCE SEP 1   1037                      1084    -47     1069
  SINCE JUL 1   1044                      1100    -56     1069

 COOLING
  YESTERDAY        0                         0      0        0
  MONTH TO DATE    0                         0      0        0
  SINCE SEP 1     88                        81      7      133
  SINCE JAN 1    701                       769    -68      999
..................................................................


WIND (MPH)
  HIGHEST WIND SPEED    16   HIGHEST WIND DIRECTION    SW (210)
  HIGHEST GUST SPEED    19   HIGHEST GUST DIRECTION    SW (210)
  AVERAGE WIND SPEED     8.2


SKY COVER **
  POSSIBLE SUNSHINE  MM
  AVERAGE SKY COVER 0.3


WEATHER CONDITIONS
 THE FOLLOWING WEATHER WAS RECORDED YESTERDAY.
  NO SIGNIFICANT WEATHER WAS OBSERVED.


RELATIVE HUMIDITY (PERCENT)
 HIGHEST    72           100 AM
 LOWEST     23           200 PM
 AVERAGE    48

..........................................................


THE DENVER CO CLIMATE NORMALS FOR TODAY
                         NORMAL    RECORD    YEAR
 MAXIMUM TEMPERATURE (F)   49        74      1998
 MINIMUM TEMPERATURE (F)   22        -2      1880


SUNRISE AND SUNSET
NOVEMBER 22 2014......SUNRISE   651 AM MST   SUNSET   438 PM MST
NOVEMBER 23 2014......SUNRISE   653 AM MST   SUNSET   438 PM MST


-  INDICATES NEGATIVE NUMBERS.
R  INDICATES RECORD WAS SET OR TIED.
MM INDICATES DATA IS MISSING.
T  INDICATES TRACE AMOUNT.

&&

** SUNSHINE DATA WILL NO LONGER BE AVAILABLE EFFECTIVE OCTOBER 1ST 2009.




$$
