000
CDUS44 KSHV 232151
CLIDEQ


CLIMATE REPORT
NATIONAL WEATHER SERVICE SHREVEPORT, LA
451 PM CDT MON OCT 23 2017


...................................

...THE DE QUEEN CLIMATE SUMMARY FOR OCTOBER 23 2017...
VALID TODAY AS OF 0400 PM LOCAL TIME.

CLIMATE NORMAL PERIOD 1981 TO 2010
CLIMATE RECORD PERIOD 1902 TO 2017


WEATHER ITEM   OBSERVED TIME   RECORD YEAR NORMAL DEPARTURE LAST
                VALUE   (LST)  VALUE       VALUE  FROM      YEAR
                                                  NORMAL
..................................................................
TEMPERATURE (F)
 TODAY
  MAXIMUM         78    259 PM  93    1939  74      4       78
                                      1956
  MINIMUM         38    643 AM  28    1937  48    -10       41
  AVERAGE         58                        61     -3       60

PRECIPITATION (IN)
  TODAY            0.00          2.14 2015   0.16  -0.16     0.00
  MONTH TO DATE    1.38                      3.45  -2.07     0.80
  SINCE DEC 1     37.34                     43.01  -5.67    41.07
  SINCE JAN 1     34.63                     38.65  -4.02    30.79

SNOWFALL (IN)
  TODAY            0.0
  MONTH TO DATE    0.0
  SINCE SEP 1      0.0
  SINCE JUL 1      0.0
  SNOW DEPTH       0

DEGREE DAYS
 HEATING
  TODAY            7                         5      2        5
  MONTH TO DATE   53                        73    -20       26
  SINCE SEP 1     53                        82    -29       28
  SINCE JUL 1     53                        82    -29       28

 COOLING
  TODAY            0                         2     -2        0
  MONTH TO DATE  117                        60     57      115
  SINCE SEP 1    409                       333     76      460
  SINCE JAN 1   2043                      1925    118     2197
..................................................................


WIND (MPH)
  HIGHEST WIND SPEED    16   HIGHEST WIND DIRECTION     W (270)
  HIGHEST GUST SPEED    20   HIGHEST GUST DIRECTION    SW (240)
  AVERAGE WIND SPEED     3.8


SKY COVER
  POSSIBLE SUNSHINE  MM
  AVERAGE SKY COVER 0.2


WEATHER CONDITIONS
 THE FOLLOWING WEATHER WAS RECORDED TODAY.
  FOG
  FOG W/VISIBILITY <= 1/4 MILE


RELATIVE HUMIDITY (PERCENT)
 HIGHEST   100          1200 AM
 LOWEST     32           300 PM
 AVERAGE    66

..........................................................


THE DE QUEEN CLIMATE NORMALS FOR TOMORROW
                         NORMAL    RECORD    YEAR
 MAXIMUM TEMPERATURE (F)   74        85      1975
 MINIMUM TEMPERATURE (F)   48        25      1938


SUNRISE AND SUNSET
OCTOBER 23 2017.......SUNRISE   730 AM CDT   SUNSET   634 PM CDT
OCTOBER 24 2017.......SUNRISE   730 AM CDT   SUNSET   633 PM CDT


-  INDICATES NEGATIVE NUMBERS.
R  INDICATES RECORD WAS SET OR TIED.
MM INDICATES DATA IS MISSING.
T  INDICATES TRACE AMOUNT.




$$
