000
CDUS44 KSHV 040736
CLIDEQ


CLIMATE REPORT
NATIONAL WEATHER SERVICE SHREVEPORT, LA
234 AM CDT TUE AUG 4 2015


...................................

...THE DE QUEEN CLIMATE SUMMARY FOR AUGUST 3 2015...

CLIMATE NORMAL PERIOD 1981 TO 2010
CLIMATE RECORD PERIOD 1902 TO 2015


WEATHER ITEM   OBSERVED TIME   RECORD YEAR NORMAL DEPARTURE LAST
                VALUE   (LST)  VALUE       VALUE  FROM      YEAR
                                                  NORMAL
..................................................................
TEMPERATURE (F)
 YESTERDAY
  MAXIMUM         98    250 PM 111    2011  94      4       89
  MINIMUM         66    517 AM  57    1950  69     -3       66
  AVERAGE         82                        82      0       78

PRECIPITATION (IN)
  YESTERDAY        0.00          1.22 1971   0.07  -0.07     0.00
  MONTH TO DATE    0.00                      0.20  -0.20     0.03
  SINCE DEC 1     37.53                     33.98   3.55    26.78
  SINCE JAN 1     35.81                     29.62   6.19    24.85

SNOWFALL (IN)
  YESTERDAY        0.0
  MONTH TO DATE    0.0
  SINCE JUN 1      0.0
  SINCE JUL 1      0.0
  SNOW DEPTH       0

DEGREE DAYS
 HEATING
  YESTERDAY        0                         0      0        0
  MONTH TO DATE    0                         0      0        0
  SINCE JUN 1      0                         0      0        0
  SINCE JUL 1      0                         0      0        0

 COOLING
  YESTERDAY       17                        16      1       13
  MONTH TO DATE   48                        48      0       30
  SINCE JUN 1   1025                       923    102      709
  SINCE JAN 1   1259                      1140    119      916
..................................................................


WIND (MPH)
  HIGHEST WIND SPEED    14   HIGHEST WIND DIRECTION    SE (130)
  HIGHEST GUST SPEED    17   HIGHEST GUST DIRECTION    SE (130)
  AVERAGE WIND SPEED     3.0


SKY COVER
  POSSIBLE SUNSHINE  MM
  AVERAGE SKY COVER 0.0


WEATHER CONDITIONS
 THE FOLLOWING WEATHER WAS RECORDED YESTERDAY.
  FOG


RELATIVE HUMIDITY (PERCENT)
 HIGHEST   100           100 AM
 LOWEST     33           400 PM
 AVERAGE    67

..........................................................


THE DE QUEEN CLIMATE NORMALS FOR TODAY
                         NORMAL    RECORD    YEAR
 MAXIMUM TEMPERATURE (F)   94       111      2011
 MINIMUM TEMPERATURE (F)   69        56      1976


SUNRISE AND SUNSET
AUGUST  4 2015........SUNRISE   631 AM CDT   SUNSET   816 PM CDT
AUGUST  5 2015........SUNRISE   632 AM CDT   SUNSET   815 PM CDT


-  INDICATES NEGATIVE NUMBERS.
R  INDICATES RECORD WAS SET OR TIED.
MM INDICATES DATA IS MISSING.
T  INDICATES TRACE AMOUNT.




$$
