000
CDUS44 KSHV 162331
CLIDEQ


CLIMATE REPORT
NATIONAL WEATHER SERVICE SHREVEPORT, LA
520 PM CST TUE JAN 16 2018


...................................

...THE DE QUEEN CLIMATE SUMMARY FOR JANUARY 16 2018...
VALID TODAY AS OF 0500 PM LOCAL TIME.

CLIMATE NORMAL PERIOD 1981 TO 2010
CLIMATE RECORD PERIOD 1902 TO 2018


WEATHER ITEM   OBSERVED TIME   RECORD YEAR NORMAL DEPARTURE LAST
                VALUE   (LST)  VALUE       VALUE  FROM      YEAR
                                                  NORMAL
..................................................................
TEMPERATURE (F)
 TODAY
  MAXIMUM         26    337 PM  76    1943  53    -27       68
  MINIMUM         15    814 AM  13    1992  29    -14       45
  AVERAGE         21                        41    -20       57

PRECIPITATION (IN)
  TODAY            T             1.82 2017   0.11  -0.11     1.82
  MONTH TO DATE    0.59                      1.75  -1.16     2.18
  SINCE DEC 1      5.84                      6.11  -0.27     4.89
  SINCE JAN 1      0.59                      1.75  -1.16     2.18

SNOWFALL (IN)
  TODAY            0.1
  MONTH TO DATE    0.1
  SINCE DEC 1      0.1
  SINCE JUL 1      0.1
  SNOW DEPTH       T

DEGREE DAYS
 HEATING
  TODAY           44                        24     20        8
  MONTH TO DATE  473                       378     95      301
  SINCE DEC 1   1104                      1061     43      892
  SINCE JUL 1   1567                      1587    -20     1206

 COOLING
  TODAY            0                         0      0        0
  MONTH TO DATE    0                         0      0        3
  SINCE DEC 1      1                         0      1        5
  SINCE JAN 1      0                         0      0        3
..................................................................


WIND (MPH)
  HIGHEST WIND SPEED    16   HIGHEST WIND DIRECTION     N (360)
  HIGHEST GUST SPEED    23   HIGHEST GUST DIRECTION    NW (320)
  AVERAGE WIND SPEED     9.7


SKY COVER
  POSSIBLE SUNSHINE  MM
  AVERAGE SKY COVER 0.3


WEATHER CONDITIONS
 THE FOLLOWING WEATHER WAS RECORDED TODAY.
  NO SIGNIFICANT WEATHER WAS OBSERVED.


RELATIVE HUMIDITY (PERCENT)
 HIGHEST    59           800 AM
 LOWEST     36           400 PM
 AVERAGE    48

..........................................................


THE DE QUEEN CLIMATE NORMALS FOR TOMORROW
                         NORMAL    RECORD    YEAR
 MAXIMUM TEMPERATURE (F)   53        78      1952
 MINIMUM TEMPERATURE (F)   29         6      1977


SUNRISE AND SUNSET
JANUARY 16 2018.......SUNRISE   723 AM CST   SUNSET   532 PM CST
JANUARY 17 2018.......SUNRISE   722 AM CST   SUNSET   533 PM CST


-  INDICATES NEGATIVE NUMBERS.
R  INDICATES RECORD WAS SET OR TIED.
MM INDICATES DATA IS MISSING.
T  INDICATES TRACE AMOUNT.




$$
