000
CDUS44 KSHV 112249
CLIDEQ


CLIMATE REPORT
NATIONAL WEATHER SERVICE SHREVEPORT, LA
449 PM CST THU FEB 11 2016


...................................

...THE DE QUEEN CLIMATE SUMMARY FOR FEBRUARY 11 2016...
VALID TODAY AS OF 0400 PM LOCAL TIME.

CLIMATE NORMAL PERIOD 1981 TO 2010
CLIMATE RECORD PERIOD 1902 TO 2016


WEATHER ITEM   OBSERVED TIME   RECORD YEAR NORMAL DEPARTURE LAST
                VALUE   (LST)  VALUE       VALUE  FROM      YEAR
                                                  NORMAL
..................................................................
TEMPERATURE (F)
 TODAY
  MAXIMUM         72    358 PM  79    1996  57     15       67
  MINIMUM         28    711 AM   5    1981  31     -3       39
  AVERAGE         50                        44      6       53

PRECIPITATION (IN)
  TODAY            0.00          2.30 1984   0.15  -0.15     0.00
  MONTH TO DATE    0.10                      1.69  -1.59     0.46
  SINCE DEC 1     11.25                      9.37   1.88     7.26
  SINCE JAN 1      0.97                      5.01  -4.04     5.54

SNOWFALL (IN)
  TODAY            0.0
  MONTH TO DATE    0.0
  SINCE DEC 1      0.0
  SINCE JUL 1      0.0
  SNOW DEPTH       0

DEGREE DAYS
 HEATING
  TODAY           15                        21     -6       12
  MONTH TO DATE  219                       242    -23      214
  SINCE DEC 1   1353                      1652   -299     1550
  SINCE JUL 1   1694                      2178   -484     2172

 COOLING
  TODAY            0                         0      0        0
  MONTH TO DATE    0                         0      0        0
  SINCE DEC 1      3                         1      2        0
  SINCE JAN 1      0                         1     -1        0
..................................................................


WIND (MPH)
  HIGHEST WIND SPEED    10   HIGHEST WIND DIRECTION    SE (120)
  HIGHEST GUST SPEED    14   HIGHEST GUST DIRECTION     E (70)
  AVERAGE WIND SPEED     1.8


SKY COVER
  POSSIBLE SUNSHINE  MM
  AVERAGE SKY COVER 0.0


WEATHER CONDITIONS
 THE FOLLOWING WEATHER WAS RECORDED TODAY.
  FOG
  HAZE


RELATIVE HUMIDITY (PERCENT)
 HIGHEST   100           400 AM
 LOWEST     31           300 PM
 AVERAGE    66

..........................................................


THE DE QUEEN CLIMATE NORMALS FOR TOMORROW
                         NORMAL    RECORD    YEAR
 MAXIMUM TEMPERATURE (F)   58        84      1962
 MINIMUM TEMPERATURE (F)   31         6      1981


SUNRISE AND SUNSET
FEBRUARY 11 2016......SUNRISE   707 AM CST   SUNSET   557 PM CST
FEBRUARY 12 2016......SUNRISE   706 AM CST   SUNSET   558 PM CST


-  INDICATES NEGATIVE NUMBERS.
R  INDICATES RECORD WAS SET OR TIED.
MM INDICATES DATA IS MISSING.
T  INDICATES TRACE AMOUNT.




$$
