000
CDUS44 KSHV 240742
CLIDEQ


CLIMATE REPORT
NATIONAL WEATHER SERVICE SHREVEPORT, LA
240 AM CDT SAT JUN 24 2017


...................................

...THE DE QUEEN CLIMATE SUMMARY FOR JUNE 23 2017...

CLIMATE NORMAL PERIOD 1981 TO 2010
CLIMATE RECORD PERIOD 1902 TO 2017


WEATHER ITEM   OBSERVED TIME   RECORD YEAR NORMAL DEPARTURE LAST
                VALUE   (LST)  VALUE       VALUE  FROM      YEAR
                                                  NORMAL
..................................................................
TEMPERATURE (F)
 YESTERDAY
  MAXIMUM         95    331 PM 100    2009  90      5       92
  MINIMUM         72    549 AM  54    1902  68      4       74
  AVERAGE         84                        79      5       83

PRECIPITATION (IN)
  YESTERDAY        0.09          1.80 1991   0.16  -0.07     0.00
  MONTH TO DATE    1.75                      3.52  -1.77     3.78
  SINCE DEC 1     24.21                     29.01  -4.80    32.63
  SINCE JAN 1     21.50                     24.65  -3.15    22.35

SNOWFALL (IN)
  YESTERDAY        0.0
  MONTH TO DATE    0.0
  SINCE JUN 1      0.0
  SINCE JUL 1      0.3
  SNOW DEPTH       0

DEGREE DAYS
 HEATING
  YESTERDAY        0                         0      0        0
  MONTH TO DATE    0                         0      0        0
  SINCE JUN 1      0                         0      0        0
  SINCE JUL 1   2101                      3042   -941     2322

 COOLING
  YESTERDAY       19                        14      5       18
  MONTH TO DATE  296                       272     24      322
  SINCE JUN 1    296                       272     24      322
  SINCE JAN 1    576                       489     87      519
..................................................................


WIND (MPH)
  HIGHEST WIND SPEED    18   HIGHEST WIND DIRECTION     W (280)
  HIGHEST GUST SPEED    30   HIGHEST GUST DIRECTION     W (290)
  AVERAGE WIND SPEED     3.4


SKY COVER
  POSSIBLE SUNSHINE  MM
  AVERAGE SKY COVER 0.2


WEATHER CONDITIONS
 THE FOLLOWING WEATHER WAS RECORDED YESTERDAY.
  THUNDERSTORM
  HEAVY RAIN
  LIGHT RAIN
  FOG


RELATIVE HUMIDITY (PERCENT)
 HIGHEST   100          1200 AM
 LOWEST     56           200 PM
 AVERAGE    78

..........................................................


THE DE QUEEN CLIMATE NORMALS FOR TODAY
                         NORMAL    RECORD    YEAR
 MAXIMUM TEMPERATURE (F)   90       101      1988
 MINIMUM TEMPERATURE (F)   69        55      1974


SUNRISE AND SUNSET
JUNE 24 2017..........SUNRISE   607 AM CDT   SUNSET   833 PM CDT
JUNE 25 2017..........SUNRISE   608 AM CDT   SUNSET   833 PM CDT


-  INDICATES NEGATIVE NUMBERS.
R  INDICATES RECORD WAS SET OR TIED.
MM INDICATES DATA IS MISSING.
T  INDICATES TRACE AMOUNT.




$$
