000
CDUS44 KSHV 010839
CLIDEQ


CLIMATE REPORT
NATIONAL WEATHER SERVICE SHREVEPORT, LA
238 AM CST SUN FEB 1 2015


...................................

...THE DE QUEEN CLIMATE SUMMARY FOR JANUARY 31 2015...

CLIMATE NORMAL PERIOD 1981 TO 2010
CLIMATE RECORD PERIOD 1902 TO 2015


WEATHER ITEM   OBSERVED TIME   RECORD YEAR NORMAL DEPARTURE LAST
                VALUE   (LST)  VALUE       VALUE  FROM      YEAR
                                                  NORMAL
..................................................................
TEMPERATURE (F)
 YESTERDAY
  MAXIMUM         53    302 PM  78    2002  55     -2       61
  MINIMUM         40    828 AM   7    1977  29     11       45
  AVERAGE         47                        42      5       53

PRECIPITATION (IN)
  YESTERDAY        T             2.11 1975   0.11  -0.11     0.00
  MONTH TO DATE    5.08                      3.32   1.76     0.92
  SINCE DEC 1      6.80                      7.68  -0.88     2.85
  SINCE JAN 1      5.08                      3.32   1.76     0.92

SNOWFALL (IN)
  YESTERDAY        0.0
  MONTH TO DATE    T
  SINCE DEC 1      T
  SINCE JUL 1      0.5
  SNOW DEPTH       0

DEGREE DAYS
 HEATING
  YESTERDAY       18                        23     -5       12
  MONTH TO DATE  737                       730      7      828
  SINCE DEC 1   1336                      1410    -74     1528
  SINCE JUL 1   1958                      1936     22     2141

 COOLING
  YESTERDAY        0                         0      0        0
  MONTH TO DATE    0                         1     -1        0
  SINCE DEC 1      0                         1     -1        3
  SINCE JAN 1      0                         1     -1        0
..................................................................


WIND (MPH)
  HIGHEST WIND SPEED    14   HIGHEST WIND DIRECTION    SE (120)
  HIGHEST GUST SPEED    18   HIGHEST GUST DIRECTION     E (110)
  AVERAGE WIND SPEED     6.8


SKY COVER
  POSSIBLE SUNSHINE  MM
  AVERAGE SKY COVER 0.6


WEATHER CONDITIONS
 THE FOLLOWING WEATHER WAS RECORDED YESTERDAY.
  NO SIGNIFICANT WEATHER WAS OBSERVED.


RELATIVE HUMIDITY (PERCENT)
 HIGHEST    70           800 AM
 LOWEST     41           300 PM
 AVERAGE    56

..........................................................


THE DE QUEEN CLIMATE NORMALS FOR TODAY
                         NORMAL    RECORD    YEAR
 MAXIMUM TEMPERATURE (F)   55        78      1962
 MINIMUM TEMPERATURE (F)   29         6      1951


SUNRISE AND SUNSET
FEBRUARY  1 2015......SUNRISE   715 AM CST   SUNSET   548 PM CST
FEBRUARY  2 2015......SUNRISE   714 AM CST   SUNSET   549 PM CST


-  INDICATES NEGATIVE NUMBERS.
R  INDICATES RECORD WAS SET OR TIED.
MM INDICATES DATA IS MISSING.
T  INDICATES TRACE AMOUNT.




$$
